{"id":28,"date":"2022-11-08T12:28:50","date_gmt":"2022-11-08T15:28:50","guid":{"rendered":"https:\/\/eventos.cmm.uchile.cl\/allaire2022\/?page_id=28"},"modified":"2025-10-11T01:36:43","modified_gmt":"2025-10-11T04:36:43","slug":"programa","status":"publish","type":"page","link":"https:\/\/eventos.cmm.uchile.cl\/3simposioedpytn\/programa\/","title":{"rendered":"Programa"},"content":{"rendered":"<h2 style=\"text-align: left\"><span style=\"color: #800080\"><strong>Programa<\/strong><\/span><\/h2>\n<p style=\"text-align: center\"><div class=\"su-row\"><\/div>\n<table style=\"border-collapse: collapse;text-align: center;width: 100%\" border=\"1\" cellspacing=\"0\" cellpadding=\"5\">\n<thead>\n<tr style=\"background-color: #9370db;font-weight: bold\">\n<td style=\"text-align: center\"><strong>Hour<\/strong><\/td>\n<td style=\"text-align: center\"><strong>Monday<\/strong><\/td>\n<td style=\"text-align: center\">\u00a0<strong>Tuesday<\/strong><\/td>\n<td style=\"text-align: center\"><strong>Wednesday<\/strong><\/td>\n<td style=\"text-align: center\"><strong>Thursday<\/strong><\/td>\n<\/tr>\n<\/thead>\n<tbody>\n<tr>\n<td style=\"text-align: center\">9:00-10:00<\/td>\n<td style=\"text-align: center\"><span data-huuid=\"11614651369278612229\">F. Gon\u00e7alves<\/span><\/td>\n<td style=\"text-align: center\">M. Espinoza<\/td>\n<td style=\"text-align: center\"><span data-huuid=\"11614651369278612229\">F. Gon\u00e7alves<\/span><\/td>\n<td style=\"text-align: center\">M. Espinoza<\/td>\n<\/tr>\n<tr style=\"background-color: #9370db;font-weight: bold\">\n<td style=\"text-align: center\" colspan=\"5\"><strong>Coffee Break<\/strong><\/td>\n<\/tr>\n<tr>\n<td style=\"text-align: center\">10:30-11:30<\/td>\n<td style=\"text-align: center\">A. Dobner<\/td>\n<td style=\"text-align: center\"><span data-huuid=\"11614651369278612229\">F. Gon\u00e7alves<\/span><\/td>\n<td style=\"text-align: center\">M. Espinoza<\/td>\n<td style=\"background-color: teal;text-align: center\"><strong>Posters<\/strong><\/td>\n<\/tr>\n<tr>\n<td style=\"text-align: center\">11:30-12:30<\/td>\n<td style=\"text-align: center\">J. Bober<\/td>\n<td style=\"text-align: center\">C. Gonz\u00e1lez-Riquelme<\/td>\n<td style=\"text-align: center\">E. Carneiro<\/td>\n<td style=\"text-align: center\">L. Lomel\u00ed<\/td>\n<\/tr>\n<tr style=\"background-color: #9370db;font-weight: bold\">\n<td style=\"text-align: center\" colspan=\"5\"><strong>Lunch<\/strong><\/td>\n<\/tr>\n<tr>\n<td style=\"text-align: center\">2:30-3:30<\/td>\n<td style=\"text-align: center\">J. Van Order<\/td>\n<td style=\"text-align: center\">O. Klurman<\/td>\n<td style=\"text-align: center\">H. Van Den Bosch<\/td>\n<td style=\"background-color: teal;text-align: center\"><strong>Libre<\/strong><\/td>\n<\/tr>\n<tr style=\"background-color: #9370db;font-weight: bold\">\n<td style=\"text-align: center\" colspan=\"5\"><strong>Coffee Break<\/strong><\/td>\n<\/tr>\n<tr>\n<td style=\"text-align: center\">4:00-5:00<\/td>\n<td style=\"text-align: center\">A. Chirre<\/td>\n<td style=\"text-align: center\">J. Van Diejen<\/td>\n<td style=\"text-align: center\">N. Valenzuela<\/td>\n<td style=\"background-color: teal;text-align: center\"><strong>Libre<\/strong><\/td>\n<\/tr>\n<tr>\n<td style=\"text-align: center\">7:30<\/td>\n<td style=\"text-align: center\"><\/td>\n<td style=\"text-align: center\"><\/td>\n<td style=\"background-color: teal;text-align: center\"><strong>Event Dinner<\/strong><\/td>\n<td><\/td>\n<\/tr>\n<\/tbody>\n<\/table>\n<p>&nbsp;<\/p>\n<div class=\"su-button-center\"><a href=\"https:\/\/eventos.cmm.uchile.cl\/3simposioedpytn\/wp-content\/uploads\/sites\/218\/2025\/10\/Copia_IIIS_EDPsyTN.pdf\" class=\"su-button su-button-style-flat\" style=\"color:#FFFFFF;background-color:#27234F;border-color:#201c40;border-radius:9px\" target=\"_self\"><span style=\"color:#FFFFFF;padding:8px 24px;font-size:18px;line-height:27px;border-color:#686584;border-radius:9px;text-shadow:none\"><i class=\"sui sui-wpforms\" style=\"font-size:18px;color:#FFFFFF\"><\/i> Book of Abstracts<\/span><\/a><\/div>\n<p>&nbsp;<\/p>\n<p>&nbsp; <\/p>\n<div class=\"contain-inline-size rounded-2xl relative bg-token-sidebar-surface-primary\"><\/div>\n<h2><\/h2>\n<h2 style=\"text-align: left\"><span style=\"color: #800080\"><strong>Cursillos<\/strong><\/span><\/h2>\n<h3 style=\"text-align: left\"><strong>Milton Espinoza \u2013 Universidad de La Serena<\/strong><\/h3>\n<h4 style=\"text-align: left\"><strong><img loading=\"lazy\" decoding=\"async\" class=\"speaker alignleft wp-image-327 size-full\" src=\"https:\/\/eventos.cmm.uchile.cl\/3simposioedpytn\/wp-content\/uploads\/sites\/218\/2025\/10\/espinoza_01.jpg\" alt=\"\" width=\"200\" height=\"200\" srcset=\"https:\/\/eventos.cmm.uchile.cl\/3simposioedpytn\/wp-content\/uploads\/sites\/218\/2025\/10\/espinoza_01.jpg 200w, https:\/\/eventos.cmm.uchile.cl\/3simposioedpytn\/wp-content\/uploads\/sites\/218\/2025\/10\/espinoza_01-150x150.jpg 150w\" sizes=\"auto, (max-width: 200px) 100vw, 200px\" \/>Special values of generalized Dirichlet L-functions<\/strong><\/h4>\n<p class=\"p1\">This course aims to introduce avatars of Dirichlet\u2019s L functions in higher dimensions, in addition to describing a method to explicitly calculate their special values in non-positive integers (and also positive when the respective functional equation allows it). A delicate interaction of ideas of an <span class=\"s1\">algebraic, analytical, geometric and topological nature is necessary to address the multiplicity of <\/span>dimensions. The epiphany took place in the late 1970\u2019s and we owe it to the Japanese mathematician <span class=\"s2\">Takuro Shintani, who finally discovered how to generalize the first Riemann demonstration of the <\/span>analytical continuation of the zeta function to certain Dirichlet series of several variables. The main <span class=\"s1\">results that we will use from number theory will be presented throughout the course.<\/span><\/p>\n<div class=\"su-divider su-divider-style-default\" style=\"margin:15px 0;border-width:2px;border-color:#e63312\"><a href=\"#\" style=\"color:#999999\">Ir arriba<\/a><\/div>\n<h3 style=\"text-align: left\"><strong>Felipe Gon\u00e7alves \u2013 IMPA \/ University of Texas at Austin<\/strong><\/h3>\n<h4 style=\"text-align: left\"><strong><img loading=\"lazy\" decoding=\"async\" class=\"speaker alignleft wp-image-328 size-full\" src=\"https:\/\/eventos.cmm.uchile.cl\/3simposioedpytn\/wp-content\/uploads\/sites\/218\/2025\/10\/goncalves_01.jpg\" alt=\"\" width=\"200\" height=\"200\" srcset=\"https:\/\/eventos.cmm.uchile.cl\/3simposioedpytn\/wp-content\/uploads\/sites\/218\/2025\/10\/goncalves_01.jpg 200w, https:\/\/eventos.cmm.uchile.cl\/3simposioedpytn\/wp-content\/uploads\/sites\/218\/2025\/10\/goncalves_01-150x150.jpg 150w\" sizes=\"auto, (max-width: 200px) 100vw, 200px\" \/><\/strong><strong>Montgomery's Pair-Correlation Conjecture<\/strong><\/h4>\n<p>In this series of lectures we will try to provide, as much as possible, all the necessary background to understand Montgomery's Pair-Correlation Conjecture about the zeros of the zeta-function and its relations of random matrix models.<\/p>\n<p>In the end, we will try to present recent advancements in this topic related to certain optimization problems.<\/p>\n<div class=\"su-divider su-divider-style-default\" style=\"margin:15px 0;border-width:2px;border-color:#e63312\"><a href=\"#\" style=\"color:#999999\">Ir arriba<\/a><\/div>\n<h2 style=\"text-align: left\"><span style=\"color: #993366\"><strong>Expositores<\/strong><\/span><\/h2>\n<h3 style=\"text-align: left\"><strong>Jonathan Bober \u2013 University of Bristol<\/strong><\/h3>\n<h4 style=\"text-align: left\"><strong><img loading=\"lazy\" decoding=\"async\" class=\"speaker alignleft wp-image-323 size-full\" src=\"https:\/\/eventos.cmm.uchile.cl\/3simposioedpytn\/wp-content\/uploads\/sites\/218\/2025\/10\/bober_01.jpg\" alt=\"\" width=\"200\" height=\"200\" srcset=\"https:\/\/eventos.cmm.uchile.cl\/3simposioedpytn\/wp-content\/uploads\/sites\/218\/2025\/10\/bober_01.jpg 200w, https:\/\/eventos.cmm.uchile.cl\/3simposioedpytn\/wp-content\/uploads\/sites\/218\/2025\/10\/bober_01-150x150.jpg 150w\" sizes=\"auto, (max-width: 200px) 100vw, 200px\" \/>Mixed character sums and extremal properties of Littlewood polynomials<\/strong><\/h4>\n<p>I will discuss questions and results about the distribution of sums of Dirichlet characters times the exponential function. Studying these questions for quadratic characters leads to new record constructions of polynomials with +\/- 1 coefficients and large Mahler measure. This is joint work with Oleksiy Klurman and Besfort Shala.<\/p>\n<p style=\"text-align: left\"><div class=\"su-divider su-divider-style-default\" style=\"margin:15px 0;border-width:2px;border-color:#e63312\"><a href=\"#\" style=\"color:#999999\">Ir arriba<\/a><\/div>\n<h3 style=\"text-align: left\"><strong>Emanuel Carneiro \u2013 The Abdus Salam International Centre for Theoretical Physics<\/strong><\/h3>\n<h4 style=\"text-align: left\"><strong><img loading=\"lazy\" decoding=\"async\" class=\"speaker alignleft wp-image-324 size-full\" src=\"https:\/\/eventos.cmm.uchile.cl\/3simposioedpytn\/wp-content\/uploads\/sites\/218\/2025\/10\/carneiro_01.jpg\" alt=\"\" width=\"200\" height=\"200\" srcset=\"https:\/\/eventos.cmm.uchile.cl\/3simposioedpytn\/wp-content\/uploads\/sites\/218\/2025\/10\/carneiro_01.jpg 200w, https:\/\/eventos.cmm.uchile.cl\/3simposioedpytn\/wp-content\/uploads\/sites\/218\/2025\/10\/carneiro_01-150x150.jpg 150w\" sizes=\"auto, (max-width: 200px) 100vw, 200px\" \/>Fractional derivatives and the equidistribution of Galois orbits<\/strong><\/h4>\n<p>In this talk I will discuss effective versions of the celebrated Bilu's equidistribution theorem for Galois orbits of sequences of points of small height, identifying the qualitative dependence of the convergence in terms of the regularity of the test functions considered. I will present a general Fourier analysis framework that extends previous results in the literature. This is based in a joint work with Mithun Das (ICTP).<\/p>\n<div class=\"su-divider su-divider-style-default\" style=\"margin:15px 0;border-width:2px;border-color:#e63312\"><a href=\"#\" style=\"color:#999999\">Ir arriba<\/a><\/div>\n<h3 style=\"text-align: left\"><strong>Andr\u00e9s Chirre \u2013 Pontificia Universidad Cat\u00f3lica del Per\u00fa<\/strong><\/h3>\n<h4 style=\"text-align: left\"><strong><b><img loading=\"lazy\" decoding=\"async\" class=\"speaker alignleft wp-image-325 size-full\" src=\"https:\/\/eventos.cmm.uchile.cl\/3simposioedpytn\/wp-content\/uploads\/sites\/218\/2025\/10\/chirre_01.jpg\" alt=\"\" width=\"200\" height=\"200\" srcset=\"https:\/\/eventos.cmm.uchile.cl\/3simposioedpytn\/wp-content\/uploads\/sites\/218\/2025\/10\/chirre_01.jpg 200w, https:\/\/eventos.cmm.uchile.cl\/3simposioedpytn\/wp-content\/uploads\/sites\/218\/2025\/10\/chirre_01-150x150.jpg 150w\" sizes=\"auto, (max-width: 200px) 100vw, 200px\" \/>Bounds for the partial sums<span style=\"color: #000000\"> of the M\u00f6bius\u00a0functio<\/span>n and extremal functions<\/b><\/strong><\/h4>\n<p>One of my favorite quotations in Mathematics is from Titchmarsh, who remarked: \"<em>The finer theory of the partial sums of the M\u00f6bius function is extremely obscure, and the results are not nearly so precise as the corresponding ones in the prime number problem.<\/em>\"<i> <\/i>In this talk, we will show how certain extremal functions in Fourier analysis can be employed to obtain good bounds for the partial sums of the M\u00f6bius function.<\/p>\n<div class=\"su-divider su-divider-style-default\" style=\"margin:15px 0;border-width:2px;border-color:#e63312\"><a href=\"#\" style=\"color:#999999\">Ir arriba<\/a><\/div>\n<h3 style=\"text-align: left\"><strong>Alexander Dobner \u2013 University of Michigan<\/strong><\/h3>\n<h4 style=\"text-align: left\"><b><img loading=\"lazy\" decoding=\"async\" class=\"speaker alignleft wp-image-326 size-full\" src=\"https:\/\/eventos.cmm.uchile.cl\/3simposioedpytn\/wp-content\/uploads\/sites\/218\/2025\/10\/dobner_01.jpg\" alt=\"\" width=\"200\" height=\"200\" srcset=\"https:\/\/eventos.cmm.uchile.cl\/3simposioedpytn\/wp-content\/uploads\/sites\/218\/2025\/10\/dobner_01.jpg 200w, https:\/\/eventos.cmm.uchile.cl\/3simposioedpytn\/wp-content\/uploads\/sites\/218\/2025\/10\/dobner_01-150x150.jpg 150w\" sizes=\"auto, (max-width: 200px) 100vw, 200px\" \/>Alternative random models of the zeros of the Riemann zeta function<\/b><\/h4>\n<p class=\"p1\" style=\"text-align: left\">There is a great deal of numerical evidence suggesting that the zeros of the Riemann zeta function \"look like\" the eigenvalues of a random unitary matrix. This empirical connection between number theory and random matrix theory has enabled number theorists to make precise conjectures about <span class=\"s1\">the Riemann zeta function. However, there is still a large gap between what has been conjectured <\/span>and what is known rigorously. To test the limitations of our current knowledge, it is interesting to ask whether there are other random models of the zeta zeros that are consistent with what is <span class=\"s1\">known rigorously. One such model called ACUE was recently proposed by Tao and independently <\/span><span class=\"s2\">by Lagarias and Rodgers. I will discuss this strange \u2019alternative\u2019 model of the zeta zeros, and give <\/span><span class=\"s2\">some new results about it.<\/span><\/p>\n<div class=\"su-divider su-divider-style-default\" style=\"margin:15px 0;border-width:2px;border-color:#e63312\"><a href=\"#\" style=\"color:#999999\">Ir arriba<\/a><\/div>\n<h3 style=\"text-align: left\"><strong>Cristian Gonz\u00e1lez-Riquelme \u2013 Centro de Recerca Matem\u00e1tica<\/strong><\/h3>\n<h4><strong><img loading=\"lazy\" decoding=\"async\" class=\"speaker alignleft wp-image-329 size-full\" src=\"https:\/\/eventos.cmm.uchile.cl\/3simposioedpytn\/wp-content\/uploads\/sites\/218\/2025\/10\/gonzalez_riquelme_01.jpg\" alt=\"\" width=\"200\" height=\"200\" srcset=\"https:\/\/eventos.cmm.uchile.cl\/3simposioedpytn\/wp-content\/uploads\/sites\/218\/2025\/10\/gonzalez_riquelme_01.jpg 200w, https:\/\/eventos.cmm.uchile.cl\/3simposioedpytn\/wp-content\/uploads\/sites\/218\/2025\/10\/gonzalez_riquelme_01-150x150.jpg 150w\" sizes=\"auto, (max-width: 200px) 100vw, 200px\" \/>Maximizers of extension inequalities for quadratic surfaces in finite fields<\/strong><\/h4>\n<p>Strichartz estimates are important inequalities in PDEs. There is a correspondence between them and Fourier extension inequalities for quadratic manifolds. On the other hand, since the work of Mockenhaupt and Tao, much effort has been made in order to establish the finite field analogues for these Fourier extension inequalities. In this case, the arithmetic structure of these spaces plays a major role. In this talk, we present optimal versions of these inequalities in this setup. This is based on joint works with Diogo Oliveira e Silva and Tolibjon Ismoilov.<\/p>\n<div class=\"su-divider su-divider-style-default\" style=\"margin:15px 0;border-width:2px;border-color:#e63312\"><a href=\"#\" style=\"color:#999999\">Ir arriba<\/a><\/div>\n<h3 style=\"text-align: left\"><strong>Oleksiy Klurman \u2013 University of Bristol<\/strong><\/h3>\n<h4 style=\"text-align: left\"><strong><img loading=\"lazy\" decoding=\"async\" class=\"speaker alignleft wp-image-330 size-full\" src=\"https:\/\/eventos.cmm.uchile.cl\/3simposioedpytn\/wp-content\/uploads\/sites\/218\/2025\/10\/klurman_01.jpg\" alt=\"\" width=\"200\" height=\"200\" srcset=\"https:\/\/eventos.cmm.uchile.cl\/3simposioedpytn\/wp-content\/uploads\/sites\/218\/2025\/10\/klurman_01.jpg 200w, https:\/\/eventos.cmm.uchile.cl\/3simposioedpytn\/wp-content\/uploads\/sites\/218\/2025\/10\/klurman_01-150x150.jpg 150w\" sizes=\"auto, (max-width: 200px) 100vw, 200px\" \/>Counting sign changes<\/strong><\/h4>\n<p style=\"text-align: left\">The aim of this talk is to discuss a simple way producing sign changes of weighted multiplicative sums. We illustrate its applicability by studying the number of sign changes of partial sums of \"typical\" real Dirichlet characters and random multiplicative functions, uncovering some surprising phenomena.<\/p>\n<p>&nbsp;<\/p>\n<div class=\"su-divider su-divider-style-default\" style=\"margin:15px 0;border-width:2px;border-color:#e63312\"><a href=\"#\" style=\"color:#999999\">Ir arriba<\/a><\/div>\n<h3 style=\"text-align: left\"><strong>Nicol\u00e1s Valenzuela \u2013 Universidad de Chile<\/strong><\/h3>\n<h4 style=\"text-align: left\"><b><img loading=\"lazy\" decoding=\"async\" class=\"speaker alignleft wp-image-331 size-full\" src=\"https:\/\/eventos.cmm.uchile.cl\/3simposioedpytn\/wp-content\/uploads\/sites\/218\/2025\/10\/valenzuela_01.jpg\" alt=\"\" width=\"200\" height=\"200\" srcset=\"https:\/\/eventos.cmm.uchile.cl\/3simposioedpytn\/wp-content\/uploads\/sites\/218\/2025\/10\/valenzuela_01.jpg 200w, https:\/\/eventos.cmm.uchile.cl\/3simposioedpytn\/wp-content\/uploads\/sites\/218\/2025\/10\/valenzuela_01-150x150.jpg 150w\" sizes=\"auto, (max-width: 200px) 100vw, 200px\" \/>An Introduction to Physics Informed Neural Networks and Their Application to <\/b><b>Nonlinear Dispersive Equations<\/b><\/h4>\n<p class=\"p1\">In recent years, Deep Learning (DL) techniques have emerged as powerful tools for approximating solutions to certain partial di\ufb00erential equations (PDEs). Most applications to date focus on bounded domains, due the capability of traditional numerical methods. In this talk, we introduce a novel approach that combines Physics Informed Neural Networks (PINNs) -a recently developed DL framework- with stability theory to approximate solutions of nonlinear dispersive equations <span class=\"s1\">posed on unbounded domains. We specifically explore the e\ufb00ectiveness of PINNs in addressing <\/span><span class=\"s2\">the nonlinear Schr\u00f6dinger and generalized Korteweg-de Vries (gKdV) equations, highlighting how <\/span><span class=\"s3\">this method can be employed in the absence of boundary conditions.<\/span><\/p>\n<div class=\"su-divider su-divider-style-default\" style=\"margin:15px 0;border-width:2px;border-color:#e63312\"><a href=\"#\" style=\"color:#999999\">Ir arriba<\/a><\/div>\n<h3 style=\"text-align: left\"><strong>Hanne Van Den Bosch \u2013 Universidad de Chile<\/strong><\/h3>\n<h4 style=\"text-align: left\"><strong><img loading=\"lazy\" decoding=\"async\" class=\"speaker alignleft wp-image-332 size-full\" src=\"https:\/\/eventos.cmm.uchile.cl\/3simposioedpytn\/wp-content\/uploads\/sites\/218\/2025\/10\/van_den_bosch_01.jpg\" alt=\"\" width=\"200\" height=\"200\" srcset=\"https:\/\/eventos.cmm.uchile.cl\/3simposioedpytn\/wp-content\/uploads\/sites\/218\/2025\/10\/van_den_bosch_01.jpg 200w, https:\/\/eventos.cmm.uchile.cl\/3simposioedpytn\/wp-content\/uploads\/sites\/218\/2025\/10\/van_den_bosch_01-150x150.jpg 150w\" sizes=\"auto, (max-width: 200px) 100vw, 200px\" \/>Spectral flow methods for edge states at soft walls<\/strong><\/h4>\n<p>The goal of this work is to understand the appearance of edge states in models from solid state physics. I will give a general introduction to the concept of spectral flow and its properties that allow us to estimate when these edge modes appear.<br \/>\nThe talk is based on joint work with David Gontier.<\/p>\n<div class=\"su-divider su-divider-style-default\" style=\"margin:15px 0;border-width:2px;border-color:#e63312\"><a href=\"#\" style=\"color:#999999\">Ir arriba<\/a><\/div>\n<h3 style=\"text-align: left\"><strong>Jan Felipe van Diejen \u2013 Universidad de Talca<\/strong><\/h3>\n<h4 style=\"text-align: left\"><b><img loading=\"lazy\" decoding=\"async\" class=\"speaker alignleft wp-image-333 size-full\" src=\"https:\/\/eventos.cmm.uchile.cl\/3simposioedpytn\/wp-content\/uploads\/sites\/218\/2025\/10\/van_diejen_01.jpg\" alt=\"\" width=\"200\" height=\"200\" srcset=\"https:\/\/eventos.cmm.uchile.cl\/3simposioedpytn\/wp-content\/uploads\/sites\/218\/2025\/10\/van_diejen_01.jpg 200w, https:\/\/eventos.cmm.uchile.cl\/3simposioedpytn\/wp-content\/uploads\/sites\/218\/2025\/10\/van_diejen_01-150x150.jpg 150w\" sizes=\"auto, (max-width: 200px) 100vw, 200px\" \/>Elementary hypergeometric functions, the dynamics of zeros, and KdV solitons<\/b><\/h4>\n<p class=\"p1\">It is well-known that the one-dimensional stationary Schr\u00f6dinger equation with a P\u00f6schl-Teller potential can be solved exactly by means of Gauss\u2019 hypergeometric series. For special values of the coupling constants such that the potential becomes reflectioness, this hypergeometric series factorizes essentially in terms of a plane wave and a polynomial in the spectral parameter. We point out that the positions of the zeros of this polynomial satisfy an integrable Hamiltonian system of di\ufb00erential equations in the spatial variable. Integration of the pertinent Hamiltonian dynamics gives rise to detailed insight into the zeros of the reflectionless hypergeometric series. Moreover, the P\u00f6schl-Teller potential can be reconstructed from the positions of the zeros in question. By acting with a time-flow generated by a second integral of the Hamiltonian system for the zeros, the <span class=\"s1\">KdV solitons are recovered.<\/span><\/p>\n<div class=\"su-divider su-divider-style-default\" style=\"margin:15px 0;border-width:2px;border-color:#e63312\"><a href=\"#\" style=\"color:#999999\">Ir arriba<\/a><\/div>\n<h3><strong>Jeanine Van Order \u2013 Pontif\u00edcia Universidade Cat\u00f3lica do Rio de Janeiro<\/strong><\/h3>\n<h4><strong><img loading=\"lazy\" decoding=\"async\" class=\"speaker alignleft wp-image-334 size-full\" src=\"https:\/\/eventos.cmm.uchile.cl\/3simposioedpytn\/wp-content\/uploads\/sites\/218\/2025\/10\/van_order_01.jpg\" alt=\"\" width=\"200\" height=\"200\" srcset=\"https:\/\/eventos.cmm.uchile.cl\/3simposioedpytn\/wp-content\/uploads\/sites\/218\/2025\/10\/van_order_01.jpg 200w, https:\/\/eventos.cmm.uchile.cl\/3simposioedpytn\/wp-content\/uploads\/sites\/218\/2025\/10\/van_order_01-150x150.jpg 150w\" sizes=\"auto, (max-width: 200px) 100vw, 200px\" \/>New approaches to the shifted convolution problem for GL(n)<\/strong><\/h4>\n<p>I will survey the shifted convolution problem for GL(n) L-function coefficients, then describe an approach showing the analytic continuation of the underlying Dirichlet series using variation of vectors in Kirillov models.<br \/>\nThis is based on work in progress with Dorian Goldfeld.<\/p>\n<p>&nbsp;<\/p>\n<div class=\"su-divider su-divider-style-default\" style=\"margin:15px 0;border-width:2px;border-color:#e63312\"><a href=\"#\" style=\"color:#999999\">Ir arriba<\/a><\/div>\n<h3 style=\"text-align: left\"><strong>Luis Lomel\u00ed \u2013 Pontificia Universidad Cat\u00f3lica de Valpara\u00edso\u00a0<\/strong><\/h3>\n<h4><strong><img loading=\"lazy\" decoding=\"async\" class=\"speaker alignleft wp-image-335 size-full\" src=\"https:\/\/eventos.cmm.uchile.cl\/3simposioedpytn\/wp-content\/uploads\/sites\/218\/2025\/10\/lomeli_01.jpg\" alt=\"\" width=\"200\" height=\"200\" srcset=\"https:\/\/eventos.cmm.uchile.cl\/3simposioedpytn\/wp-content\/uploads\/sites\/218\/2025\/10\/lomeli_01.jpg 200w, https:\/\/eventos.cmm.uchile.cl\/3simposioedpytn\/wp-content\/uploads\/sites\/218\/2025\/10\/lomeli_01-150x150.jpg 150w\" sizes=\"auto, (max-width: 200px) 100vw, 200px\" \/>Automorphic L-functions and Ramanujan Conjecture<\/strong><\/h4>\n<p>The Langlands Program ecompasses general reciprocity laws and the principle of functoriality that interconnect several areas of mathematics, including Number Theory, Representation Theory and Geometry. Our approach is via L-functions associated to automorphic representations of a group of Lie type over a global field. We will discuss the axioms of a theory of L-functions and a holomorphy property for cuspidal representations. We will then approach Langlands functoriality and the Ramanujan Conjecture, having in mind the example of groups of classical kind. In particular, the Ramanujan Conjecture can be reduced to the general linear group via functoriality. Note that in the particular case of a global function field, thanks to the work of Laurent Lafforgue, this is a known result for GL(n). We will say a few words about the general progress around these important problems of current mathematical research.<\/p>\n<div class=\"su-divider su-divider-style-default\" style=\"margin:15px 0;border-width:2px;border-color:#e63312\"><a href=\"#\" style=\"color:#999999\">Ir arriba<\/a><\/div>\n","protected":false},"excerpt":{"rendered":"<p>Programa Hour Monday \u00a0Tuesday Wednesday Thursday 9:00-10:00 F. Gon\u00e7alves M. Espinoza F. Gon\u00e7alves M. Espinoza Coffee Break 10:30-11:30 A. Dobner F. Gon\u00e7alves M. Espinoza Posters 11:30-12:30 J. Bober C. Gonz\u00e1lez-Riquelme E. Carneiro L. Lomel\u00ed Lunch 2:30-3:30 J. Van Order O. Klurman H. Van Den Bosch Libre Coffee Break 4:00-5:00 A. Chirre J. Van Diejen N. &hellip; <a href=\"https:\/\/eventos.cmm.uchile.cl\/3simposioedpytn\/programa\/\" class=\"more-link\">Seguir leyendo <span class=\"screen-reader-text\">Programa<\/span> <span class=\"meta-nav\">&rarr;<\/span><\/a><\/p>\n","protected":false},"author":2,"featured_media":0,"parent":0,"menu_order":2,"comment_status":"closed","ping_status":"closed","template":"","meta":{"inline_featured_image":false,"footnotes":""},"class_list":["post-28","page","type-page","status-publish","hentry"],"_links":{"self":[{"href":"https:\/\/eventos.cmm.uchile.cl\/3simposioedpytn\/wp-json\/wp\/v2\/pages\/28","targetHints":{"allow":["GET"]}}],"collection":[{"href":"https:\/\/eventos.cmm.uchile.cl\/3simposioedpytn\/wp-json\/wp\/v2\/pages"}],"about":[{"href":"https:\/\/eventos.cmm.uchile.cl\/3simposioedpytn\/wp-json\/wp\/v2\/types\/page"}],"author":[{"embeddable":true,"href":"https:\/\/eventos.cmm.uchile.cl\/3simposioedpytn\/wp-json\/wp\/v2\/users\/2"}],"replies":[{"embeddable":true,"href":"https:\/\/eventos.cmm.uchile.cl\/3simposioedpytn\/wp-json\/wp\/v2\/comments?post=28"}],"version-history":[{"count":118,"href":"https:\/\/eventos.cmm.uchile.cl\/3simposioedpytn\/wp-json\/wp\/v2\/pages\/28\/revisions"}],"predecessor-version":[{"id":375,"href":"https:\/\/eventos.cmm.uchile.cl\/3simposioedpytn\/wp-json\/wp\/v2\/pages\/28\/revisions\/375"}],"wp:attachment":[{"href":"https:\/\/eventos.cmm.uchile.cl\/3simposioedpytn\/wp-json\/wp\/v2\/media?parent=28"}],"curies":[{"name":"wp","href":"https:\/\/api.w.org\/{rel}","templated":true}]}}