{"id":18,"date":"2022-11-08T11:28:27","date_gmt":"2022-11-08T14:28:27","guid":{"rendered":"https:\/\/eventos.cmm.uchile.cl\/allaire2022\/?page_id=18"},"modified":"2023-10-30T10:28:41","modified_gmt":"2023-10-30T13:28:41","slug":"acerca","status":"publish","type":"page","link":"https:\/\/eventos.cmm.uchile.cl\/bertoglio2023\/acerca\/","title":{"rendered":"Acerca"},"content":{"rendered":"<h2>Minicurso<\/h2>\n<p>El minicurso <em>Elementos finitos para la interacci\u00f3n fluido-estructura<\/em> es impartido por el <a href=\"#bertoglio\">prof. Crist\u00f3bal Bertoglio<\/a>.<\/p>\n<p>En este mini-curso, introduciremos el m\u00e9todo de elementos finitos para problemas de interacci\u00f3n fluido estructura. El curso comenzar\u00e1 con un peque\u00f1o recordatorio de elementos finitos para problemas de proyecci\u00f3n de funciones y el\u00edpticos, para pasar r\u00e1pidamente a fluidos y s\u00f3lidos lineales. Para su acoplamiento, revisaremos m\u00e9todos impl\u00edcitos y semi-impl\u00edcitos, y formas de soluci\u00f3n monol\u00edtica y particionada. Hacia el final del curso trataremos el problema de interacci\u00f3n entre fluidos y s\u00f3lidos no-lineales (Navier-Stokes, hiperelasticidad). Las clases ser\u00e1n te\u00f3ricas, con ejemplos num\u00e9ricos durante las clases.<\/p>\n<p>&nbsp;<\/p>\n<h2 id=\"bertoglio\">Prof. Crist\u00f3bal Bertoglio<\/h2>\n<h5>Bernoulli Institute &#8211; U. of Groningen, Pa\u00edses Bajos<\/h5>\n<h2><img loading=\"lazy\" decoding=\"async\" class=\"persona wp-image-114 alignright\" src=\"https:\/\/eventos.cmm.uchile.cl\/bertoglio2023\/wp-content\/uploads\/sites\/173\/2023\/09\/bertoglio.jpg\" alt=\"Crist\u00f3bal Bertoglio\" width=\"200\" height=\"200\" srcset=\"https:\/\/eventos.cmm.uchile.cl\/bertoglio2023\/wp-content\/uploads\/sites\/173\/2023\/09\/bertoglio.jpg 260w, https:\/\/eventos.cmm.uchile.cl\/bertoglio2023\/wp-content\/uploads\/sites\/173\/2023\/09\/bertoglio-150x150.jpg 150w\" sizes=\"auto, (max-width: 200px) 100vw, 200px\" \/><\/h2>\n<p>Crist\u00f3bal Bertoglio es Profesor Asociado en Matem\u00e1ticas Computacionales y de Modelizaci\u00f3n Matem\u00e1tica Basada en Datos en el Instituto Bernoulli de la Universidad de Groninga (Pa\u00edses Bajos).<\/p>\n<p>Su grupo se enfoca en la utilizaci\u00f3n de datos cl\u00ednicos de diferente complejidad para el modelamiento cardiovascular (en particular de fluido-estructura) personalizado al paciente.<\/p>\n<p>M\u00e1s informaci\u00f3n sobre el grupo del Profesor Bertoglio en <a href=\"http:\/\/www.math.rug.nl\/~bertoglio\" target=\"_blank\" rel=\"noopener\">su p\u00e1gina web<\/a>.<\/p>\n<p><strong>Campo\/disciplina:<\/strong> Matem\u00e1ticas, aplicaciones interdisciplinarias; ingenier\u00eda biom\u00e9dica; sistemas cardiacos y cardiovasculares.<\/p>\n","protected":false},"excerpt":{"rendered":"<p>Minicurso El minicurso Elementos finitos para la interacci\u00f3n fluido-estructura es impartido por el prof. Crist\u00f3bal Bertoglio. En este mini-curso, introduciremos el m\u00e9todo de elementos finitos para problemas de interacci\u00f3n fluido estructura. El curso comenzar\u00e1 con un peque\u00f1o recordatorio de elementos finitos para problemas de proyecci\u00f3n de funciones y el\u00edpticos, para pasar r\u00e1pidamente a fluidos y &hellip; <a href=\"https:\/\/eventos.cmm.uchile.cl\/bertoglio2023\/acerca\/\" class=\"more-link\">Seguir leyendo <span class=\"screen-reader-text\">Acerca<\/span> <span class=\"meta-nav\">&rarr;<\/span><\/a><\/p>\n","protected":false},"author":2,"featured_media":0,"parent":0,"menu_order":1,"comment_status":"closed","ping_status":"closed","template":"","meta":{"inline_featured_image":false,"footnotes":""},"class_list":["post-18","page","type-page","status-publish","hentry"],"_links":{"self":[{"href":"https:\/\/eventos.cmm.uchile.cl\/bertoglio2023\/wp-json\/wp\/v2\/pages\/18","targetHints":{"allow":["GET"]}}],"collection":[{"href":"https:\/\/eventos.cmm.uchile.cl\/bertoglio2023\/wp-json\/wp\/v2\/pages"}],"about":[{"href":"https:\/\/eventos.cmm.uchile.cl\/bertoglio2023\/wp-json\/wp\/v2\/types\/page"}],"author":[{"embeddable":true,"href":"https:\/\/eventos.cmm.uchile.cl\/bertoglio2023\/wp-json\/wp\/v2\/users\/2"}],"replies":[{"embeddable":true,"href":"https:\/\/eventos.cmm.uchile.cl\/bertoglio2023\/wp-json\/wp\/v2\/comments?post=18"}],"version-history":[{"count":17,"href":"https:\/\/eventos.cmm.uchile.cl\/bertoglio2023\/wp-json\/wp\/v2\/pages\/18\/revisions"}],"predecessor-version":[{"id":144,"href":"https:\/\/eventos.cmm.uchile.cl\/bertoglio2023\/wp-json\/wp\/v2\/pages\/18\/revisions\/144"}],"wp:attachment":[{"href":"https:\/\/eventos.cmm.uchile.cl\/bertoglio2023\/wp-json\/wp\/v2\/media?parent=18"}],"curies":[{"name":"wp","href":"https:\/\/api.w.org\/{rel}","templated":true}]}}