{"id":10,"date":"2014-08-14T19:29:59","date_gmt":"2014-08-14T23:29:59","guid":{"rendered":"http:\/\/eventos.cmm.uchile.cl\/bionature-agosto2014\/?page_id=10"},"modified":"2015-07-03T15:57:05","modified_gmt":"2015-07-03T18:57:05","slug":"programa","status":"publish","type":"page","link":"https:\/\/eventos.cmm.uchile.cl\/bionature-julio2015\/programa\/","title":{"rendered":"Programa"},"content":{"rendered":"<table style=\"height: 474px\" width=\"555\">\n<tbody>\n<tr>\n<td width=\"75\"><strong>Hora<\/strong><\/td>\n<td width=\"122\"><strong>Expositor<\/strong><\/td>\n<td width=\"89\"><strong>Afiliaci\u00f3n<\/strong><\/td>\n<td width=\"193\"><strong>T\u00edtulo<\/strong><\/td>\n<\/tr>\n<tr>\n<td width=\"75\">14:30 \u2013 14:50<\/td>\n<td width=\"122\"><strong>Andr\u00e9s Donoso<\/strong><\/td>\n<td width=\"89\">INRIA \u2013 Chile<\/td>\n<td width=\"193\">Grupo Bionature. Resultados etapa 1<\/td>\n<\/tr>\n<tr>\n<td width=\"75\">14:50 \u2013 15:10<\/td>\n<td width=\"122\"><strong>Fabio Carrera<\/strong><\/td>\n<td width=\"89\">PUCV-USC<\/td>\n<td width=\"193\">Herramientas basadas en modelado para la gesti\u00f3n de olores<\/td>\n<\/tr>\n<tr>\n<td width=\"75\">15:10 \u2013 15:30<\/td>\n<td width=\"122\"><strong>Juan Carlos Ortega<\/strong><\/td>\n<td width=\"89\">UFRO<\/td>\n<td width=\"193\">Concentraci\u00f3n de agua residual municipal por osmosis directa.<\/td>\n<\/tr>\n<tr>\n<td width=\"75\">15:30 &#8211;\u00a015:50<\/td>\n<td width=\"122\"><strong>Maximiliano Olivares<\/strong><\/td>\n<td width=\"89\">INRIA \u2013 U. de Chile<\/td>\n<td width=\"193\">Herramientas para un desarrollo sostenible de la actividad pesquera y recuperaci\u00f3n de recursos en un estado de sobreexplotaci\u00f3n<\/td>\n<\/tr>\n<tr>\n<td width=\"75\">15:50 &#8211;\u00a016:10<\/td>\n<td width=\"122\"><strong>Pablo Koch<\/strong><\/td>\n<td width=\"89\">U de Chile<\/td>\n<td width=\"193\">C\u00e1lculos de estrategias sustentables para recursos marinos en condiciones de incertidumbre<\/td>\n<\/tr>\n<tr>\n<td width=\"75\">16:10 \u2013 16:40<\/td>\n<td colspan=\"3\" width=\"404\"><strong><strong>Caf\u00e9<\/strong><\/strong><\/td>\n<\/tr>\n<tr>\n<td width=\"75\">16:40 \u2013 17:00<\/td>\n<td width=\"122\"><strong>Gustavo Vargas<\/strong><\/td>\n<td width=\"89\">PUCV<\/td>\n<td width=\"193\">Arranque planta PMB. Aplicaci\u00f3n de control secuencial<\/td>\n<\/tr>\n<tr>\n<td width=\"75\">17:00 \u2013 17:20<\/td>\n<td width=\"122\"><strong>Giannina Giovannini<\/strong><\/td>\n<td width=\"89\">PUCV-UMONS<\/td>\n<td width=\"193\">Derivaci\u00f3n de modelo matem\u00e1tico simplificado a partir del ADM1<\/td>\n<\/tr>\n<tr>\n<td width=\"75\">17:20 \u2013 17:40<\/td>\n<td width=\"122\"><strong>Carlos Mart\u00ednez<\/strong><\/td>\n<td width=\"89\">UFRO<\/td>\n<td width=\"193\">Modelaci\u00f3n de la purificaci\u00f3n de biog\u00e1s mediante microalgas<\/td>\n<\/tr>\n<tr>\n<td width=\"75\">17:40 \u2013 18:15<\/td>\n<td width=\"122\"><strong>Claude Puech <\/strong><\/td>\n<td width=\"89\">INRIA<\/td>\n<td width=\"193\">Propuesta Etapa 2 para Inria Chile<\/td>\n<\/tr>\n<tr>\n<td width=\"75\">18:15<\/td>\n<td colspan=\"3\" width=\"404\"><strong>Cierre<\/strong><\/td>\n<\/tr>\n<\/tbody>\n<\/table>\n<p><strong>\u00a0<\/strong><\/p>\n<p>&nbsp;<\/p>\n","protected":false},"excerpt":{"rendered":"<p>Hora Expositor Afiliaci\u00f3n T\u00edtulo 14:30 \u2013 14:50 Andr\u00e9s Donoso INRIA \u2013 Chile Grupo Bionature. Resultados etapa 1 14:50 \u2013 15:10 Fabio Carrera PUCV-USC Herramientas basadas en modelado para la gesti\u00f3n de olores 15:10 \u2013 15:30 Juan Carlos Ortega UFRO Concentraci\u00f3n de agua residual municipal por osmosis directa. 15:30 &#8211;\u00a015:50 Maximiliano Olivares INRIA \u2013 U. de &hellip; <a href=\"https:\/\/eventos.cmm.uchile.cl\/bionature-julio2015\/programa\/\" class=\"more-link\">Seguir leyendo <span class=\"screen-reader-text\">Programa<\/span> <span class=\"meta-nav\">&rarr;<\/span><\/a><\/p>\n","protected":false},"author":2,"featured_media":0,"parent":0,"menu_order":1,"comment_status":"closed","ping_status":"closed","template":"","meta":{"inline_featured_image":false,"footnotes":""},"class_list":["post-10","page","type-page","status-publish","hentry"],"_links":{"self":[{"href":"https:\/\/eventos.cmm.uchile.cl\/bionature-julio2015\/wp-json\/wp\/v2\/pages\/10","targetHints":{"allow":["GET"]}}],"collection":[{"href":"https:\/\/eventos.cmm.uchile.cl\/bionature-julio2015\/wp-json\/wp\/v2\/pages"}],"about":[{"href":"https:\/\/eventos.cmm.uchile.cl\/bionature-julio2015\/wp-json\/wp\/v2\/types\/page"}],"author":[{"embeddable":true,"href":"https:\/\/eventos.cmm.uchile.cl\/bionature-julio2015\/wp-json\/wp\/v2\/users\/2"}],"replies":[{"embeddable":true,"href":"https:\/\/eventos.cmm.uchile.cl\/bionature-julio2015\/wp-json\/wp\/v2\/comments?post=10"}],"version-history":[{"count":12,"href":"https:\/\/eventos.cmm.uchile.cl\/bionature-julio2015\/wp-json\/wp\/v2\/pages\/10\/revisions"}],"predecessor-version":[{"id":73,"href":"https:\/\/eventos.cmm.uchile.cl\/bionature-julio2015\/wp-json\/wp\/v2\/pages\/10\/revisions\/73"}],"wp:attachment":[{"href":"https:\/\/eventos.cmm.uchile.cl\/bionature-julio2015\/wp-json\/wp\/v2\/media?parent=10"}],"curies":[{"name":"wp","href":"https:\/\/api.w.org\/{rel}","templated":true}]}}