{"id":1168,"date":"2024-08-21T09:30:44","date_gmt":"2024-08-21T13:30:44","guid":{"rendered":"https:\/\/eventos.cmm.uchile.cl\/ceds2024\/?page_id=1168"},"modified":"2024-11-13T09:40:08","modified_gmt":"2024-11-13T12:40:08","slug":"expositores","status":"publish","type":"page","link":"https:\/\/eventos.cmm.uchile.cl\/ceds2024\/expositores\/","title":{"rendered":"Expositores"},"content":{"rendered":"[et_pb_section fb_built=\u00bb1&#8243; _builder_version=\u00bb4.27.0&#8243; _module_preset=\u00bbdefault\u00bb global_colors_info=\u00bb{}\u00bb][et_pb_row _builder_version=\u00bb4.27.0&#8243; _module_preset=\u00bbdefault\u00bb custom_css_free_form=\u00bb.et_pb_member_position{||  margin-bottom: 15px||}\u00bb global_colors_info=\u00bb{}\u00bb][et_pb_column type=\u00bb4_4&#8243; _builder_version=\u00bb4.27.0&#8243; _module_preset=\u00bbdefault\u00bb global_colors_info=\u00bb{}\u00bb][et_pb_text _builder_version=\u00bb4.27.0&#8243; _module_preset=\u00bbdefault\u00bb custom_margin=\u00bb||50px||false|false\u00bb global_colors_info=\u00bb{}\u00bb]\n<h1 style=\"text-align: center\">Expositores<\/h1>\n[\/et_pb_text][\/et_pb_column][\/et_pb_row][et_pb_row _builder_version=\u00bb4.27.0&#8243; _module_preset=\u00bbdefault\u00bb custom_margin=\u00bb||50px||false|false\u00bb global_colors_info=\u00bb{}\u00bb][et_pb_column type=\u00bb4_4&#8243; _builder_version=\u00bb4.27.0&#8243; _module_preset=\u00bbdefault\u00bb global_colors_info=\u00bb{}\u00bb][et_pb_team_member name=\u00bbGustavo Cabrera\u00bb position=\u00bbRepresentante de M\u00e9xico en la Agencia Latinoamericana y Caribe\u00f1a del Espacio (ALCE). \u00bb image_url=\u00bbhttps:\/\/eventos.cmm.uchile.cl\/ceds2024\/wp-content\/uploads\/sites\/193\/2024\/08\/Gustavo-Cabrera-1.jpg\u00bb _builder_version=\u00bb4.27.0&#8243; _module_preset=\u00bbdefault\u00bb body_line_height=\u00bb1.8em\u00bb position_text_color=\u00bb#000000&#8243; position_line_height=\u00bb1.8em\u00bb custom_margin=\u00bb||50px||false|false\u00bb global_colors_info=\u00bb{}\u00bb]\n<p>Profesional en el \u00e1mbito de la administraci\u00f3n p\u00fablica y las ciencias ambientales, con una extensa trayectoria de m\u00e1s de cuatro d\u00e9cadas en el servicio p\u00fablico. Posee un Doctorado en Ecolog\u00eda y Gesti\u00f3n Ambiental y una Licenciatura en Antropolog\u00eda Social. Su carrera ha estado marcada por un enfoque en la gesti\u00f3n ambiental, la cooperaci\u00f3n internacional, y el desarrollo urbano sostenible. Adem\u00e1s, ha realizado diversas especializaciones en instituciones de renombre como el Lincoln Institute of Land Policy en Cambridge, Massachusetts, y el Instituto Nacional de Administraci\u00f3n P\u00fablica (INAP) en M\u00e9xico.<\/p>\n<p>A lo largo de su carrera, ha ocupado diversos cargos clave, incluyendo Embajador de M\u00e9xico en Nicaragua y director general de Cooperaci\u00f3n T\u00e9cnica y Cient\u00edfica de la AMEXCID. En el Gobierno del Distrito Federal de M\u00e9xico ha dirigido proyectos estrat\u00e9gicos como la Comisi\u00f3n de Recursos Naturales (CORENA) y la Autoridad de la Zona Patrimonio Mundial Natural y Cultural de Xochimilco, Tl\u00e1huac y Milpa Alta, donde promovi\u00f3 iniciativas de desarrollo sustentable y conservaci\u00f3n del patrimonio.<\/p>\n[\/et_pb_team_member][\/et_pb_column][\/et_pb_row][et_pb_row _builder_version=\u00bb4.27.0&#8243; _module_preset=\u00bbdefault\u00bb custom_margin=\u00bb||50px||false|false\u00bb global_colors_info=\u00bb{}\u00bb][et_pb_column type=\u00bb4_4&#8243; _builder_version=\u00bb4.27.0&#8243; _module_preset=\u00bbdefault\u00bb global_colors_info=\u00bb{}\u00bb][et_pb_team_member name=\u00bbWalt Everetts\u00bb position=\u00bbConsultor Espacial y ex vicepresidente de Servicios Espaciales y Terrestres en Iridium Communications Inc.\u00bb image_url=\u00bbhttps:\/\/eventos.cmm.uchile.cl\/ceds2024\/wp-content\/uploads\/sites\/193\/2024\/09\/Walt-Everetts__cropped_200-2.jpg\u00bb linkedin_url=\u00bbhttps:\/\/www.linkedin.com\/in\/walt-everetts-8881182\/\u00bb _builder_version=\u00bb4.27.0&#8243; _module_preset=\u00bbdefault\u00bb body_line_height=\u00bb1.8em\u00bb position_text_color=\u00bb#000000&#8243; position_line_height=\u00bb1.8em\u00bb custom_margin=\u00bb||50px||false|false\u00bb global_colors_info=\u00bb{}\u00bb]\n<p class=\"p1\">Walt Everetts es el vicepresidente retirado de Servicios Espaciales y Terrestres en Iridium Communications Inc., donde supervis\u00f3 las operaciones de la red espacial de la compa\u00f1\u00eda, las antenas de teletransporte global, los Gateways y las actualizaciones del sistema. Su funci\u00f3n involucraba la gesti\u00f3n de la constelaci\u00f3n de sat\u00e9lites y los sistemas terrestres para garantizar servicios de comunicaciones confiables.<\/p>\n<p class=\"p1\">Cuenta con una licenciatura en Ingenier\u00eda Aeroespacial de la Universidad Estatal de Pensilvania y comenz\u00f3 su carrera en la industria aeroespacial trabajando en la integraci\u00f3n, prueba y lanzamiento de sat\u00e9lites. En 1996, se uni\u00f3 a la divisi\u00f3n de comunicaciones satelitales de Motorola, donde gestion\u00f3 la entrega y el despliegue de la constelaci\u00f3n de sat\u00e9lites de Iridium. Posteriormente, asumi\u00f3 roles de gesti\u00f3n de programas en m\u00e1s de 40 pa\u00edses en diversos proyectos de telecomunicaciones. En 2008, se reincorpor\u00f3 a Iridium como Director de Operaciones de Sistemas Espaciales, y luego fue ascendido a Vicepresidente de Operaciones Espaciales e Ingenier\u00eda en 2013, y a Vicepresidente de Servicios Espaciales y Terrestres en 2021.<\/p>\n[\/et_pb_team_member][\/et_pb_column][\/et_pb_row][et_pb_row _builder_version=\u00bb4.27.0&#8243; _module_preset=\u00bbdefault\u00bb custom_margin=\u00bb||50px||false|false\u00bb global_colors_info=\u00bb{}\u00bb][et_pb_column type=\u00bb4_4&#8243; _builder_version=\u00bb4.27.0&#8243; _module_preset=\u00bbdefault\u00bb global_colors_info=\u00bb{}\u00bb][et_pb_team_member name=\u00bbJean-Fran\u00e7ois Cretaux\u00bb position=\u00bbInvestigador del Centro Nacional de Estudios Espaciales (CNES)\u00bb image_url=\u00bbhttps:\/\/eventos.cmm.uchile.cl\/ceds2024\/wp-content\/uploads\/sites\/193\/2024\/09\/Jean-Francois-Cretaux_200.jpg\u00bb linkedin_url=\u00bbhttps:\/\/www.linkedin.com\/in\/jean-francois-cretaux-51226496\/\u00bb _builder_version=\u00bb4.27.0&#8243; _module_preset=\u00bbdefault\u00bb body_line_height=\u00bb1.8em\u00bb position_text_color=\u00bb#000000&#8243; position_line_height=\u00bb1.8em\u00bb custom_margin=\u00bb||50px||false|false\u00bb global_colors_info=\u00bb{}\u00bb]\n<p style=\"font-weight: 400\">Con m\u00e1s de 30 a\u00f1os de experiencia como investigador en el Laboratorio de Geof\u00edsica Espacial y Oceanograf\u00eda (LEGOS) y el Centro Nacional de Estudios Espaciales de Francia, cuenta con un importante n\u00famero de publicaciones relacionadas a temas como cuerpos de agua, niveles y volumen de agua en lagos y r\u00edos, hidrolog\u00eda,\u00a0hidroespacio\u00a0y geod\u00e9sica, entre otros.<\/p>\n[\/et_pb_team_member][\/et_pb_column][\/et_pb_row][\/et_pb_section]\n","protected":false},"excerpt":{"rendered":"<p>ExpositoresProfesional en el \u00e1mbito de la administraci\u00f3n p\u00fablica y las ciencias ambientales, con una extensa trayectoria de m\u00e1s de cuatro d\u00e9cadas en el servicio p\u00fablico. Posee un Doctorado en Ecolog\u00eda y Gesti\u00f3n Ambiental y una Licenciatura en Antropolog\u00eda Social. Su carrera ha estado marcada por un enfoque en la gesti\u00f3n ambiental, la cooperaci\u00f3n internacional, y [&hellip;]<\/p>\n","protected":false},"author":106,"featured_media":0,"parent":0,"menu_order":0,"comment_status":"closed","ping_status":"closed","template":"","meta":{"_et_pb_use_builder":"on","_et_pb_old_content":"","_et_gb_content_width":"","inline_featured_image":false,"footnotes":""},"class_list":["post-1168","page","type-page","status-publish","hentry"],"_links":{"self":[{"href":"https:\/\/eventos.cmm.uchile.cl\/ceds2024\/wp-json\/wp\/v2\/pages\/1168","targetHints":{"allow":["GET"]}}],"collection":[{"href":"https:\/\/eventos.cmm.uchile.cl\/ceds2024\/wp-json\/wp\/v2\/pages"}],"about":[{"href":"https:\/\/eventos.cmm.uchile.cl\/ceds2024\/wp-json\/wp\/v2\/types\/page"}],"author":[{"embeddable":true,"href":"https:\/\/eventos.cmm.uchile.cl\/ceds2024\/wp-json\/wp\/v2\/users\/106"}],"replies":[{"embeddable":true,"href":"https:\/\/eventos.cmm.uchile.cl\/ceds2024\/wp-json\/wp\/v2\/comments?post=1168"}],"version-history":[{"count":30,"href":"https:\/\/eventos.cmm.uchile.cl\/ceds2024\/wp-json\/wp\/v2\/pages\/1168\/revisions"}],"predecessor-version":[{"id":1997,"href":"https:\/\/eventos.cmm.uchile.cl\/ceds2024\/wp-json\/wp\/v2\/pages\/1168\/revisions\/1997"}],"wp:attachment":[{"href":"https:\/\/eventos.cmm.uchile.cl\/ceds2024\/wp-json\/wp\/v2\/media?parent=1168"}],"curies":[{"name":"wp","href":"https:\/\/api.w.org\/{rel}","templated":true}]}}