{"id":6,"date":"2019-08-22T21:35:09","date_gmt":"2019-08-22T19:35:09","guid":{"rendered":"http:\/\/eventos.cmm.uchile.cl\/ceds2024\/?page_id=6"},"modified":"2024-11-21T15:53:18","modified_gmt":"2024-11-21T18:53:18","slug":"conferencia-internacional","status":"publish","type":"page","link":"https:\/\/eventos.cmm.uchile.cl\/ceds2024\/","title":{"rendered":"Conferencia internacional"},"content":{"rendered":"[et_pb_section fb_built=\u00bb1&#8243; fullwidth=\u00bbon\u00bb admin_label=\u00bbSecci\u00f3n\u00bb _builder_version=\u00bb4.16&#8243; global_colors_info=\u00bb{}\u00bb][et_pb_fullwidth_slider _builder_version=\u00bb4.25.1&#8243; global_colors_info=\u00bb{}\u00bb][et_pb_slide heading=\u00bbConferencia Internacional Espacio y Desarrollo Sostenible\u00bb button_text=\u00bbSaber m\u00e1s\u00bb button_link=\u00bb@ET-DC@eyJkeW5hbWljIjp0cnVlLCJjb250ZW50IjoicG9zdF9saW5rX3VybF9wYWdlIiwic2V0dGluZ3MiOnsicG9zdF9pZCI6IjE3MSIsImVuYWJsZV9odG1sIjoib2ZmIn19@\u00bb _builder_version=\u00bb4.25.1&#8243; _dynamic_attributes=\u00bblink_option_url,button_link\u00bb use_background_color_gradient=\u00bbon\u00bb background_image=\u00bbhttps:\/\/eventos.cmm.uchile.cl\/ceds2024\/wp-content\/uploads\/sites\/193\/2024\/06\/ceds2024_background.jpg\u00bb background_enable_image=\u00bbon\u00bb background_blend=\u00bbmultiply\u00bb custom_button=\u00bbon\u00bb button_font=\u00bb||||||||\u00bb button_use_icon=\u00bbon\u00bb button_icon=\u00bb&#x33;||divi||400&#8243; link_option_url=\u00bb@ET-DC@eyJkeW5hbWljIjp0cnVlLCJjb250ZW50IjoicG9zdF9saW5rX3VybF9wYWdlIiwic2V0dGluZ3MiOnsicG9zdF9pZCI6IjE3MSIsImVuYWJsZV9odG1sIjoib2ZmIn19@\u00bb global_colors_info=\u00bb{}\u00bb button_text__hover_enabled=\u00bboff|desktop\u00bb sticky_transition=\u00bbon\u00bb]\n<p>CEDS 2024 es una instancia \u00fanica que convoca al sector p\u00fablico, academia e industria a analizar y discutir, desde una mirada multisectorial, los desaf\u00edos y oportunidades de la actividad espacial, motor de desarrollo sostenible.<\/p>\n<p>Santiago de Chile, 27, 28 y 29 de noviembre de 2024<\/p>\n[\/et_pb_slide][\/et_pb_fullwidth_slider][\/et_pb_section][et_pb_section fb_built=\u00bb1&#8243; fullwidth=\u00bbon\u00bb _builder_version=\u00bb4.27.0&#8243; _module_preset=\u00bbdefault\u00bb global_colors_info=\u00bb{}\u00bb][et_pb_fullwidth_header title=\u00bbPrograma de Actividades CEDS2024&#8243; _builder_version=\u00bb4.27.0&#8243; _module_preset=\u00bbdefault\u00bb title_text_align=\u00bbcenter\u00bb global_colors_info=\u00bb{}\u00bb][\/et_pb_fullwidth_header][\/et_pb_section][et_pb_section fb_built=\u00bb1&#8243; fullwidth=\u00bbon\u00bb disabled_on=\u00bboff|on|on\u00bb admin_label=\u00bbSecci\u00f3n\u00bb _builder_version=\u00bb4.27.0&#8243; global_colors_info=\u00bb{}\u00bb][et_pb_fullwidth_slider show_content_on_mobile=\u00bboff\u00bb show_image_video_mobile=\u00bbon\u00bb arrows_custom_color=\u00bb#FFFFFF\u00bb dot_nav_custom_color=\u00bb#FFFFFF\u00bb disabled_on=\u00bboff|off|off\u00bb _builder_version=\u00bb4.27.0&#8243; hover_transition_duration=\u00bb100ms\u00bb hover_transition_speed_curve=\u00bblinear\u00bb hover_enabled=\u00bb0&#8243; global_colors_info=\u00bb{}\u00bb sticky_enabled=\u00bb0&#8243;][et_pb_slide image=\u00bbhttps:\/\/eventos.cmm.uchile.cl\/ceds2024\/wp-content\/uploads\/sites\/193\/2024\/11\/Programa-de-Actividades-Carrusel-1-ES-1.png\u00bb _builder_version=\u00bb4.27.0&#8243; background_color=\u00bbRGBA(255,255,255,0)\u00bb background_enable_color=\u00bbon\u00bb background_enable_image=\u00bboff\u00bb background_blend=\u00bbmultiply\u00bb custom_button=\u00bbon\u00bb button_font=\u00bb||||||||\u00bb button_use_icon=\u00bbon\u00bb button_icon=\u00bb&#x33;||divi||400&#8243; hover_enabled=\u00bb0&#8243; global_colors_info=\u00bb{}\u00bb button_text__hover_enabled=\u00bboff|desktop\u00bb sticky_transition=\u00bbon\u00bb title_text=\u00bbPrograma de Actividades &#8211; Carrusel 1 ES\u00bb sticky_enabled=\u00bb0&#8243;][\/et_pb_slide][et_pb_slide image=\u00bbhttps:\/\/eventos.cmm.uchile.cl\/ceds2024\/wp-content\/uploads\/sites\/193\/2024\/11\/Programa-de-Actividades-Carrusel-2-ES-1.png\u00bb _builder_version=\u00bb4.27.0&#8243; background_color=\u00bbRGBA(255,255,255,0)\u00bb background_enable_color=\u00bbon\u00bb background_enable_image=\u00bboff\u00bb background_blend=\u00bbmultiply\u00bb custom_button=\u00bbon\u00bb button_font=\u00bb||||||||\u00bb button_use_icon=\u00bbon\u00bb button_icon=\u00bb&#x33;||divi||400&#8243; hover_enabled=\u00bb0&#8243; global_colors_info=\u00bb{}\u00bb button_text__hover_enabled=\u00bboff|desktop\u00bb sticky_transition=\u00bbon\u00bb title_text=\u00bbPrograma de Actividades &#8211; Carrusel 2 ES\u00bb sticky_enabled=\u00bb0&#8243;][\/et_pb_slide][et_pb_slide image=\u00bbhttps:\/\/eventos.cmm.uchile.cl\/ceds2024\/wp-content\/uploads\/sites\/193\/2024\/11\/Programa-de-Actividades-Carrusel-3-ES-1.png\u00bb _builder_version=\u00bb4.27.0&#8243; background_color=\u00bbRGBA(255,255,255,0)\u00bb background_enable_color=\u00bbon\u00bb background_enable_image=\u00bboff\u00bb background_blend=\u00bbmultiply\u00bb custom_button=\u00bbon\u00bb button_font=\u00bb||||||||\u00bb button_use_icon=\u00bbon\u00bb button_icon=\u00bb&#x33;||divi||400&#8243; hover_enabled=\u00bb0&#8243; global_colors_info=\u00bb{}\u00bb button_text__hover_enabled=\u00bboff|desktop\u00bb sticky_transition=\u00bbon\u00bb title_text=\u00bbPrograma de Actividades &#8211; Carrusel 3 ES\u00bb sticky_enabled=\u00bb0&#8243;][\/et_pb_slide][et_pb_slide image=\u00bbhttps:\/\/eventos.cmm.uchile.cl\/ceds2024\/wp-content\/uploads\/sites\/193\/2024\/11\/Programa-de-Actividades-Carrusel-4-ES-1.png\u00bb _builder_version=\u00bb4.27.0&#8243; background_color=\u00bbRGBA(255,255,255,0)\u00bb background_enable_color=\u00bbon\u00bb background_enable_image=\u00bboff\u00bb background_blend=\u00bbmultiply\u00bb custom_button=\u00bbon\u00bb button_font=\u00bb||||||||\u00bb button_use_icon=\u00bbon\u00bb button_icon=\u00bb&#x33;||divi||400&#8243; hover_enabled=\u00bb0&#8243; global_colors_info=\u00bb{}\u00bb button_text__hover_enabled=\u00bboff|desktop\u00bb sticky_transition=\u00bbon\u00bb title_text=\u00bbPrograma de Actividades &#8211; Carrusel 4 ES\u00bb sticky_enabled=\u00bb0&#8243;][\/et_pb_slide][et_pb_slide image=\u00bbhttps:\/\/eventos.cmm.uchile.cl\/ceds2024\/wp-content\/uploads\/sites\/193\/2024\/11\/Programa-de-Actividades-Carrusel-5-ES-1.png\u00bb _builder_version=\u00bb4.27.0&#8243; background_color=\u00bbRGBA(255,255,255,0)\u00bb background_enable_color=\u00bbon\u00bb background_enable_image=\u00bboff\u00bb background_blend=\u00bbmultiply\u00bb custom_button=\u00bbon\u00bb button_font=\u00bb||||||||\u00bb button_use_icon=\u00bbon\u00bb button_icon=\u00bb&#x33;||divi||400&#8243; hover_enabled=\u00bb0&#8243; global_colors_info=\u00bb{}\u00bb button_text__hover_enabled=\u00bboff|desktop\u00bb sticky_transition=\u00bbon\u00bb title_text=\u00bbPrograma de Actividades &#8211; Carrusel 5 ES\u00bb sticky_enabled=\u00bb0&#8243;][\/et_pb_slide][\/et_pb_fullwidth_slider][\/et_pb_section][et_pb_section fb_built=\u00bb1&#8243; disabled_on=\u00bbon|off|off\u00bb _builder_version=\u00bb4.27.0&#8243; _module_preset=\u00bbdefault\u00bb global_colors_info=\u00bb{}\u00bb][et_pb_row disabled_on=\u00bboff|off|off\u00bb _builder_version=\u00bb4.27.0&#8243; _module_preset=\u00bbdefault\u00bb background_color=\u00bbRGBA(255,255,255,0)\u00bb width=\u00bb90%\u00bb max_width=\u00bb2560px\u00bb overflow-x=\u00bbvisible\u00bb global_colors_info=\u00bb{}\u00bb][et_pb_column type=\u00bb4_4&#8243; _builder_version=\u00bb4.27.0&#8243; _module_preset=\u00bbdefault\u00bb global_colors_info=\u00bb{}\u00bb][et_pb_image src=\u00bbhttps:\/\/eventos.cmm.uchile.cl\/ceds2024\/wp-content\/uploads\/sites\/193\/2024\/11\/Programa-de-Actividades-CEDS2024-Full-ES@3x-20.png\u00bb title_text=\u00bbPrograma de Actividades CEDS2024 Full ES@3x\u00bb force_fullwidth=\u00bbon\u00bb _builder_version=\u00bb4.27.0&#8243; _module_preset=\u00bbdefault\u00bb global_colors_info=\u00bb{}\u00bb][\/et_pb_image][\/et_pb_column][\/et_pb_row][\/et_pb_section][et_pb_section fb_built=\u00bb1&#8243; _builder_version=\u00bb4.27.0&#8243; _module_preset=\u00bbdefault\u00bb global_colors_info=\u00bb{}\u00bb][et_pb_row column_structure=\u00bb1_3,1_3,1_3&#8243; _builder_version=\u00bb4.27.0&#8243; _module_preset=\u00bbdefault\u00bb global_colors_info=\u00bb{}\u00bb][et_pb_column type=\u00bb1_3&#8243; _builder_version=\u00bb4.27.0&#8243; _module_preset=\u00bbdefault\u00bb global_colors_info=\u00bb{}\u00bb][et_pb_image src=\u00bbhttps:\/\/eventos.cmm.uchile.cl\/ceds2024\/wp-content\/uploads\/sites\/193\/2024\/09\/logo_uchile.png\u00bb alt=\u00bbUniversidad de Chile\u00bb title_text=\u00bbUniversidad de Chile\u00bb url=\u00bbhttps:\/\/uchile.cl\/\u00bb url_new_window=\u00bbon\u00bb _builder_version=\u00bb4.27.0&#8243; _module_preset=\u00bbdefault\u00bb locked=\u00bboff\u00bb global_colors_info=\u00bb{}\u00bb][\/et_pb_image][\/et_pb_column][et_pb_column type=\u00bb1_3&#8243; _builder_version=\u00bb4.27.0&#8243; _module_preset=\u00bbdefault\u00bb global_colors_info=\u00bb{}\u00bb][et_pb_image src=\u00bbhttps:\/\/eventos.cmm.uchile.cl\/ceds2024\/wp-content\/uploads\/sites\/193\/2024\/09\/logo_fcfm.png\u00bb alt=\u00bbFacultad de Ciencias F\u00edsicas y Matem\u00e1ticas &#8211; Universidad de Chile\u00bb title_text=\u00bbFacultad de Ciencias F\u00edsicas y Matem\u00e1ticas &#8211; Universidad de Chile\u00bb url=\u00bbhttps:\/\/ingenieria.uchile.cl\/\u00bb url_new_window=\u00bbon\u00bb _builder_version=\u00bb4.27.0&#8243; _module_preset=\u00bbdefault\u00bb locked=\u00bboff\u00bb global_colors_info=\u00bb{}\u00bb][\/et_pb_image][\/et_pb_column][et_pb_column type=\u00bb1_3&#8243; _builder_version=\u00bb4.27.0&#8243; _module_preset=\u00bbdefault\u00bb global_colors_info=\u00bb{}\u00bb][et_pb_image src=\u00bbhttps:\/\/eventos.cmm.uchile.cl\/ceds2024\/wp-content\/uploads\/sites\/193\/2024\/09\/logo_cmm.png\u00bb alt=\u00bbCMM &#8211; Center for Mathematical Modeling\u00bb title_text=\u00bbCMM &#8211; Center for Mathematical Modeling\u00bb url=\u00bbhttps:\/\/www.cmm.uchile.cl\/\u00bb url_new_window=\u00bbon\u00bb _builder_version=\u00bb4.27.0&#8243; _module_preset=\u00bbdefault\u00bb locked=\u00bboff\u00bb global_colors_info=\u00bb{}\u00bb][\/et_pb_image][\/et_pb_column][\/et_pb_row][et_pb_row column_structure=\u00bb1_4,1_4,1_4,1_4&#8243; _builder_version=\u00bb4.27.0&#8243; _module_preset=\u00bbdefault\u00bb global_colors_info=\u00bb{}\u00bb][et_pb_column type=\u00bb1_4&#8243; _builder_version=\u00bb4.27.0&#8243; _module_preset=\u00bbdefault\u00bb global_colors_info=\u00bb{}\u00bb][et_pb_image src=\u00bbhttps:\/\/eventos.cmm.uchile.cl\/ceds2024\/wp-content\/uploads\/sites\/193\/2024\/09\/logo_global_gateway_digital_alliance.png\u00bb alt=\u00bbEU-LAC Digital Alliance\u00bb title_text=\u00bbEU-LAC Digital Alliance\u00bb url=\u00bbhttps:\/\/www.eeas.europa.eu\/eeas\/alianza-digital-ue-lac_en\u00bb url_new_window=\u00bbon\u00bb _builder_version=\u00bb4.27.0&#8243; _module_preset=\u00bbdefault\u00bb locked=\u00bboff\u00bb global_colors_info=\u00bb{}\u00bb][\/et_pb_image][\/et_pb_column][et_pb_column type=\u00bb1_4&#8243; _builder_version=\u00bb4.27.0&#8243; _module_preset=\u00bbdefault\u00bb global_colors_info=\u00bb{}\u00bb][et_pb_image src=\u00bbhttps:\/\/eventos.cmm.uchile.cl\/ceds2024\/wp-content\/uploads\/sites\/193\/2024\/09\/logo_openbeauchef.jpg\u00bb alt=\u00bbOpenBeauchef\u00bb title_text=\u00bblogo_openbeauchef\u00bb url=\u00bbhttps:\/\/openbeauchef.cl\u00bb url_new_window=\u00bbon\u00bb _builder_version=\u00bb4.27.0&#8243; _module_preset=\u00bbdefault\u00bb locked=\u00bboff\u00bb global_colors_info=\u00bb{}\u00bb][\/et_pb_image][\/et_pb_column][et_pb_column type=\u00bb1_4&#8243; _builder_version=\u00bb4.27.0&#8243; _module_preset=\u00bbdefault\u00bb global_colors_info=\u00bb{}\u00bb][et_pb_image src=\u00bbhttps:\/\/eventos.cmm.uchile.cl\/ceds2024\/wp-content\/uploads\/sites\/193\/2024\/09\/logo_copernicuslac_chile.png\u00bb alt=\u00bbCopernicus LAC Chile \u2013 Centro Regional Copernicus para Am\u00e9rica Latina y el Caribe\u00bb title_text=\u00bbCopernicus LAC Chile \u2013 Centro Regional Copernicus para Am\u00e9rica Latina y el Caribe\u00bb url=\u00bbhttps:\/\/www.copernicuslac-chile.eu\/\u00bb url_new_window=\u00bbon\u00bb _builder_version=\u00bb4.27.0&#8243; _module_preset=\u00bbdefault\u00bb locked=\u00bboff\u00bb global_colors_info=\u00bb{}\u00bb][\/et_pb_image][\/et_pb_column][et_pb_column type=\u00bb1_4&#8243; _builder_version=\u00bb4.27.0&#8243; _module_preset=\u00bbdefault\u00bb global_colors_info=\u00bb{}\u00bb][et_pb_image src=\u00bbhttps:\/\/eventos.cmm.uchile.cl\/ceds2024\/wp-content\/uploads\/sites\/193\/2024\/09\/eurochile_logo_530-2.jpg\u00bb alt=\u00bbEuroChile\u00bb title_text=\u00bbEuroChile\u00bb url=\u00bbhttps:\/\/eurochile.cl\/es\u00bb url_new_window=\u00bbon\u00bb _builder_version=\u00bb4.27.0&#8243; _module_preset=\u00bbdefault\u00bb global_colors_info=\u00bb{}\u00bb][\/et_pb_image][\/et_pb_column][\/et_pb_row][\/et_pb_section][et_pb_section fb_built=\u00bb1&#8243; admin_label=\u00bbsection\u00bb module_id=\u00bbinfo\u00bb _builder_version=\u00bb4.25.1&#8243; global_colors_info=\u00bb{}\u00bb][et_pb_row admin_label=\u00bbrow\u00bb _builder_version=\u00bb4.27.0&#8243; background_size=\u00bbinitial\u00bb background_position=\u00bbtop_left\u00bb background_repeat=\u00bbrepeat\u00bb global_colors_info=\u00bb{}\u00bb][et_pb_column type=\u00bb4_4&#8243; _builder_version=\u00bb4.16&#8243; custom_padding=\u00bb|||\u00bb global_colors_info=\u00bb{}\u00bb custom_padding__hover=\u00bb|||\u00bb][et_pb_text admin_label=\u00bbConvocatoria\u00bb _builder_version=\u00bb4.27.0&#8243; background_size=\u00bbinitial\u00bb background_position=\u00bbtop_left\u00bb background_repeat=\u00bbrepeat\u00bb global_colors_info=\u00bb{}\u00bb]\n<p>La\u00a0<b>Conferencia Internacional Espacio y Desarrollo Sostenible (CEDS202<\/b><b>4<\/b><b>) <\/b>ha sido concebida como un espacio de conocimiento e intercambio de experiencias e ideas en torno a los desaf\u00edos y oportunidades que se presentan en los temas del espacio y a la b\u00fasqueda de estrategias y alternativas de acci\u00f3n que posibiliten su uso de manera sostenible. Con este objetivo se abordar\u00e1n los \u00e1mbitos cient\u00edfico-tecnol\u00f3gicos, el desarrollo industrial y las estrategias nacionales incluyendo los marcos jur\u00eddicos y de colaboraci\u00f3n necesarios para su uso en un mundo globalizado, \u00fanico posible cuando de espacio se trata.<\/p>\n[\/et_pb_text][et_pb_button button_url=\u00bb@ET-DC@eyJkeW5hbWljIjp0cnVlLCJjb250ZW50IjoicG9zdF9saW5rX3VybF9wYWdlIiwic2V0dGluZ3MiOnsicG9zdF9pZCI6IjE0MiIsImVuYWJsZV9odG1sIjoib2ZmIn19@\u00bb button_text=\u00bbFormulario de Registro\u00bb button_alignment=\u00bbcenter\u00bb admin_label=\u00bbbot\u00f3n convocatoria\u00bb _builder_version=\u00bb4.27.0&#8243; _dynamic_attributes=\u00bbbutton_url\u00bb custom_button=\u00bbon\u00bb button_text_color=\u00bb#FFFFFF\u00bb button_bg_color=\u00bb#7452ff\u00bb button_font=\u00bb||||||||\u00bb button_icon=\u00bb&#x35;||divi||400&#8243; button_on_hover=\u00bboff\u00bb global_colors_info=\u00bb{}\u00bb][\/et_pb_button][et_pb_text disabled_on=\u00bbon|on|on\u00bb admin_label=\u00bbPatrocinan\u00bb _builder_version=\u00bb4.16&#8243; background_size=\u00bbinitial\u00bb background_position=\u00bbtop_left\u00bb background_repeat=\u00bbrepeat\u00bb disabled=\u00bbon\u00bb global_colors_info=\u00bb{}\u00bb]\n<p style=\"text-align: center\">Patrocinan<\/p>\n[\/et_pb_text][et_pb_image src=\u00bbhttp:\/\/eventos.cmm.uchile.cl\/ceds2024\/wp-content\/uploads\/sites\/82\/2020\/01\/ceds2020_logos_auspiciadores_web_03.png\u00bb align_tablet=\u00bbcenter\u00bb align_phone=\u00bbcenter\u00bb align_last_edited=\u00bbon|desktop\u00bb disabled_on=\u00bbon|on|on\u00bb admin_label=\u00bblogos patrocinadores\u00bb _builder_version=\u00bb4.16&#8243; disabled=\u00bbon\u00bb global_colors_info=\u00bb{}\u00bb][\/et_pb_image][\/et_pb_column][\/et_pb_row][\/et_pb_section][et_pb_section fb_built=\u00bb1&#8243; disabled_on=\u00bbon|on|on\u00bb _builder_version=\u00bb4.27.0&#8243; use_background_color_gradient=\u00bbon\u00bb background_color_gradient_stops=\u00bb#7452ff 0%|#dbb7ff 100%\u00bb disabled=\u00bbon\u00bb global_colors_info=\u00bb{}\u00bb][et_pb_row column_structure=\u00bb1_2,1_2&#8243; _builder_version=\u00bb4.16&#8243; global_colors_info=\u00bb{}\u00bb][et_pb_column type=\u00bb1_2&#8243; _builder_version=\u00bb4.16&#8243; custom_padding=\u00bb|||\u00bb global_colors_info=\u00bb{}\u00bb custom_padding__hover=\u00bb|||\u00bb][et_pb_cta title=\u00bbConvocatoria a presentar trabajos\u00bb button_url=\u00bbhttp:\/\/eventos.cmm.uchile.cl\/ceds2024\/convocatoria\/\u00bb button_text=\u00bbConvocatoria\u00bb disabled_on=\u00bbon|on|on\u00bb admin_label=\u00bbConvocatoria\u00bb _builder_version=\u00bb4.16&#8243; use_background_color=\u00bboff\u00bb border_color_all=\u00bb#ffffff\u00bb disabled=\u00bbon\u00bb global_colors_info=\u00bb{}\u00bb][\/et_pb_cta][et_pb_blurb title=\u00bbConvocatoria a presentar trabajos\u00bb use_icon=\u00bbon\u00bb font_icon=\u00bb&#x6c;||divi||400&#8243; icon_color=\u00bb#ffffff\u00bb image_icon_width=\u00bb44px\u00bb _builder_version=\u00bb4.27.0&#8243; header_font=\u00bb||||||||\u00bb header_font_size=\u00bb26px\u00bb text_orientation=\u00bbcenter\u00bb background_layout=\u00bbdark\u00bb link_option_url=\u00bbhttp:\/\/eventos.cmm.uchile.cl\/ceds2024\/convocatoria\/\u00bb global_colors_info=\u00bb{}\u00bb][\/et_pb_blurb][et_pb_button button_url=\u00bbhttp:\/\/eventos.cmm.uchile.cl\/ceds2024\/convocatoria\/\u00bb button_text=\u00bbConvocatoria\u00bb button_alignment=\u00bbcenter\u00bb _builder_version=\u00bb4.16&#8243; background_layout=\u00bbdark\u00bb global_colors_info=\u00bb{}\u00bb][\/et_pb_button][\/et_pb_column][et_pb_column type=\u00bb1_2&#8243; _builder_version=\u00bb4.16&#8243; custom_padding=\u00bb|||\u00bb global_colors_info=\u00bb{}\u00bb custom_padding__hover=\u00bb|||\u00bb][et_pb_cta title=\u00bbInformaci\u00f3n para auspiciadores\u00bb button_url=\u00bbhttp:\/\/eventos.cmm.uchile.cl\/ceds2024\/auspiciadores\/\u00bb button_text=\u00bbAuspiciadores\u00bb disabled_on=\u00bbon|on|on\u00bb admin_label=\u00bbAuspiciadores\u00bb _builder_version=\u00bb4.16&#8243; use_background_color=\u00bboff\u00bb border_color_all=\u00bb#ffffff\u00bb disabled=\u00bbon\u00bb global_colors_info=\u00bb{}\u00bb][\/et_pb_cta][et_pb_blurb title=\u00bbInformaci\u00f3n para auspiciadores\u00bb use_icon=\u00bbon\u00bb font_icon=\u00bb&#xe012;||divi||400&#8243; icon_color=\u00bb#ffffff\u00bb image_icon_width=\u00bb44px\u00bb disabled_on=\u00bboff|off|off\u00bb _builder_version=\u00bb4.27.0&#8243; header_font=\u00bb||||||||\u00bb header_font_size=\u00bb26px\u00bb text_orientation=\u00bbcenter\u00bb background_layout=\u00bbdark\u00bb link_option_url=\u00bbhttp:\/\/eventos.cmm.uchile.cl\/ceds2024\/auspiciadores\/\u00bb global_colors_info=\u00bb{}\u00bb][\/et_pb_blurb][et_pb_button button_url=\u00bbhttp:\/\/eventos.cmm.uchile.cl\/ceds2024\/auspiciadores\/\u00bb button_text=\u00bbAuspiciadores\u00bb button_alignment=\u00bbcenter\u00bb disabled_on=\u00bboff|off|off\u00bb _builder_version=\u00bb4.27.0&#8243; background_layout=\u00bbdark\u00bb global_colors_info=\u00bb{}\u00bb][\/et_pb_button][\/et_pb_column][\/et_pb_row][\/et_pb_section]\n","protected":false},"excerpt":{"rendered":"<p>CEDS 2024 es una instancia \u00fanica que convoca al sector p\u00fablico, academia e industria a analizar y discutir, desde una mirada multisectorial, los desaf\u00edos y oportunidades de la actividad espacial, motor de desarrollo sostenible. Santiago de Chile, 27, 28 y 29 de noviembre de 2024La\u00a0Conferencia Internacional Espacio y Desarrollo Sostenible (CEDS2024) ha sido concebida como [&hellip;]<\/p>\n","protected":false},"author":2,"featured_media":0,"parent":0,"menu_order":0,"comment_status":"closed","ping_status":"closed","template":"","meta":{"_et_pb_use_builder":"on","_et_pb_old_content":"<p>[et_pb_section fb_built=\"1\" fullwidth=\"on\" _builder_version=\"3.18.2\"][et_pb_fullwidth_slider _builder_version=\"3.18.2\"][et_pb_slide heading=\"Conferencia Internacional Espacio y Desarrollo Sostenible\" button_text=\"Saber m\u00e1s\" button_link=\"#info\" _builder_version=\"3.18.2\" use_background_color_gradient=\"on\" background_image=\"http:\/\/eventos.cmm.uchile.cl\/ceds2024\/wp-content\/uploads\/sites\/82\/2019\/09\/ceds2020_header_02.jpg\" background_blend=\"multiply\" custom_button=\"on\" button_font=\"||||||||\" button_use_icon=\"on\" button_icon=\"%%18%%\"] CEDS 2020 es una instancia \u00fanica que convoca al sector p\u00fablico, academia e industria a analizar y discutir, desde una mirada multisectorial, los desaf\u00edos y oportunidades de la actividad espacial, motor de desarrollo sostenible. Santiago, 1, 2 y 3 de julio de 2020 [\/et_pb_slide][\/et_pb_fullwidth_slider][\/et_pb_section][et_pb_section fb_built=\"1\" admin_label=\"section\" module_id=\"info\" _builder_version=\"3.18.2\"][et_pb_row admin_label=\"row\" _builder_version=\"3.18.2\" background_size=\"initial\" background_position=\"top_left\" background_repeat=\"repeat\"][et_pb_column type=\"4_4\" _builder_version=\"3.0.47\" parallax=\"off\" parallax_method=\"on\"][et_pb_image src=\"http:\/\/eventos.cmm.uchile.cl\/ceds2024\/wp-content\/uploads\/sites\/82\/2019\/09\/ceds2020_logos_organizadores_web_01.png\" admin_label=\"logos organizadores\" _builder_version=\"3.18.2\"][\/et_pb_image][et_pb_text admin_label=\"Convocatoria\" _builder_version=\"3.18.2\" background_size=\"initial\" background_position=\"top_left\" background_repeat=\"repeat\"] La <strong>Conferencia Internacional Espacio y Desarrollo Sostenible (CEDS2020)<\/strong>\u00a0ha sido concebida como un espacio de conocimiento e intercambio de experiencias e ideas en torno\u00a0 a\u00a0 los desaf\u00edos y oportunidades que se presentan en los temas del espacio y a la b\u00fasqueda de estrategias y alternativas de acci\u00f3n que posibiliten su uso de manera sostenible. Con este objetivo se abordar\u00e1n los \u00e1mbitos cient\u00edfico-tecnol\u00f3gicos, el desarrollo industrial y las estrategias nacionales incluyendo los marcos jur\u00eddicos y de colaboraci\u00f3n necesarios para \u00a0su uso en un mundo globalizado, \u00fanico posible cuando de espacio se trata. [\/et_pb_text][et_pb_button button_url=\"http:\/\/eventos.cmm.uchile.cl\/ceds2024\/acerca-de\/\" button_text=\"Acerca de CEDS2020\" button_alignment=\"center\" admin_label=\"bot\u00f3n convocatoria\" _builder_version=\"3.18.2\" custom_button=\"on\" button_font=\"||||||||\" button_icon=\"%%20%%\" button_on_hover=\"off\"][\/et_pb_button][et_pb_text admin_label=\"Patrocinan\" _builder_version=\"3.18.2\" background_size=\"initial\" background_position=\"top_left\" background_repeat=\"repeat\"]<\/p><p style=\"text-align: center;\">Patrocinan<\/p><p>[\/et_pb_text][et_pb_image src=\"http:\/\/eventos.cmm.uchile.cl\/ceds2024\/wp-content\/uploads\/sites\/82\/2020\/01\/ceds2020_logos_auspiciadores_web_03.png\" admin_label=\"logos patrocinadores\" _builder_version=\"3.18.2\"][\/et_pb_image][\/et_pb_column][\/et_pb_row][\/et_pb_section][et_pb_section fb_built=\"1\" _builder_version=\"3.18.2\" use_background_color_gradient=\"on\"][et_pb_row _builder_version=\"3.18.2\"][et_pb_column type=\"1_2\" _builder_version=\"3.18.2\" parallax=\"off\" parallax_method=\"on\"][et_pb_cta title=\"Convocatoria a presentar trabajos\" button_url=\"http:\/\/eventos.cmm.uchile.cl\/ceds2024\/convocatoria\/\" button_text=\"Convocatoria\" disabled_on=\"on|on|on\" admin_label=\"Convocatoria\" _builder_version=\"3.18.2\" use_background_color=\"off\" border_color_all=\"#ffffff\" disabled=\"on\"][\/et_pb_cta][et_pb_blurb title=\"Convocatoria a presentar trabajos\" use_icon=\"on\" font_icon=\"%%75%%\" icon_color=\"#ffffff\" _builder_version=\"3.18.2\" header_font=\"||||||||\" header_font_size=\"26px\" text_orientation=\"center\" background_layout=\"dark\" link_option_url=\"http:\/\/eventos.cmm.uchile.cl\/ceds2024\/convocatoria\/\"][\/et_pb_blurb][et_pb_button button_url=\"http:\/\/eventos.cmm.uchile.cl\/ceds2024\/convocatoria\/\" button_text=\"Convocatoria\" button_alignment=\"center\" _builder_version=\"3.18.2\" background_layout=\"dark\"][\/et_pb_button][\/et_pb_column][et_pb_column type=\"1_2\" _builder_version=\"3.18.2\" parallax=\"off\" parallax_method=\"on\"][et_pb_cta title=\"Informaci\u00f3n para auspiciadores\" button_url=\"http:\/\/eventos.cmm.uchile.cl\/ceds2024\/auspiciadores\/\" button_text=\"Auspiciadores\" disabled_on=\"on|on|on\" admin_label=\"Auspiciadores\" _builder_version=\"3.18.2\" use_background_color=\"off\" border_color_all=\"#ffffff\" disabled=\"on\"][\/et_pb_cta][et_pb_blurb title=\"Informaci\u00f3n para auspiciadores\" use_icon=\"on\" font_icon=\"%%111%%\" icon_color=\"#ffffff\" _builder_version=\"3.18.2\" header_font=\"||||||||\" header_font_size=\"26px\" text_orientation=\"center\" background_layout=\"dark\" link_option_url=\"http:\/\/eventos.cmm.uchile.cl\/ceds2024\/auspiciadores\/\"][\/et_pb_blurb][et_pb_button button_url=\"http:\/\/eventos.cmm.uchile.cl\/ceds2024\/auspiciadores\/\" button_text=\"Auspiciadores\" button_alignment=\"center\" _builder_version=\"3.18.2\" background_layout=\"dark\"][\/et_pb_button][\/et_pb_column][\/et_pb_row][\/et_pb_section]<\/p>","_et_gb_content_width":"","inline_featured_image":false,"footnotes":""},"class_list":["post-6","page","type-page","status-publish","hentry"],"_links":{"self":[{"href":"https:\/\/eventos.cmm.uchile.cl\/ceds2024\/wp-json\/wp\/v2\/pages\/6","targetHints":{"allow":["GET"]}}],"collection":[{"href":"https:\/\/eventos.cmm.uchile.cl\/ceds2024\/wp-json\/wp\/v2\/pages"}],"about":[{"href":"https:\/\/eventos.cmm.uchile.cl\/ceds2024\/wp-json\/wp\/v2\/types\/page"}],"author":[{"embeddable":true,"href":"https:\/\/eventos.cmm.uchile.cl\/ceds2024\/wp-json\/wp\/v2\/users\/2"}],"replies":[{"embeddable":true,"href":"https:\/\/eventos.cmm.uchile.cl\/ceds2024\/wp-json\/wp\/v2\/comments?post=6"}],"version-history":[{"count":125,"href":"https:\/\/eventos.cmm.uchile.cl\/ceds2024\/wp-json\/wp\/v2\/pages\/6\/revisions"}],"predecessor-version":[{"id":2151,"href":"https:\/\/eventos.cmm.uchile.cl\/ceds2024\/wp-json\/wp\/v2\/pages\/6\/revisions\/2151"}],"wp:attachment":[{"href":"https:\/\/eventos.cmm.uchile.cl\/ceds2024\/wp-json\/wp\/v2\/media?parent=6"}],"curies":[{"name":"wp","href":"https:\/\/api.w.org\/{rel}","templated":true}]}}