{"id":8,"date":"2021-07-23T06:07:08","date_gmt":"2021-07-23T10:07:08","guid":{"rendered":"http:\/\/eventos.cmm.uchile.cl\/ciclogodelius\/?page_id=8"},"modified":"2024-10-08T10:45:08","modified_gmt":"2024-10-08T13:45:08","slug":"seminario","status":"publish","type":"page","link":"https:\/\/eventos.cmm.uchile.cl\/ciclogodelius\/","title":{"rendered":"Ciclo de Conferencias"},"content":{"rendered":"<p>El <strong>Ciclo de Conferencias CMM-SK Godelius<\/strong> es coorganizado por el <a href=\"https:\/\/www.cmm.uchile.cl\/\" target=\"_blank\" rel=\"noopener\">Centro de Modelamiento Matem\u00e1tico (CMM)<\/a> de la Universidad de Chile y <a href=\"https:\/\/www.godelius.com\/\" target=\"_blank\" rel=\"noopener\">SK Godelius<\/a>, empresa l\u00edder en ingenier\u00eda a nivel nacional e internacional.<\/p>\n<p>Este ciclo de conferencias tiene por objetivo divulgar conocimientos de la mano de emprendedores, ingenieros, empresarios, cient\u00edficos y tomadores de decisi\u00f3n, quienes dialogar\u00e1n sobre conceptos que permitan comprender el desarrollo conjunto de la ciencia, la sociedad y la ingenier\u00eda contempor\u00e1nea.<\/p>\n<p>&nbsp;<\/p>\n<h3 class=\"cond-title\">Pr\u00f3xima conferencia<\/h3><ul class=\"lcp_catlist\" id=\"lcp_instance_0\"><li><h2 class=\"catlist-titulo\"><a href=\"https:\/\/eventos.cmm.uchile.cl\/ciclogodelius\/?p=196\">Miner\u00eda Espacial<\/a><\/h2><div class=\"catlist-fecha\">9 de octubre de 2025 \/ 17:30 hrs.<\/div><a href=\"https:\/\/eventos.cmm.uchile.cl\/ciclogodelius\/?p=196\" title=\"Miner\u00eda Espacial\"><img decoding=\"async\" src=\"https:\/\/eventos.cmm.uchile.cl\/ciclogodelius\/wp-content\/uploads\/sites\/137\/2025\/09\/cmm_godelius_202510_mailing_01.jpg\" class=\"lcp_thumbnail\"  alt=\"Miner\u00eda Espacial\" \/><\/a><\/li><\/ul>\n<p>&nbsp;<\/p>\n<div class=\"su-button-center\"><a href=\"https:\/\/eventos.cmm.uchile.cl\/ciclogodelius\/?page_id=25\" class=\"su-button su-button-style-flat\" style=\"color:#FFFFFF;background-color:#0099A7;border-color:#007b86;border-radius:9px\" target=\"_self\"><span style=\"color:#FFFFFF;padding:8px 24px;font-size:18px;line-height:27px;border-color:#4db8c2;border-radius:9px;text-shadow:none\"><i class=\"sui sui-wpforms\" style=\"font-size:18px;color:#FFFFFF\"><\/i> Registrarme<\/span><\/a><\/div>\n<p>&nbsp;<\/p>\n<div class=\"su-button-center\"><a href=\"https:\/\/eventos.cmm.uchile.cl\/ciclogodelius\/?page_id=110\" class=\"su-button su-button-style-flat\" style=\"color:#FFFFFF;background-color:#0099A7;border-color:#007b86;border-radius:9px\" target=\"_self\"><span style=\"color:#FFFFFF;padding:8px 24px;font-size:18px;line-height:27px;border-color:#4db8c2;border-radius:9px;text-shadow:none\"><i class=\"sui sui-bookmark-o\" style=\"font-size:18px;color:#FFFFFF\"><\/i> Ver todas las Conferencias<\/span><\/a><\/div>\n<p>&nbsp;<\/p>\n<p>&nbsp;<\/p>\n<div class=\"su-divider su-divider-style-default\" style=\"margin:15px 0;border-width:1px;border-color:#0099A7\"><\/div>\n<p>&nbsp;<\/p>\n<table class=\"sinbordes\" width=\"100%\">\n<tbody>\n<tr>\n<td><a href=\"https:\/\/www.cmm.uchile.cl\/\" target=\"_blank\" rel=\"noopener\"><img loading=\"lazy\" decoding=\"async\" class=\"alignnone size-full wp-image-79\" src=\"https:\/\/eventos.cmm.uchile.cl\/ciclogodelius\/wp-content\/uploads\/sites\/137\/2022\/06\/logo_cmm_esp_01.png\" alt=\"CMM\" width=\"142\" height=\"120\" \/><\/a><\/td>\n<td><a href=\"https:\/\/www.godelius.com\/\" target=\"_blank\" rel=\"noopener\"><img decoding=\"async\" class=\"img_derecha alignright size-full wp-image-73\" src=\"https:\/\/eventos.cmm.uchile.cl\/ciclogodelius\/wp-content\/uploads\/sites\/137\/2022\/06\/logo_godelius_01.png\" alt=\"Godelius\" width=\"320\" height=\"auto\" srcset=\"https:\/\/eventos.cmm.uchile.cl\/ciclogodelius\/wp-content\/uploads\/sites\/137\/2022\/06\/logo_godelius_01.png 420w, https:\/\/eventos.cmm.uchile.cl\/ciclogodelius\/wp-content\/uploads\/sites\/137\/2022\/06\/logo_godelius_01-300x71.png 300w\" sizes=\"(max-width: 420px) 100vw, 420px\" \/><\/a><\/td>\n<\/tr>\n<\/tbody>\n<\/table>\n<p>El <strong>Centro de Modelamiento Matem\u00e1tico (CMM)<\/strong> es un centro cient\u00edfico de referencia nacional para la investigaci\u00f3n y las aplicaciones de las matem\u00e1ticas. Su objetivo es crear nuevas matem\u00e1ticas y utilizarlas para resolver problemas procedentes de otras ciencias, la industria y las pol\u00edticas p\u00fablicas.<\/p>\n<p><strong>SK Godelius<\/strong> es una empresa de ingenier\u00eda con operaciones en Chile y Canad\u00e1. Nacida a fines del a\u00f1o 2011, cuando los avances en inteligencia artificial, rob\u00f3tica no estructurada, redes de alta capacidad y baja latencia, comenzaban a volver viables formas de operar completamente nuevas. Es parte del Grupo Sigdo Koppers, una organizaci\u00f3n de empresas de ingenier\u00eda con presencia global, m\u00e1s de 20.000 empleados y una s\u00f3lida historia de realizaciones, seriedad e innovaci\u00f3n en la miner\u00eda y en la industria.<\/p>\n<p>&nbsp;<\/p>\n<p><img loading=\"lazy\" decoding=\"async\" class=\"alignnone size-full wp-image-93\" src=\"https:\/\/eventos.cmm.uchile.cl\/ciclogodelius\/wp-content\/uploads\/sites\/137\/2022\/06\/cmm_transferencia_mailing_footer_A_01.png\" alt=\"sponsors\" width=\"660\" height=\"300\" srcset=\"https:\/\/eventos.cmm.uchile.cl\/ciclogodelius\/wp-content\/uploads\/sites\/137\/2022\/06\/cmm_transferencia_mailing_footer_A_01.png 660w, https:\/\/eventos.cmm.uchile.cl\/ciclogodelius\/wp-content\/uploads\/sites\/137\/2022\/06\/cmm_transferencia_mailing_footer_A_01-300x136.png 300w\" sizes=\"auto, (max-width: 660px) 100vw, 660px\" \/><\/p>\n","protected":false},"excerpt":{"rendered":"<p>El Ciclo de Conferencias CMM-SK Godelius es coorganizado por el Centro de Modelamiento Matem\u00e1tico (CMM) de la Universidad de Chile y SK Godelius, empresa l\u00edder en ingenier\u00eda a nivel nacional e internacional. Este ciclo de conferencias tiene por objetivo divulgar conocimientos de la mano de emprendedores, ingenieros, empresarios, cient\u00edficos y tomadores de decisi\u00f3n, quienes dialogar\u00e1n &hellip; <a href=\"https:\/\/eventos.cmm.uchile.cl\/ciclogodelius\/\" class=\"more-link\">Contin\u00fae leyendo <span class=\"screen-reader-text\">Ciclo de Conferencias<\/span> <span class=\"meta-nav\">&rarr;<\/span><\/a><\/p>\n","protected":false},"author":2,"featured_media":0,"parent":0,"menu_order":0,"comment_status":"closed","ping_status":"closed","template":"","meta":{"inline_featured_image":false,"footnotes":""},"class_list":["post-8","page","type-page","status-publish","hentry"],"_links":{"self":[{"href":"https:\/\/eventos.cmm.uchile.cl\/ciclogodelius\/index.php?rest_route=\/wp\/v2\/pages\/8","targetHints":{"allow":["GET"]}}],"collection":[{"href":"https:\/\/eventos.cmm.uchile.cl\/ciclogodelius\/index.php?rest_route=\/wp\/v2\/pages"}],"about":[{"href":"https:\/\/eventos.cmm.uchile.cl\/ciclogodelius\/index.php?rest_route=\/wp\/v2\/types\/page"}],"author":[{"embeddable":true,"href":"https:\/\/eventos.cmm.uchile.cl\/ciclogodelius\/index.php?rest_route=\/wp\/v2\/users\/2"}],"replies":[{"embeddable":true,"href":"https:\/\/eventos.cmm.uchile.cl\/ciclogodelius\/index.php?rest_route=%2Fwp%2Fv2%2Fcomments&post=8"}],"version-history":[{"count":51,"href":"https:\/\/eventos.cmm.uchile.cl\/ciclogodelius\/index.php?rest_route=\/wp\/v2\/pages\/8\/revisions"}],"predecessor-version":[{"id":190,"href":"https:\/\/eventos.cmm.uchile.cl\/ciclogodelius\/index.php?rest_route=\/wp\/v2\/pages\/8\/revisions\/190"}],"wp:attachment":[{"href":"https:\/\/eventos.cmm.uchile.cl\/ciclogodelius\/index.php?rest_route=%2Fwp%2Fv2%2Fmedia&parent=8"}],"curies":[{"name":"wp","href":"https:\/\/api.w.org\/{rel}","templated":true}]}}