{"id":20,"date":"2023-06-27T15:58:24","date_gmt":"2023-06-27T19:58:24","guid":{"rendered":"https:\/\/eventos.cmm.uchile.cl\/cmmimi2023\/?page_id=20"},"modified":"2023-09-28T17:07:08","modified_gmt":"2023-09-28T20:07:08","slug":"como-participar","status":"publish","type":"page","link":"https:\/\/eventos.cmm.uchile.cl\/cmmimi2023\/como-participar\/","title":{"rendered":"C\u00f3mo participar"},"content":{"rendered":"<p>La participaci\u00f3n en el concurso se realiza de manera virtual, desde el 28 de septiembre al 2 de octubre de 2023.<\/p>\n<p style=\"text-align: center;\"><div class=\"su-button-center\"><a href=\"https:\/\/eventos.cmm.uchile.cl\/cmmimi2023\/como-participar\/bases-2023\/\" class=\"su-button su-button-style-flat\" style=\"color:#FFFFFF;background-color:#C7542F;border-color:#a04426;border-radius:9px\" target=\"_self\"><span style=\"color:#FFFFFF;padding:8px 24px;font-size:18px;line-height:27px;border-color:#d8886e;border-radius:9px;text-shadow:none\"><i class=\"sui sui-file-text-o\" style=\"font-size:18px;color:#FFFFFF\"><\/i> Bases del Concurso<\/span><\/a><\/div>\n<p>** ACTUALIZACI\u00d3N: Ya est\u00e1 publicado el problema.<\/p>\n<div class=\"su-button-center\"><a href=\"https:\/\/eventos.cmm.uchile.cl\/cmmimi2023\/como-participar\/problema\/\" class=\"su-button su-button-style-flat\" style=\"color:#FFFFFF;background-color:#C7542F;border-color:#a04426;border-radius:9px\" target=\"_self\"><span style=\"color:#FFFFFF;padding:8px 24px;font-size:18px;line-height:27px;border-color:#d8886e;border-radius:9px;text-shadow:none\"><i class=\"sui sui-rocket\" style=\"font-size:18px;color:#FFFFFF\"><\/i> El enunciado del problema<\/span><\/a><\/div>\n<p>&nbsp;<\/p>\n<div class=\"su-divider su-divider-style-default\" style=\"margin:15px 0;border-width:3px;border-color:#C7542F\"><\/div>\n<h2>Inscripci\u00f3n<\/h2>\n<p>Los grupos deben inscribirse para obtener un c\u00f3digo identificador, que deber\u00e1 ser la \u00fanica identificaci\u00f3n presente en la memoria y c\u00f3digos.<\/p>\n<div class=\"su-button-center\"><a href=\"https:\/\/go.cmm.uchile.cl\/cmmimi2023reg\" class=\"su-button su-button-style-flat\" style=\"color:#FFFFFF;background-color:#C7542F;border-color:#a04426;border-radius:9px\" target=\"_blank\" rel=\"noopener noreferrer\"><span style=\"color:#FFFFFF;padding:8px 24px;font-size:18px;line-height:27px;border-color:#d8886e;border-radius:9px;text-shadow:none\"><i class=\"sui sui-wpforms\" style=\"font-size:18px;color:#FFFFFF\"><\/i> Formulario de inscripci\u00f3n<\/span><\/a><\/div>\n<p>&nbsp;<\/p>\n<div class=\"su-divider su-divider-style-default\" style=\"margin:15px 0;border-width:3px;border-color:#C7542F\"><\/div>\n<h2>Presentaci\u00f3n de soluciones<\/h2>\n<p>Los grupos presentan sus soluciones mediante un segundo formulario, indicando el c\u00f3digo identificador obtenido al inscribirse.<\/p>\n<div class=\"su-button-center\"><a href=\"https:\/\/go.cmm.uchile.cl\/cmmimi2023sol\" class=\"su-button su-button-style-flat\" style=\"color:#FFFFFF;background-color:#C7542F;border-color:#a04426;border-radius:9px\" target=\"_blank\" rel=\"noopener noreferrer\"><span style=\"color:#FFFFFF;padding:8px 24px;font-size:18px;line-height:27px;border-color:#d8886e;border-radius:9px;text-shadow:none\"><i class=\"sui sui-wpforms\" style=\"font-size:18px;color:#FFFFFF\"><\/i> Formulario de presentaci\u00f3n de soluciones<\/span><\/a><\/div>\n<p style=\"text-align: center;\">(disponible durante el plazo de presentaci\u00f3n de soluciones)<\/p>\n<p>Plazo de presentaci\u00f3n de soluciones: Desde el jueves 28\/09\/23 17:00 (hora peninsular espa\u00f1ola) al lunes 02\/10\/23 a las 17:00 (hora peninsular espa\u00f1ola).<\/p>\n<div id=\"gtx-trans\" style=\"position: absolute; left: 117px; top: 435.812px;\">\n<div class=\"gtx-trans-icon\"><\/div>\n<\/div>\n","protected":false},"excerpt":{"rendered":"<p>La participaci\u00f3n en el concurso se realiza de manera virtual, desde el 28 de septiembre al 2 de octubre de 2023. ** ACTUALIZACI\u00d3N: Ya est\u00e1 publicado el problema. &nbsp; Inscripci\u00f3n Los grupos deben inscribirse para obtener un c\u00f3digo identificador, que deber\u00e1 ser la \u00fanica identificaci\u00f3n presente en la memoria y c\u00f3digos. &nbsp; Presentaci\u00f3n de soluciones [&hellip;]<\/p>\n","protected":false},"author":2,"featured_media":0,"parent":0,"menu_order":1,"comment_status":"closed","ping_status":"closed","template":"","meta":{"inline_featured_image":false,"footnotes":""},"class_list":["post-20","page","type-page","status-publish","hentry"],"_links":{"self":[{"href":"https:\/\/eventos.cmm.uchile.cl\/cmmimi2023\/wp-json\/wp\/v2\/pages\/20","targetHints":{"allow":["GET"]}}],"collection":[{"href":"https:\/\/eventos.cmm.uchile.cl\/cmmimi2023\/wp-json\/wp\/v2\/pages"}],"about":[{"href":"https:\/\/eventos.cmm.uchile.cl\/cmmimi2023\/wp-json\/wp\/v2\/types\/page"}],"author":[{"embeddable":true,"href":"https:\/\/eventos.cmm.uchile.cl\/cmmimi2023\/wp-json\/wp\/v2\/users\/2"}],"replies":[{"embeddable":true,"href":"https:\/\/eventos.cmm.uchile.cl\/cmmimi2023\/wp-json\/wp\/v2\/comments?post=20"}],"version-history":[{"count":11,"href":"https:\/\/eventos.cmm.uchile.cl\/cmmimi2023\/wp-json\/wp\/v2\/pages\/20\/revisions"}],"predecessor-version":[{"id":84,"href":"https:\/\/eventos.cmm.uchile.cl\/cmmimi2023\/wp-json\/wp\/v2\/pages\/20\/revisions\/84"}],"wp:attachment":[{"href":"https:\/\/eventos.cmm.uchile.cl\/cmmimi2023\/wp-json\/wp\/v2\/media?parent=20"}],"curies":[{"name":"wp","href":"https:\/\/api.w.org\/{rel}","templated":true}]}}