{"id":45,"date":"2023-09-27T09:59:10","date_gmt":"2023-09-27T12:59:10","guid":{"rendered":"https:\/\/eventos.cmm.uchile.cl\/cmmimi2023\/?page_id=45"},"modified":"2023-09-27T10:00:19","modified_gmt":"2023-09-27T13:00:19","slug":"bases-2023","status":"publish","type":"page","link":"https:\/\/eventos.cmm.uchile.cl\/cmmimi2023\/como-participar\/bases-2023\/","title":{"rendered":"Bases del Concurso 2023"},"content":{"rendered":"<p style=\"text-align: center;\"><div class=\"su-button-center\"><a href=\"https:\/\/eventos.cmm.uchile.cl\/cmmimi2023\/wp-content\/uploads\/sites\/170\/2023\/09\/2023-BASES-CMM-IMI-2023.pdf\" class=\"su-button su-button-style-flat\" style=\"color:#FFFFFF;background-color:#C7542F;border-color:#a04426;border-radius:9px\" target=\"_blank\" rel=\"noopener noreferrer\"><span style=\"color:#FFFFFF;padding:8px 24px;font-size:18px;line-height:27px;border-color:#d8886e;border-radius:9px;text-shadow:none\"><i class=\"sui sui-file-pdf-o\" style=\"font-size:18px;color:#FFFFFF\"><\/i> Bases del Concurso<\/span><\/a><\/div>\n<p style=\"text-align: center;\"><small>Descarga las Bases del Concurso (PDF)<\/small><\/p>\n<div class=\"su-divider su-divider-style-default\" style=\"margin:15px 0;border-width:3px;border-color:#C7542F\"><\/div>\n<p><strong>BASES DEL VI CONCURSO DE MODELIZACI\u00d3N MATEM\u00c1TICA DEL IMI (CMM-IMI 2023)<\/strong><\/p>\n<p><strong>Instituto de Matem\u00e1tica Interdisciplinar (IMI). Universidad Complutense de Madrid<\/strong><\/p>\n<p><strong>21 de septiembre de 2023<\/strong><\/p>\n<p><strong>\u00a0<\/strong><\/p>\n<h3><strong>Presentaci\u00f3n<\/strong><\/h3>\n<p>El Instituto de Matem\u00e1tica Interdisciplinar (IMI) de la Universidad Complutense de Madrid, en su esfuerzo por promover la investigaci\u00f3n y la ense\u00f1anza de las matem\u00e1ticas a nivel universitario, organiza el siguiente concurso, destinado a estimular a los estudiantes a emprender tareas de modelizaci\u00f3n matem\u00e1tica.<\/p>\n<p>En su convocatoria de 2023, los Vicerrectorados de Estudiantes y de Investigaci\u00f3n y Transferencia de la UCM, y la Sociedad Espa\u00f1ola de Matem\u00e1tica Aplicada (SEMA) colaboran y patrocinan el concurso, junto al IMI.<\/p>\n<p>Se cuenta, adem\u00e1s, con la colaboraci\u00f3n de los siguientes organismos: el <strong>Centro de Modelamiento Matem\u00e1tico de la Universidad de Chile<\/strong>, el Departament de Matem\u00e0tica Aplicada de la Universitat Polit\u00e8cnica de Val\u00e8ncia, el Departament de Matem\u00e0tiques i Inform\u00e0tica de la Universitat de Barcelona, el Departamento de F\u00edsica y Matem\u00e1ticas de la Universidad de Alcal\u00e1, el Departamento de Matem\u00e1tica Aplicada, Ciencia e Ingenier\u00eda de Materiales y Tecnolog\u00eda Electr\u00f3nica de la Universidad Rey Juan Carlos de Madrid, el Departamento de Matem\u00e1ticas de la Universidad Aut\u00f3noma de Madrid, el Departamento de Matem\u00e1ticas de la Universidad Carlos III de Madrid, el Departamento de Matem\u00e1ticas de la Universidad del Pa\u00eds Vasco, el Grado en Matem\u00e1ticas de la Universidad Polit\u00e9cnica de Madrid, la Facultad de Ciencias de la Universidad de Cantabria, la Facultad de Ciencias de la Universidad de La Laguna, la Facultad de Ciencias de la Universidad de Oviedo, Facultad de Ciencias de la Universidad de Zaragoza, la Facultad de Ciencias Matem\u00e1ticas de la Universidad Complutense, la Facultad de Ciencia y Tecnolog\u00eda de la Universidad de La Rioja, la Facultad de Matem\u00e1ticas de la Universidad de Murcia, la Facultad de Matem\u00e1ticas de la Universidade de Santiago de Compostela, la Facultad de Matem\u00e1ticas de la Universidad de Sevilla, el Institut Universitari de Matem\u00e0tiques i Aplicacions de Castell\u00f3 (IMAC; Universitat Jaume I), el Instituto de F\u00edsica Fundamental y Matem\u00e1ticas (UFFyM; Universidad de Salamanca), el Instituto de Investigaci\u00f3n en Matem\u00e1ticas (IMUVA; Universidad de Valladolid), el Instituto de Matem\u00e1ticas (IMUS), la Real Sociedad Matem\u00e1tica Espa\u00f1ola (RSME), la Uni\u00f3n Iberoamericana de Universidades, la <strong>Universidad Andr\u00e9s Bello<\/strong>, la Universidad de Buenos Aires, <strong>Universidad de O&#8217;Higgins<\/strong>, la Universidad Nacional Aut\u00f3noma de M\u00e9xico, la Universidade de S\u00e3o Paulo, la Universitat de Barcelona y la Universitat Polit\u00e8cnica de Val\u00e8ncia.<\/p>\n<p>En esta convocatoria, el concurso se extiende a los estudiantes matriculados en el curso 2023-24 (o \u00faltimo curso vigente en cada universidad) en un grado de las siguientes <strong>universidades <\/strong><strong>participantes<\/strong>: <strong>Universidad Andr\u00e9s Bello<\/strong>, Universidad Aut\u00f3noma de Madrid, Universidad Carlos III, Universidad Complutense de Madrid, Universidad de Alcal\u00e1, Universidad de Buenos Aires, Universidad de Cantabria, <strong>Universidad de Chile<\/strong>, Universidad de La Laguna, Universidad de La Rioja, Universidad de Murcia, <strong>Universidad de O&#8217;Higgins<\/strong>, Universidad de Oviedo, Universidad de Salamanca, Universidad de Sevilla, Universidad de Valladolid, Universidad de Zaragoza, Universidad del Pa\u00eds Vasco, Universidad Nacional Aut\u00f3noma de M\u00e9xico, Universidad Polit\u00e9cnica de Madrid, Universidad Rey Juan Carlos, Universidade de Santiago de Compostela, Universidade de S\u00e3o Paulo, Universitat de Barcelona, Universitat Jaume I, Universitat Polit\u00e8cnica de Val\u00e8ncia.<\/p>\n<p>La informaci\u00f3n del evento estar\u00e1 disponible en su web: <a href=\"http:\/\/blogs.mat.ucm.es\/cmm\">http:\/\/blogs.mat.ucm.es\/cmm<\/a><\/p>\n<p>&nbsp;<\/p>\n<div class=\"su-divider su-divider-style-default\" style=\"margin:15px 0;border-width:2px;border-color:#C7542F\"><a href=\"#\" style=\"color:#999999\">Ir arriba<\/a><\/div>\n<h3><strong>Art\u00edculo I. Los premios<\/strong><\/h3>\n<ol>\n<li>CMM-IMI 2023 otorgar\u00e1 premios a los tres mejores equipos Los premios ser\u00e1n de 2.400, 1.200 y 600 euros para los equipos clasificados en primera, segunda y tercera posici\u00f3n. A esas cantidades se le restar\u00e1 los impuestos que correspondan. Adem\u00e1s, se podr\u00e1n otorgar acc\u00e9sits (sin premio en met\u00e1lico) a otros equipos participantes. Uno o varios premios se podr\u00e1n quedar desiertos, si as\u00ed lo decide el Comit\u00e9 Evaluador Central.<\/li>\n<li>Los galardonados deber\u00e1n estar presentes, si les es posible, en la ceremonia de entrega de los premios que tendr\u00e1 lugar (previsiblemente) en Madrid en el mes de noviembre. Si ning\u00fan miembro del equipo puede asistir, podr\u00e1n nombrar a alguien que recoja el premio en su nombre, lo que deber\u00e1 ser acordado con el comit\u00e9 organizador.<\/li>\n<li>Los premios podr\u00e1n compartirse en caso de empate. Alguno o la totalidad de los premios se podr\u00e1n declarar desiertos, si as\u00ed lo decide el Comit\u00e9 Organizador.<\/li>\n<li>Para poder recibir el premio, cada una de las personas galardonadas deber\u00e1 cumplir con los siguientes requerimientos exigidos por la regulaciones y leyes espa\u00f1olas: Estar en posesi\u00f3n de <em>un certificado de titularidad bancaria, firmado y sellado por el banco. Si la documentaci\u00f3n se recibe en formato electr\u00f3nico, debe estar firmado digitalmente, o incluir un CSV (c\u00f3digo seguro de verificaci\u00f3n) de la entidad financiera. Podr\u00e1 sustituir el certificado de la entidad bancaria por una fotocopia de su libreta de ahorro, u original y fotocopia de un documento bancario que acredite esa titularidad, como puede ser un recibo domiciliado en la cuenta y a nombre del tercero. <\/em>Todos los componentes de grupos ganadores ser\u00e1n reconocidos como tales, pero el montante del premio ser\u00e1 repartido entre aquellos que hayan presentado el DNI espa\u00f1ol, NIE espa\u00f1ol o pasaporte, siendo obligatorio que, al menos, el representante del grupo haya presentado los documentos mencionados. Si lo estima conveniente, un equipo premiado podr\u00e1 designar a uno o varios de sus componentes para recibir el montante total del premio que les haya correspondido.<\/li>\n<li>Sobre la certificaci\u00f3n emitida por la entidad financiera de la \u00abtitularidad\u00bb de la cuenta corriente, y del c\u00f3digo IBAN:\n<ol>\n<li>Para las cuentas bancarias abiertas fuera de Espa\u00f1a, es obligatorio, adem\u00e1s del IBAN, incluir en la certificaci\u00f3n bancaria el c\u00f3digo BIC (SWIFT).<\/li>\n<li>En el caso de que la cuenta extranjera no se configure con c\u00f3digo IBAN, deber\u00e1 incluirse en el certificado en su lugar, el n\u00famero de la cuenta, el c\u00f3digo y la direcci\u00f3n de la sucursal, siendo necesario, adem\u00e1s, el c\u00f3digo ABA, para el caso de las cuentas de Estados Unidos (EEUU).<\/li>\n<\/ol>\n<\/li>\n<li>En relaci\u00f3n con los puntos anteriores, se pedir\u00e1 a los galardonados que aporten, en el plazo de 3 d\u00edas tras el acto de la entrega de premios, el c\u00f3digo IBAN de una cuenta bancaria a su nombre con sede en Espa\u00f1a, o el certificado de titularidad bancaria con los datos arriba se\u00f1alados. Ser\u00e1 necesario presentar tambi\u00e9n copia del DNI, tarjeta de residencia o pasaporte. Si no se presenta dicha informaci\u00f3n en el plazo establecido, se perder\u00e1 el derecho a premios.<\/li>\n<li>Cada miembro de los grupos que hayan participado con cierto \u00e9xito en su soluci\u00f3n recibir\u00e1 un certificado de participaci\u00f3n.<\/li>\n<\/ol>\n<p>&nbsp;<\/p>\n<div class=\"su-divider su-divider-style-default\" style=\"margin:15px 0;border-width:2px;border-color:#C7542F\"><a href=\"#\" style=\"color:#999999\">Ir arriba<\/a><\/div>\n<h3><strong>Art\u00edculo II. Del procedimiento de presentaci\u00f3n<\/strong><\/h3>\n<ol>\n<li>El concurso comienza el jueves 28 de septiembre de 2023 a las 17:00h (hora peninsular espa\u00f1ola) momento en el que se colgar\u00e1 en la p\u00e1gina web del concurso el enunciado del problema.<\/li>\n<li>Los alumnos podr\u00e1n inscribirse en el concurso en <strong>grupos de un m\u00e1ximo de tres personas <\/strong>de una o varias de las universidades participantes. La inscripci\u00f3n se realizar\u00e1 de forma telem\u00e1tica a trav\u00e9s de un formulario online accesible en el v\u00ednculo <a href=\"https:\/\/ucm.es\/imi\/formulario-cmm-imi-2023\" target=\"_blank\" rel=\"noopener\">https:\/\/ucm.es\/imi\/formulario-cmm-imi-2023<\/a>.<\/li>\n<li>El formulario de inscripci\u00f3n solicita los siguientes datos de los componentes del grupo:\n<ol>\n<li>Nombre<\/li>\n<li>DNI (Documento Nacional de Identidad espa\u00f1ol), NIE (N\u00famero de Identificaci\u00f3n de Extranjero, en Espa\u00f1a) o Pasaporte. Los estudiantes que est\u00e9n cursando el grado en una universidad fuera de Espa\u00f1a podr\u00e1n presentar, de forma alternativa, el documento oficial que acredite su identidad en el pa\u00eds donde est\u00e9 dicha universidad, pero deber\u00e1n tener en cuenta las restricciones que esto implica en relaci\u00f3n con los premios (ver Art\u00edculo I).<\/li>\n<li>Universidad.<\/li>\n<li>Correo electr\u00f3nico.<\/li>\n<\/ol>\n<\/li>\n<li>El primero de los nombres introducidos corresponder\u00e1 al representante del grupo y su universidad determinar\u00e1 el Comit\u00e9 Evaluador Delegado al que ser\u00e1 enviada su soluci\u00f3n.<\/li>\n<li>Una vez completada la inscripci\u00f3n, se generar\u00e1 un c\u00f3digo que identificar\u00e1 al grupo. Este c\u00f3digo se enviar\u00e1 a los miembros del grupo por email, y ser\u00e1 necesario para realizar las entregas de las soluciones.<\/li>\n<li>El plazo de presentaci\u00f3n de soluciones finaliza el lunes 2 de octubre de 2023 a las 17:00h (hora peninsular espa\u00f1ola). No ser\u00e1 considerada ninguna soluci\u00f3n presentada a partir de ese momento.<\/li>\n<li>Las soluciones se presentar\u00e1n telem\u00e1ticamente en castellano o en ingl\u00e9s a trav\u00e9s de un formulario accesible en el enlace <a href=\"https:\/\/ucm.es\/imi\/formulario-cmm-imi-2023\" target=\"_blank\" rel=\"noopener\">https:\/\/ucm.es\/imi\/formulario-cmm-imi-2023<\/a>, y deber\u00e1n contener, en archivos independientes:\n<ol>\n<li>La soluci\u00f3n al problema en archivo pdf de un tama\u00f1o m\u00e1ximo de 50 MB. En la primera hoja de este documento debe aparecer, de forma clara, el c\u00f3digo provisto en el proceso de inscripci\u00f3n. Adem\u00e1s, <strong>en<\/strong><strong> ning\u00fan lugar de la memoria que contenga las soluciones deber\u00e1 figurar informaci\u00f3n que permita identificar al grupo ni a las universidades de procedencia de sus miembros excepto el identificador provisto en la inscripci\u00f3n.<\/strong><\/li>\n<li>Los c\u00f3digos de los programas, datos y otra informaci\u00f3n necesarios para reproducir la soluci\u00f3n, aunque no necesariamente se tendr\u00e1n en cuenta en el proceso de evaluaci\u00f3n.<\/li>\n<\/ol>\n<\/li>\n<li>En el mismo formulario en el que se realice la entrega de las soluciones, se pedir\u00e1 a los integrantes del grupo que aporten los siguientes documentos:\n<ol>\n<li>El DNI, NIE o pasaporte escaneado. Los estudiantes que est\u00e9n cursando el grado en una universidad fuera de Espa\u00f1a podr\u00e1n presentar, de forma alternativa, el documento oficial que acredite su identidad en el pa\u00eds donde est\u00e9 dicha universidad, pero deber\u00e1n tener en cuenta las restricciones que esto implica en relaci\u00f3n con los premios (ver Art\u00edculo I).<\/li>\n<li>El justificante de que cada uno de los miembros del equipo est\u00e1 matriculado, en el curso 2023\/2024, en alguno de los grados de una de las universidades participantes.<\/li>\n<\/ol>\n<\/li>\n<li>El IMI publicar\u00e1 en la p\u00e1gina web del evento <a href=\"http:\/\/blogs.mat.ucm.es\/cmm\">(http:\/\/blogs.mat.ucm.es\/cmm<\/a><u>)<\/u> la lista de los equipos admitidos y no admitidos tan pronto como se revise la documentaci\u00f3n aportada por cada equipo.<\/li>\n<\/ol>\n<ol start=\"7\">\n<li style=\"list-style-type: none;\"><\/li>\n<\/ol>\n<div class=\"su-divider su-divider-style-default\" style=\"margin:15px 0;border-width:2px;border-color:#C7542F\"><a href=\"#\" style=\"color:#999999\">Ir arriba<\/a><\/div>\n<h3><strong>Art\u00edculo III. Del proceso de evaluaci\u00f3n<\/strong><strong>\u00a0<\/strong><\/h3>\n<ol>\n<li>El comit\u00e9 organizador del CMM-IMI es el responsable final de todas las reglas y decisiones, y puede descalificar o negarse a registrar a cualquier equipo que, a su exclusivo criterio, no siga los reglamentos y procedimientos del concurso.<\/li>\n<li>Las entidades colaboradoras en cada universidad participante elegir\u00e1n un Comit\u00e9 Evaluador Delegado en su universidad. El Comit\u00e9 Organizador elegir\u00e1 el Comit\u00e9 Evaluador Central.<\/li>\n<li>Finalizado el plazo de presentaci\u00f3n de soluciones, el Comit\u00e9 Organizador enviar\u00e1 a cada Comit\u00e9 Evaluador Delegado las soluciones presentadas en su universidad.<\/li>\n<li>Cada Comit\u00e9 Evaluador Delegado elevar\u00e1 al Comit\u00e9 Evaluador Central un m\u00e1ximo de tres soluciones ordenadas por su calidad, que consideren adecuadas para ser premiadas y una relaci\u00f3n de los grupos que merecen certificado de participaci\u00f3n. Para ello enviar\u00e1 al Comit\u00e9 Organizador su resoluci\u00f3n, con un plazo l\u00edmite para dicho env\u00edo del 16 de octubre de 2023.<\/li>\n<li>El Comit\u00e9 Evaluador Central decidir\u00e1 las soluciones premiadas entre los trabajos seleccionados por los Comit\u00e9s Evaluadores Locales, de acuerdo con las resoluciones que dichos comit\u00e9s hayan enviado en el plazo l\u00edmite establecido.<\/li>\n<li>Los ganadores ser\u00e1n anunciados en la web del evento, una vez que el Comit\u00e9 Evaluador Central haya tomado sus decisiones.<\/li>\n<li>Los fallos de los Comit\u00e9s Evaluadores Delegados y del Comit\u00e9 Evaluador Central ser\u00e1n inapelables. En cualquier caso, las decisiones relacionadas con la concesi\u00f3n de los premios o el arbitraje de conflictos ser\u00e1n tomadas finalmente por el Comit\u00e9 Organizador.<\/li>\n<\/ol>\n<p>&nbsp;<\/p>\n<div class=\"su-divider su-divider-style-default\" style=\"margin:15px 0;border-width:2px;border-color:#C7542F\"><a href=\"#\" style=\"color:#999999\">Ir arriba<\/a><\/div>\n<h3><strong>Art\u00edculo IV. De la propiedad intelectual<\/strong><\/h3>\n<ol>\n<li>El IMI puede, haciendo en todo momento debida atribuci\u00f3n a los autores originales, usar, editar, extraer y publicar todo o parte de los trabajos enviados por los concursantes para uso promocional o cualquier otro prop\u00f3sito sin \u00e1nimo de lucro, incluido colocarlo en l\u00ednea, distribuirlo electr\u00f3nicamente o publicarlo de otro modo, sin compensaci\u00f3n de ning\u00fan tipo.<\/li>\n<li>El IMI se reserva el derecho de utilizar en los materiales relacionados con este concurso, los nombres de los miembros del equipo, los grados que est\u00e1n cursando y las universidades donde est\u00e1n realizando sus estudios, sin m\u00e1s notificaciones, permisos o compensaciones.<\/li>\n<li>El acto de entrega de premios podr\u00e1 ser grabado y se podr\u00e1n hacer fotos por parte de la organizaci\u00f3n. Las im\u00e1genes y videos resultantes podr\u00e1n ser utilizadas por el IMI para uso promocional o cualquier otro prop\u00f3sito, incluido colocarlo en l\u00ednea, distribuirlo electr\u00f3nicamente o publicarlo de otro modo, sin compensaci\u00f3n de ning\u00fan tipo a los participantes.<\/li>\n<li>Los alumnos tendr\u00e1n derecho a corregir, rectificar o eliminar sus datos personales poni\u00e9ndose en contacto con el director del IMI en la direcci\u00f3n <a href=\"mailto:dirimi@ucm.es\">dirimi@ucm.es<\/a> o por correo postal al Instituto de Matem\u00e1tica Interdisciplinar, Plaza de Ciencias 3, 28040 (Madrid).<\/li>\n<li>Los miembros del equipo se comprometen y afirman que:\n<ol>\n<li>El material y las ideas b\u00e1sicas de la modelizaci\u00f3n matem\u00e1tica del problema son originales.<\/li>\n<li>Todas las im\u00e1genes, figuras, fotograf\u00edas, tablas y dibujos, as\u00ed como citas directas de su documentaci\u00f3n fueron creados por el equipo o, si se reproducen desde otra fuente, el documento debe citar una referencia espec\u00edfica para cada uno en su ubicaci\u00f3n en el env\u00edo.<\/li>\n<\/ol>\n<\/li>\n<\/ol>\n<p>&nbsp;<\/p>\n<div class=\"su-divider su-divider-style-default\" style=\"margin:15px 0;border-width:2px;border-color:#C7542F\"><a href=\"#\" style=\"color:#999999\">Ir arriba<\/a><\/div>\n<p><strong>Como parte del compromiso del Instituto de Matem\u00e1tica Interdisciplinar con la inclusi\u00f3n, la igualdad y la transparencia, se anima de forma especial la participaci\u00f3n de las mujeres y miembros de grupos minoritarios.<\/strong><\/p>\n<p>&nbsp;<\/p>\n<p><strong>M\u00e1s informaci\u00f3n:<\/strong><\/p>\n<p>Instituto de Matem\u00e1tica Interdisciplinar (Universidad Complutense de Madrid)<br \/>\nPlaza de Ciencias, 3<br \/>\n28040 Madrid (Madrid)<br \/>\n<a href=\"https:\/\/www.ucm.es\/imi\">https:\/\/www.ucm.es\/imi<\/a><br \/>\n<a href=\"mailto:secreadm.imi@mat.ucm.es\">secreadm.imi@mat.ucm.es<\/a><br \/>\n<a href=\"mailto:cmm.imi@ucm.es\">cmm.imi@ucm.es<\/a><\/p>\n<p>&nbsp;<\/p>\n<div class=\"su-divider su-divider-style-default\" style=\"margin:15px 0;border-width:2px;border-color:#C7542F\"><a href=\"#\" style=\"color:#999999\">Ir arriba<\/a><\/div>\n<p>&nbsp;<\/p>\n<p><small>Al tratarse de una actividad organizada por el Instituto de Matem\u00e1tica Interdisciplinar (IMI) de la Universidad Complutense de Madrid, Espa\u00f1a (<em>el organizador<\/em>), toda responsabilidad legal y de resoluci\u00f3n de conflictos recae en el organizador, no siendo responsables en tal sentido las instituciones colaboradoras en Chile, a saber, el Centro de Modelamiento Matem\u00e1tico de la Universidad de Chile, la Universidad Andr\u00e9s Bello y Universidad de O&#8217;Higgins (<em>las instituciones colaboradoras<\/em>). Las instituciones colaboradoras proporcionan informaci\u00f3n y facilitan el proceso de calificaci\u00f3n de los participantes, en un esfuerzo por difundir los beneficios de la ciencia, y en particular de las matem\u00e1ticas y la modelizaci\u00f3n matem\u00e1tica.<\/small><\/p>\n<div class=\"su-button-center\"><a href=\"https:\/\/eventos.cmm.uchile.cl\/cmmimi2023\/como-participar\/\" class=\"su-button su-button-style-flat\" style=\"color:#FFFFFF;background-color:#C7542F;border-color:#a04426;border-radius:9px\" target=\"_self\"><span style=\"color:#FFFFFF;padding:8px 24px;font-size:18px;line-height:27px;border-color:#d8886e;border-radius:9px;text-shadow:none\"><i class=\"sui sui-hand-o-right\" style=\"font-size:18px;color:#FFFFFF\"><\/i> C\u00f3mo participar<\/span><\/a><\/div>\n<div class=\"su-divider su-divider-style-default\" style=\"margin:15px 0;border-width:2px;border-color:#C7542F\"><a href=\"#\" style=\"color:#999999\">Ir arriba<\/a><\/div>\n","protected":false},"excerpt":{"rendered":"<p>Descarga las Bases del Concurso (PDF) BASES DEL VI CONCURSO DE MODELIZACI\u00d3N MATEM\u00c1TICA DEL IMI (CMM-IMI 2023) Instituto de Matem\u00e1tica Interdisciplinar (IMI). Universidad Complutense de Madrid 21 de septiembre de 2023 \u00a0 Presentaci\u00f3n El Instituto de Matem\u00e1tica Interdisciplinar (IMI) de la Universidad Complutense de Madrid, en su esfuerzo por promover la investigaci\u00f3n y la ense\u00f1anza [&hellip;]<\/p>\n","protected":false},"author":2,"featured_media":0,"parent":20,"menu_order":0,"comment_status":"closed","ping_status":"closed","template":"","meta":{"inline_featured_image":false,"footnotes":""},"class_list":["post-45","page","type-page","status-publish","hentry"],"_links":{"self":[{"href":"https:\/\/eventos.cmm.uchile.cl\/cmmimi2023\/wp-json\/wp\/v2\/pages\/45","targetHints":{"allow":["GET"]}}],"collection":[{"href":"https:\/\/eventos.cmm.uchile.cl\/cmmimi2023\/wp-json\/wp\/v2\/pages"}],"about":[{"href":"https:\/\/eventos.cmm.uchile.cl\/cmmimi2023\/wp-json\/wp\/v2\/types\/page"}],"author":[{"embeddable":true,"href":"https:\/\/eventos.cmm.uchile.cl\/cmmimi2023\/wp-json\/wp\/v2\/users\/2"}],"replies":[{"embeddable":true,"href":"https:\/\/eventos.cmm.uchile.cl\/cmmimi2023\/wp-json\/wp\/v2\/comments?post=45"}],"version-history":[{"count":14,"href":"https:\/\/eventos.cmm.uchile.cl\/cmmimi2023\/wp-json\/wp\/v2\/pages\/45\/revisions"}],"predecessor-version":[{"id":59,"href":"https:\/\/eventos.cmm.uchile.cl\/cmmimi2023\/wp-json\/wp\/v2\/pages\/45\/revisions\/59"}],"up":[{"embeddable":true,"href":"https:\/\/eventos.cmm.uchile.cl\/cmmimi2023\/wp-json\/wp\/v2\/pages\/20"}],"wp:attachment":[{"href":"https:\/\/eventos.cmm.uchile.cl\/cmmimi2023\/wp-json\/wp\/v2\/media?parent=45"}],"curies":[{"name":"wp","href":"https:\/\/api.w.org\/{rel}","templated":true}]}}