{"id":20,"date":"2017-07-12T16:30:45","date_gmt":"2017-07-12T20:30:45","guid":{"rendered":"http:\/\/eventos.cmm.uchile.cl\/enim2024\/?page_id=20"},"modified":"2024-11-14T16:39:30","modified_gmt":"2024-11-14T19:39:30","slug":"expositores","status":"publish","type":"page","link":"https:\/\/eventos.cmm.uchile.cl\/enim2024\/expositores\/","title":{"rendered":"Expositores"},"content":{"rendered":"<p>En est\u00e1 secci\u00f3n se puede encontrar, con un poco m\u00e1s de detalle, las informaciones sobre las personas que expondr\u00e1n en esta edici\u00f3n del ENIM.<\/p>\n","protected":false},"excerpt":{"rendered":"<p>En est\u00e1 secci\u00f3n se puede encontrar, con un poco m\u00e1s de detalle, las informaciones sobre las personas que expondr\u00e1n en esta edici\u00f3n del ENIM.<\/p>\n","protected":false},"author":45,"featured_media":0,"parent":0,"menu_order":1,"comment_status":"closed","ping_status":"closed","template":"","meta":{"inline_featured_image":false,"footnotes":""},"class_list":["post-20","page","type-page","status-publish","hentry"],"_links":{"self":[{"href":"https:\/\/eventos.cmm.uchile.cl\/enim2024\/wp-json\/wp\/v2\/pages\/20","targetHints":{"allow":["GET"]}}],"collection":[{"href":"https:\/\/eventos.cmm.uchile.cl\/enim2024\/wp-json\/wp\/v2\/pages"}],"about":[{"href":"https:\/\/eventos.cmm.uchile.cl\/enim2024\/wp-json\/wp\/v2\/types\/page"}],"author":[{"embeddable":true,"href":"https:\/\/eventos.cmm.uchile.cl\/enim2024\/wp-json\/wp\/v2\/users\/45"}],"replies":[{"embeddable":true,"href":"https:\/\/eventos.cmm.uchile.cl\/enim2024\/wp-json\/wp\/v2\/comments?post=20"}],"version-history":[{"count":37,"href":"https:\/\/eventos.cmm.uchile.cl\/enim2024\/wp-json\/wp\/v2\/pages\/20\/revisions"}],"predecessor-version":[{"id":559,"href":"https:\/\/eventos.cmm.uchile.cl\/enim2024\/wp-json\/wp\/v2\/pages\/20\/revisions\/559"}],"wp:attachment":[{"href":"https:\/\/eventos.cmm.uchile.cl\/enim2024\/wp-json\/wp\/v2\/media?parent=20"}],"curies":[{"name":"wp","href":"https:\/\/api.w.org\/{rel}","templated":true}]}}