{"id":376,"date":"2024-10-14T18:16:38","date_gmt":"2024-10-14T21:16:38","guid":{"rendered":"https:\/\/eventos.cmm.uchile.cl\/enim2024\/?page_id=376"},"modified":"2024-11-22T01:37:49","modified_gmt":"2024-11-22T04:37:49","slug":"optimizacion","status":"publish","type":"page","link":"https:\/\/eventos.cmm.uchile.cl\/enim2024\/optimizacion\/","title":{"rendered":"Acciones Afirmativas en Sistemas de Admisi\u00f3n Escolar y Universitaria"},"content":{"rendered":"<p><img loading=\"lazy\" decoding=\"async\" class=\"alignnone wp-image-299\" src=\"https:\/\/eventos.cmm.uchile.cl\/enim2024\/wp-content\/uploads\/sites\/206\/2024\/10\/aulas-1-300x151.jpg\" alt=\"\" width=\"844\" height=\"425\" srcset=\"https:\/\/eventos.cmm.uchile.cl\/enim2024\/wp-content\/uploads\/sites\/206\/2024\/10\/aulas-1-300x151.jpg 300w, https:\/\/eventos.cmm.uchile.cl\/enim2024\/wp-content\/uploads\/sites\/206\/2024\/10\/aulas-1-1024x514.jpg 1024w, https:\/\/eventos.cmm.uchile.cl\/enim2024\/wp-content\/uploads\/sites\/206\/2024\/10\/aulas-1-768x386.jpg 768w, https:\/\/eventos.cmm.uchile.cl\/enim2024\/wp-content\/uploads\/sites\/206\/2024\/10\/aulas-1.jpg 1280w\" sizes=\"auto, (max-width: 844px) 100vw, 844px\" \/><\/p>\n<h3><strong>Profesora:<\/strong> <a href=\"https:\/\/eventos.cmm.uchile.cl\/enim2024\/profesores\/#piazza\">Adriana Piazza<\/a><\/h3>\n<h3><strong>[Bloque B]<\/strong> 2 sesiones, lunes y martes de las 16h30 a las 17h45<\/h3>\n<p>El curso tiene como objetivo analizar diversas medidas de acci\u00f3n afirmativa actualmente empleadas en los sistemas de admisi\u00f3n escolar y universitaria, con un enfoque particular en el caso de Chile. Para ello, examinaremos el mecanismo de Aceptaci\u00f3n Diferida, que se utiliza en los sistemas de ingreso de varios pa\u00edses. Adem\u00e1s, describiremos distintos tipos de acciones afirmativas y mostraremos c\u00f3mo adaptar el algoritmo de Aceptaci\u00f3n Diferida para incorporarlas, analizando sus propiedades. Finalmente, aplicaremos lo aprendido al caso de los cupos de g\u00e9nero, una medida de acci\u00f3n afirmativa que el DEMRE implementar\u00e1 a partir del proceso de ingreso universitario de 2025.<\/p>\n<h5><strong>Conocimientos previos deseables: <\/strong>Nociones de programaci\u00f3n, en particular Algoritmos y Pseudo-c\u00f3digo.<\/h5>\n","protected":false},"excerpt":{"rendered":"<p>Profesora: Adriana Piazza [Bloque B] 2 sesiones, lunes y martes de las 16h30 a las 17h45 El curso tiene como objetivo analizar diversas medidas de acci\u00f3n afirmativa actualmente empleadas en los sistemas de admisi\u00f3n escolar y universitaria, con un enfoque particular en el caso de Chile. Para ello, examinaremos el mecanismo de Aceptaci\u00f3n Diferida, que &hellip; <a href=\"https:\/\/eventos.cmm.uchile.cl\/enim2024\/optimizacion\/\" class=\"more-link\">Contin\u00fae leyendo <span class=\"screen-reader-text\">Acciones Afirmativas en Sistemas de Admisi\u00f3n Escolar y Universitaria<\/span> <span class=\"meta-nav\">&rarr;<\/span><\/a><\/p>\n","protected":false},"author":120,"featured_media":0,"parent":0,"menu_order":0,"comment_status":"closed","ping_status":"closed","template":"","meta":{"inline_featured_image":false,"footnotes":""},"class_list":["post-376","page","type-page","status-publish","hentry"],"_links":{"self":[{"href":"https:\/\/eventos.cmm.uchile.cl\/enim2024\/wp-json\/wp\/v2\/pages\/376","targetHints":{"allow":["GET"]}}],"collection":[{"href":"https:\/\/eventos.cmm.uchile.cl\/enim2024\/wp-json\/wp\/v2\/pages"}],"about":[{"href":"https:\/\/eventos.cmm.uchile.cl\/enim2024\/wp-json\/wp\/v2\/types\/page"}],"author":[{"embeddable":true,"href":"https:\/\/eventos.cmm.uchile.cl\/enim2024\/wp-json\/wp\/v2\/users\/120"}],"replies":[{"embeddable":true,"href":"https:\/\/eventos.cmm.uchile.cl\/enim2024\/wp-json\/wp\/v2\/comments?post=376"}],"version-history":[{"count":4,"href":"https:\/\/eventos.cmm.uchile.cl\/enim2024\/wp-json\/wp\/v2\/pages\/376\/revisions"}],"predecessor-version":[{"id":649,"href":"https:\/\/eventos.cmm.uchile.cl\/enim2024\/wp-json\/wp\/v2\/pages\/376\/revisions\/649"}],"wp:attachment":[{"href":"https:\/\/eventos.cmm.uchile.cl\/enim2024\/wp-json\/wp\/v2\/media?parent=376"}],"curies":[{"name":"wp","href":"https:\/\/api.w.org\/{rel}","templated":true}]}}