{"id":493,"date":"2024-11-22T00:35:44","date_gmt":"2024-11-22T03:35:44","guid":{"rendered":"https:\/\/eventos.cmm.uchile.cl\/enim2024\/?page_id=493"},"modified":"2024-12-08T19:30:54","modified_gmt":"2024-12-08T22:30:54","slug":"profesores","status":"publish","type":"page","link":"https:\/\/eventos.cmm.uchile.cl\/enim2024\/profesores\/","title":{"rendered":"Profesores"},"content":{"rendered":"<div class=\"su-divider su-divider-style-default\" style=\"margin:15px 0;border-width:3px;border-color:#EE3124\"><\/div>\n<h1 id=\"gormaz\"><strong>Ra\u00fal Gormaz<\/strong><\/h1>\n<h6>Departamento de Ingenier\u00eda Matem\u00e1tica, FCFM | <a href=\"https:\/\/www.cmm.uchile.cl\/?cmm_people=raul-gormaz\">Perfil acad\u00e9mico<\/a><br \/>\nInvestigador en Matem\u00e1tica Aplicada y Educaci\u00f3n Matem\u00e1tica, CMM<\/h6>\n<p><img decoding=\"async\" class=\"alignright\" src=\"https:\/\/www.cmm.uchile.cl\/wp-content\/uploads\/2012\/02\/gormaz_raul.jpg\" alt=\"Ra\u00fal Gormaz\" \/><\/p>\n<p>El Dr. Ra\u00fal Gormaz es Licenciado en Ciencias con menci\u00f3n en Matem\u00e1ticas y Mag\u00edster en Ciencias, ambos por la Universidad de Chile. Obtuvo su Doctorado en Matem\u00e1ticas Aplicadas en la Universit\u00e9 Joseph Fourier &#8211; Grenoble I, Francia, en 1993. Su \u00e1rea de investigaci\u00f3n se centra en la mec\u00e1nica matem\u00e1tica y los problemas inversos, con un inter\u00e9s particular en los m\u00e9todos num\u00e9ricos para ecuaciones en derivadas parciales. Ha trabajado en el Centro de Modelamiento Matem\u00e1tico (CMM) de la Universidad de Chile, espec\u00edficamente en el \u00e1rea de Miner\u00eda Digital, aplicando modelos matem\u00e1ticos a procesos industriales y ambientales.<\/p>\n<p>Adem\u00e1s de su labor investigativa, el Dr. Gormaz ha mostrado un compromiso significativo con la educaci\u00f3n matem\u00e1tica. Ha participado en proyectos orientados a la ense\u00f1anza de la geometr\u00eda y la evaluaci\u00f3n educativa, contribuyendo al desarrollo de recursos y metodolog\u00edas para mejorar la comprensi\u00f3n y ense\u00f1anza de las matem\u00e1ticas en distintos niveles educativos. Su trayectoria combina la investigaci\u00f3n aplicada con la formaci\u00f3n docente, reflejando una dedicaci\u00f3n integral al avance de las matem\u00e1ticas tanto en el \u00e1mbito acad\u00e9mico como en la educaci\u00f3n escolar.<\/p>\n<p>En esta edici\u00f3n del ENIM, el profesor Ra\u00fal Gormaz dictar\u00e1 el cursillo de <a href=\"https:\/\/eventos.cmm.uchile.cl\/enim2024\/historia\/\">Algunas Aventuras de la Historia de las Matem\u00e1ticas<\/a>.<\/p>\n<div class=\"su-divider su-divider-style-default\" style=\"margin:15px 0;border-width:3px;border-color:#EE3124\"><a href=\"#\" style=\"color:#999999\">Volver arriba<\/a><\/div>\n<h1 id=\"matias\"><strong>Mat\u00edas Pavez-Sign\u00e9<\/strong><\/h1>\n<h6>Departamento de Ingenier\u00eda Matem\u00e1tica, FCFM | <a href=\"https:\/\/www.cmm.uchile.cl\/?cmm_people=matias-pavez-signe\">Perfil acad\u00e9mico<\/a><br \/>\nInvestigador en Combinatoria, CMM<\/h6>\n<p><img decoding=\"async\" class=\"alignright\" src=\"https:\/\/www.cmm.uchile.cl\/wp-content\/uploads\/2021\/03\/pavez_signe_matias_02.jpg\" alt=\"Mat\u00edas Pavez-Sign\u00e9\" \/><\/p>\n<p>El Dr. Mat\u00edas Pavez-Sign\u00e9 es Licenciado en Ciencias de la Ingenier\u00eda con menci\u00f3n en Matem\u00e1ticas (2014), Ingeniero Civil Matem\u00e1tico (2016) y Doctor en Modelamiento Matem\u00e1tico (2021), todos por la Universidad de Chile.<br \/>\nActualmente, se desempe\u00f1a como Profesor Asistente en el Departamento de Ingenier\u00eda Matem\u00e1tica y es investigador asociado en el Centro de Modelamiento Matem\u00e1tico (CMM) de la misma universidad. Su \u00e1rea de investigaci\u00f3n se centra en la combinatoria, con \u00e9nfasis en la combinatoria extremal y probabil\u00edstica, explorando tambi\u00e9n la intersecci\u00f3n de esta disciplina con otras \u00e1reas como el an\u00e1lisis, los sistemas din\u00e1micos, la teor\u00eda de la probabilidad y la teor\u00eda de n\u00fameros.<\/p>\n<p>En 2024, el Dr. Pavez-Sign\u00e9 fue beneficiado con un proyecto Fondecyt Regular titulado &#8220;Randomness and expansion in Extremal Combinatorics&#8221;, donde aborda preguntas cl\u00e1sicas en teor\u00eda extremal de grafos e hipergrafos, utilizando principalmente t\u00e9cnicas probabil\u00edsticas, con un enfoque particular en resolver cuestiones sobre n\u00fameros de Ramsey de \u00e1rboles. Adem\u00e1s, ha coordinado seminarios en el CMM, como el &#8220;Seminario de Grafos&#8221;, contribuyendo activamente a la difusi\u00f3n y discusi\u00f3n de temas actuales en teor\u00eda de grafos y combinatoria. Su compromiso con la investigaci\u00f3n y la docencia lo posiciona como un referente en su campo, aportando al desarrollo de la matem\u00e1tica en Chile.<\/p>\n<p>En esta edici\u00f3n del ENIM, el profesor Mat\u00edas Pavez-Sign\u00e9 dictar\u00e1 el cursillo de <a href=\"https:\/\/eventos.cmm.uchile.cl\/enim2024\/grafos\/\">Introducci\u00f3n a la Teor\u00eda L\u00edmite de Grafos<\/a>.<\/p>\n<div class=\"su-divider su-divider-style-default\" style=\"margin:15px 0;border-width:3px;border-color:#EE3124\"><a href=\"#\" style=\"color:#999999\">Volver arriba<\/a><\/div>\n<h1 id=\"remenik\"><strong>Daniel Remenik<\/strong><\/h1>\n<h6>Departamento de Ingenier\u00eda Matem\u00e1tica, FCFM | <a href=\"https:\/\/www.cmm.uchile.cl\/?cmm_people=daniel-remenik\">Perfil acad\u00e9mico<\/a><br \/>\nInvestigador Principal, CMM<\/h6>\n<p><img decoding=\"async\" class=\"alignright\" src=\"https:\/\/www.cmm.uchile.cl\/wp-content\/uploads\/2015\/03\/remenik01.jpg\" alt=\"Daniel Remenik\" \/><\/p>\n<p>El Dr. Daniel Remenik es Ingeniero Civil Matem\u00e1tico por la Universidad de Chile (2002) y Doctor en Matem\u00e1ticas Aplicadas por la Universidad de Cornell, Estados Unidos (2009). Actualmente, se desempe\u00f1a como Profesor Asociado en el Departamento de Ingenier\u00eda Matem\u00e1tica y como Investigador Principal en el Centro de Modelamiento Matem\u00e1tico (CMM) de la Universidad de Chile. Su \u00e1rea de investigaci\u00f3n se centra en la teor\u00eda de la probabilidad, con un enfoque particular en la clase de universalidad KPZ, que estudia fen\u00f3menos de crecimiento aleatorio y sus aplicaciones en diversos campos.<\/p>\n<p>En reconocimiento a sus contribuciones al desarrollo de las matem\u00e1ticas, el Dr. Remenik fue galardonado en 2021 con el MCA Prize, otorgado por el Mathematical Council of the Americas, y con el Rollo Davidson Prize, destinado a j\u00f3venes probabilistas, siendo el primer matem\u00e1tico fuera de Europa y Estados Unidos en recibir este \u00faltimo reconocimiento. Adem\u00e1s, fue el \u00fanico chileno en presentar una charla en el Congreso Internacional de Matem\u00e1ticos (ICM) de 2022, el evento m\u00e1s prestigioso en el \u00e1mbito de las matem\u00e1ticas a nivel mundial. Su labor acad\u00e9mica y cient\u00edfica ha contribuido significativamente al avance de la probabilidad y sus aplicaciones, posicion\u00e1ndolo como un referente en su campo a nivel internacional.<\/p>\n<p>En esta edici\u00f3n del ENIM, el profesor Daniel Remenik dictar\u00e1 el cursillo de <a href=\"https:\/\/eventos.cmm.uchile.cl\/enim2024\/probabilidades\/\">Secuencias crecientes en un mazo de cartas<\/a>.<\/p>\n<div class=\"su-divider su-divider-style-default\" style=\"margin:15px 0;border-width:3px;border-color:#EE3124\"><a href=\"#\" style=\"color:#999999\">Volver arriba<\/a><\/div>\n<h1 id=\"fontbona\"><strong>Joaqu\u00edn Fontbona<\/strong><\/h1>\n<h6>Departamento de Ingenier\u00eda Matem\u00e1tica, FCFM | <a href=\"https:\/\/www.cmm.uchile.cl\/?cmm_people=joaquin-fontbona\">Perfil acad\u00e9mico<\/a><br \/>\nInvestigador Asociado, CMM<\/h6>\n<p><img decoding=\"async\" class=\"alignright\" src=\"https:\/\/www.cmm.uchile.cl\/wp-content\/uploads\/2012\/02\/fontbona_joaquin_01.jpg\" alt=\"Joaqu\u00edn Fontbona\" \/><\/p>\n<p>El Dr. Joaqu\u00edn Fontbona es Ingeniero Civil Matem\u00e1tico por la Universidad de Chile (1999) y Doctor en Matem\u00e1ticas por la Universit\u00e9 Pierre et Marie Curie (Par\u00eds VI), Francia (2004). Actualmente, se desempe\u00f1a como Profesor Asociado en el Departamento de Ingenier\u00eda Matem\u00e1tica y como Investigador en el Centro de Modelamiento Matem\u00e1tico (CMM) de la Universidad de Chile. Su \u00e1rea de investigaci\u00f3n se centra en la teor\u00eda de la probabilidad y procesos estoc\u00e1sticos, con aplicaciones en f\u00edsica y biolog\u00eda.<\/p>\n<p>El Dr. Fontbona coordina el \u00e1rea de Ciencia de Datos en el CMM, donde lidera proyectos que buscan aprovechar las oportunidades de la revoluci\u00f3n de datos mediante un enfoque basado en el pensamiento y modelamiento matem\u00e1tico. Recientemente, su trabajo titulado &#8220;Simetr\u00edas en Redes Neuronales Sobreparametrizadas: un Enfoque de Campo Medio&#8221; fue seleccionado para presentarse en NeurIPS 2024, la conferencia m\u00e1s prestigiosa en inteligencia artificial y aprendizaje autom\u00e1tico. Adem\u00e1s, dirige el Laboratorio de Simulaci\u00f3n Estoc\u00e1stica y Estad\u00edstica, donde desarrolla herramientas matem\u00e1ticas para apoyar la gesti\u00f3n de activos financieros y otros proyectos asociados. Su compromiso con la investigaci\u00f3n y la docencia ha contribuido significativamente al avance de la matem\u00e1tica aplicada en Chile.<\/p>\n<p>En esta edici\u00f3n del ENIM, el profesor Joaqu\u00edn Fontbona dictar\u00e1 en conjunto el cursillo de <a href=\"https:\/\/eventos.cmm.uchile.cl\/enim2024\/redes\/\">The Math Behind the Magic: Neural Networks, Theory and Practice<\/a>.<\/p>\n<div class=\"su-divider su-divider-style-default\" style=\"margin:15px 0;border-width:3px;border-color:#EE3124\"><a href=\"#\" style=\"color:#999999\">Volver arriba<\/a><\/div>\n<h1 id=\"xavi\"><strong>Javier Maass<\/strong><\/h1>\n<h6>Ingeniero Civil Matem\u00e1tico, DIM, FCFM | <a href=\"https:\/\/repositorio.uchile.cl\/handle\/2250\/199744\">Tesis de Magister<\/a><br \/>\nConsultor en Modelamiento Matem\u00e1tico, <a href=\"https:\/\/tryreplai.io\/\">Replai<\/a><\/h6>\n<p><img loading=\"lazy\" decoding=\"async\" class=\" wp-image-673 alignright\" src=\"https:\/\/eventos.cmm.uchile.cl\/enim2024\/wp-content\/uploads\/sites\/206\/2024\/11\/Javier-e1732801329988-265x300.jpg\" alt=\"\" width=\"166\" height=\"188\" srcset=\"https:\/\/eventos.cmm.uchile.cl\/enim2024\/wp-content\/uploads\/sites\/206\/2024\/11\/Javier-e1732801329988-265x300.jpg 265w, https:\/\/eventos.cmm.uchile.cl\/enim2024\/wp-content\/uploads\/sites\/206\/2024\/11\/Javier-e1732801329988.jpg 716w\" sizes=\"auto, (max-width: 166px) 100vw, 166px\" \/><\/p>\n<p>Javier Maass es Ingeniero Civil Matem\u00e1tico de la Universidad de Chile, con mag\u00edster en Matem\u00e1ticas Aplicadas en la misma instituci\u00f3n, y un Doble T\u00edtulo de Ingenier\u00eda en CentraleSup\u00e9lec (Francia).<\/p>\n<p>Javier tiene una s\u00f3lida formaci\u00f3n en modelamiento matem\u00e1tico, con especial foco en el an\u00e1lisis de datos y el desarrollo y despliegue de herramientas de Machine Learning (ML). Ha trabajado en proyectos de IA en diversas empresas, destac\u00e1ndose por su liderazgo en ISATEC para abordar el an\u00e1lisis de electrocardiogramas &#8216;asistido por IA&#8217;. Actualmente, Javier se desempe\u00f1a como AI Researcher en ReplAI, donde investiga posibles mejoras en los sistemas de RAG, a la vez que dirige un proyecto en el \u00e1mbito de la prevenci\u00f3n de lavado de activos. Paralelamente, Javier participa activamente en proyectos de investigaci\u00f3n del Centro de Modelamiento Matem\u00e1tico (CMM) de la Universidad de Chile, incluyendo aplicaciones de ML a la predicci\u00f3n de ataques epil\u00e9pticos. Finalmente, Javier posee tambi\u00e9n buena experiencia como investigador en el \u00e1rea de ML, habiendo publicado su tesis (&#8220;Symmetries in Overparametrized Neural Networks: A mean field view&#8221;) en una de las conferencias m\u00e1s importantes del \u00e1rea (Neurips 2024 spotlight).<\/p>\n<p>Su compromiso con la innovaci\u00f3n y la excelencia lo posicionan como un profesional destacado en el \u00e1mbito del modelamiento matem\u00e1tico, las matem\u00e1ticas aplicadas y, espec\u00edficamente, el ML. En esta edici\u00f3n del ENIM, Javier dictar\u00e1 en conjunto el cursillo de <a href=\"https:\/\/eventos.cmm.uchile.cl\/enim2024\/redes\/\">The Math Behind the Magic: Neural Networks, Theory and Practice<\/a>.<\/p>\n<div class=\"su-divider su-divider-style-default\" style=\"margin:15px 0;border-width:3px;border-color:#EE3124\"><a href=\"#\" style=\"color:#999999\">Volver arriba<\/a><\/div>\n<h1 id=\"dolguin\"><strong>Diego Olgu\u00edn Wende<\/strong><\/h1>\n<h6>Estudiante de Ingenier\u00eda Civil Matem\u00e1tica, DIM, FCFM<br \/>\nAsistente de Investigaci\u00f3n, CMM<\/h6>\n<p><img loading=\"lazy\" decoding=\"async\" class=\"alignright size-full wp-image-678\" src=\"https:\/\/eventos.cmm.uchile.cl\/enim2024\/wp-content\/uploads\/sites\/206\/2024\/12\/olguin_diego_01.jpg\" alt=\"Diego Olgu\u00edn Wende\" width=\"200\" height=\"240\" \/><\/p>\n<p>Diego Olgu\u00edn Wende es estudiante de Ingenier\u00eda Civil Matem\u00e1tica y Mag\u00edster en Matem\u00e1ticas Aplicadas en la Universidad de Chile, con una s\u00f3lida formaci\u00f3n en modelamiento matem\u00e1tico, optimizaci\u00f3n, estad\u00edstica y an\u00e1lisis de datos. Su experiencia abarca la implementaci\u00f3n de modelos matem\u00e1ticos para la toma de decisiones estrat\u00e9gicas, utilizando herramientas de computaci\u00f3n cient\u00edfica y aprendizaje de m\u00e1quinas. Adem\u00e1s, ha participado en proyectos de investigaci\u00f3n en el Centro de Modelamiento Matem\u00e1tico (CMM) de la Universidad de Chile, enfoc\u00e1ndose en la aplicaci\u00f3n de t\u00e9cnicas avanzadas de an\u00e1lisis num\u00e9rico y estad\u00edstico. Su principal \u00e1rea de investigaci\u00f3n aplicada se centra en epidemiolog\u00eda y salud digital.<\/p>\n<p>En esta edici\u00f3n del ENIM, Diego dictar\u00e1 el cursillo de <a href=\"https:\/\/eventos.cmm.uchile.cl\/enim2024\/redes\/\">The Math Behind the Magic: Neural Networks, Theory and Practice<\/a>, junto al prof. Joaqu\u00edn Fontbona y Javier Maass.<\/p>\n<div class=\"su-divider su-divider-style-default\" style=\"margin:15px 0;border-width:3px;border-color:#EE3124\"><a href=\"#\" style=\"color:#999999\">Volver arriba<\/a><\/div>\n<h1 id=\"rayssa\"><strong>Rayssa Caju<\/strong><\/h1>\n<h6>Departamento de Ingenier\u00eda Matem\u00e1tica, FCFM | <a href=\"https:\/\/www.cmm.uchile.cl\/?cmm_people=rayssa-caju\">Perfil acad\u00e9mico<\/a><br \/>\nInvestigadora en An\u00e1lisis No Lineal y Ecuaciones Diferenciales Parciales, CMM<\/h6>\n<p><img decoding=\"async\" class=\"alignright\" src=\"https:\/\/www.cmm.uchile.cl\/wp-content\/uploads\/2023\/01\/caju_rayssa_01.jpg\" alt=\"Rayssa Caju\" \/><\/p>\n<p>La Dra. Rayssa Caju es Licenciada en Matem\u00e1ticas (2013) y Doctora en Matem\u00e1ticas (2018) por la Universidade Federal da Para\u00edba, Brasil. Desde 2022, se desempe\u00f1a como Chair CMM\u2013CNRS para J\u00f3venes Investigadores en la Universidad de Chile y como investigadora asociada en el Centro de Modelamiento Matem\u00e1tico (CMM). Su investigaci\u00f3n se centra en el an\u00e1lisis no lineal, con \u00e9nfasis en ecuaciones diferenciales parciales y an\u00e1lisis geom\u00e9trico, \u00e1reas donde ha realizado contribuciones significativas.<\/p>\n<p>Adem\u00e1s de su trabajo cient\u00edfico, la Dra. Caju tiene un rol activo en la organizaci\u00f3n de actividades acad\u00e9micas, como el taller &#8220;Nonlinear Analysis: Geometric, Variational and Dispersive aspects&#8221;, realizado en 2024. Su labor ha sido reconocida por su capacidad de abordar problemas matem\u00e1ticos complejos desde una perspectiva interdisciplinaria, consolid\u00e1ndose como una figura destacada en el \u00e1mbito de las matem\u00e1ticas aplicadas.<\/p>\n<p>En esta edici\u00f3n del ENIM, la profesora Rayssa Caju dictar\u00e1 en conjunto el cursillo de <a href=\"https:\/\/eventos.cmm.uchile.cl\/enim2024\/geodiff\/\">Una introducci\u00f3n a superficies minimales y aplicaciones<\/a>.<\/p>\n<div class=\"su-divider su-divider-style-default\" style=\"margin:15px 0;border-width:3px;border-color:#EE3124\"><a href=\"#\" style=\"color:#999999\">Volver arriba<\/a><\/div>\n<h1 id=\"piazza\"><strong>Adriana Piazza<\/strong><\/h1>\n<h6>Departamento de Econom\u00eda, <a href=\"https:\/\/fen.uchile.cl\/es\">FEN<\/a> | <a href=\"https:\/\/fen.uchile.cl\/es\/academicos-investigacion\/directorio-de-academicos\/detalle\/adriana-piazza\">Perfil acad\u00e9mico<\/a><br \/>\nInvestigadora asociada, CMM<\/h6>\n<p><img decoding=\"async\" class=\"alignright\" src=\"https:\/\/www.cmm.uchile.cl\/wp-content\/uploads\/2012\/02\/piazza_adriana_03.jpg\" alt=\"Adriana Piazza\" \/><\/p>\n<p>La Dra. Adriana Piazza es Ingeniera El\u00e9ctrica por la Universidad de la Rep\u00fablica, Uruguay (2001), y posee un Doctorado en Matem\u00e1ticas Aplicadas por la Universit\u00e9 de Montpellier II, Francia, y la Universidad de Chile (2007). Actualmente, se desempe\u00f1a como Profesora Asociada en el Departamento de Econom\u00eda de la Facultad de Econom\u00eda y Negocios (FEN) de la Universidad de Chile, y es investigadora asociada en el Centro de Modelamiento Matem\u00e1tico (CMM). Sus \u00e1reas de investigaci\u00f3n incluyen la econom\u00eda te\u00f3rica y la investigaci\u00f3n operativa, con un enfoque particular en la gesti\u00f3n sustentable de recursos naturales.<\/p>\n<p>La Dra. Piazza ha publicado art\u00edculos en revistas de alto impacto como Management Science, Journal of Economic Theory, Economic Theory y Mathematics of Operations Research. Adem\u00e1s, ha sido investigadora principal en varios proyectos Fondecyt-ANID, reflejando su compromiso con la investigaci\u00f3n de excelencia. Antes de unirse al Departamento de Econom\u00eda de la Universidad de Chile, fue acad\u00e9mica en la Universidad T\u00e9cnica Federico Santa Mar\u00eda y en la Universidad Adolfo Ib\u00e1\u00f1ez, aportando significativamente al desarrollo de la investigaci\u00f3n y la docencia en el \u00e1mbito de la econom\u00eda y las matem\u00e1ticas aplicadas en Chile.<\/p>\n<p>En esta edici\u00f3n del ENIM, la profesora Adriana Piazza dictar\u00e1 en conjunto el cursillo de <a href=\"https:\/\/eventos.cmm.uchile.cl\/enim2024\/optimizacion\/\">Acciones Afirmativas en Sistemas de Admisi\u00f3n Escolar y Universitaria<\/a>.<\/p>\n<div class=\"su-divider su-divider-style-default\" style=\"margin:15px 0;border-width:3px;border-color:#EE3124\"><a href=\"#\" style=\"color:#999999\">Volver arriba<\/a><\/div>\n","protected":false},"excerpt":{"rendered":"<p>Ra\u00fal Gormaz Departamento de Ingenier\u00eda Matem\u00e1tica, FCFM | Perfil acad\u00e9mico Investigador en Matem\u00e1tica Aplicada y Educaci\u00f3n Matem\u00e1tica, CMM El Dr. Ra\u00fal Gormaz es Licenciado en Ciencias con menci\u00f3n en Matem\u00e1ticas y Mag\u00edster en Ciencias, ambos por la Universidad de Chile. Obtuvo su Doctorado en Matem\u00e1ticas Aplicadas en la Universit\u00e9 Joseph Fourier &#8211; Grenoble I, Francia, &hellip; <a href=\"https:\/\/eventos.cmm.uchile.cl\/enim2024\/profesores\/\" class=\"more-link\">Contin\u00fae leyendo <span class=\"screen-reader-text\">Profesores<\/span> <span class=\"meta-nav\">&rarr;<\/span><\/a><\/p>\n","protected":false},"author":120,"featured_media":0,"parent":0,"menu_order":0,"comment_status":"closed","ping_status":"closed","template":"","meta":{"inline_featured_image":false,"footnotes":""},"class_list":["post-493","page","type-page","status-publish","hentry"],"_links":{"self":[{"href":"https:\/\/eventos.cmm.uchile.cl\/enim2024\/wp-json\/wp\/v2\/pages\/493","targetHints":{"allow":["GET"]}}],"collection":[{"href":"https:\/\/eventos.cmm.uchile.cl\/enim2024\/wp-json\/wp\/v2\/pages"}],"about":[{"href":"https:\/\/eventos.cmm.uchile.cl\/enim2024\/wp-json\/wp\/v2\/types\/page"}],"author":[{"embeddable":true,"href":"https:\/\/eventos.cmm.uchile.cl\/enim2024\/wp-json\/wp\/v2\/users\/120"}],"replies":[{"embeddable":true,"href":"https:\/\/eventos.cmm.uchile.cl\/enim2024\/wp-json\/wp\/v2\/comments?post=493"}],"version-history":[{"count":22,"href":"https:\/\/eventos.cmm.uchile.cl\/enim2024\/wp-json\/wp\/v2\/pages\/493\/revisions"}],"predecessor-version":[{"id":690,"href":"https:\/\/eventos.cmm.uchile.cl\/enim2024\/wp-json\/wp\/v2\/pages\/493\/revisions\/690"}],"wp:attachment":[{"href":"https:\/\/eventos.cmm.uchile.cl\/enim2024\/wp-json\/wp\/v2\/media?parent=493"}],"curies":[{"name":"wp","href":"https:\/\/api.w.org\/{rel}","templated":true}]}}