{"id":100,"date":"2018-04-06T13:02:02","date_gmt":"2018-04-06T16:02:02","guid":{"rendered":"http:\/\/eventos.cmm.uchile.cl\/immc\/?page_id=100"},"modified":"2018-10-23T12:46:39","modified_gmt":"2018-10-23T15:46:39","slug":"problemas-anteriores","status":"publish","type":"page","link":"https:\/\/eventos.cmm.uchile.cl\/immc\/recursos\/problemas-anteriores\/","title":{"rendered":"Problemas anteriores del IM\u00b2C"},"content":{"rendered":"<p>Aqu\u00ed les mostramos problemas planteados en versiones anteriores, ya traducidos al espa\u00f1ol.<\/p>\n<h2>Problema 2017: Jet Lag<\/h2>\n[button url=&#8221;http:\/\/eventos.cmm.uchile.cl\/immc\/wp-content\/uploads\/sites\/59\/2018\/04\/Problema_2017.pdf&#8221; target=&#8221;self&#8221; style=&#8221;flat&#8221; background=&#8221;#ea4120&#8243; color=&#8221;#FFFFFF&#8221; size=&#8221;5&#8243; wide=&#8221;no&#8221; center=&#8221;no&#8221; radius=&#8221;auto&#8221; icon=&#8221;icon:file-pdf-o&#8221; icon_color=&#8221;#FFFFFF&#8221; text_shadow=&#8221;none&#8221;]Descargar Problema 2017 (PDF)[\/button]\n<p>&nbsp;<\/p>\n<p><span style=\"font-weight: 400\">Organizar reuniones o encuentros internacionales no es una tarea f\u00e1cil por muchos aspectos, incluyendo el problema de que algunos participantes pueden experimentar efectos del llamado <\/span><i><span style=\"font-weight: 400\">jet lag<\/span><\/i><span style=\"font-weight: 400\"> despu\u00e9s de viajar desde su pa\u00eds de origen al lugar del encuentro, el que puede encontrarse en otra zona horaria, tener distinto clima o estaci\u00f3n del a\u00f1o, etc. Todas estas cosas pueden afectar dram\u00e1ticamente la productividad de la reuni\u00f3n.<\/span><\/p>\n<p><span style=\"font-weight: 400\">El <\/span><b>Encuentro Internacional de la Corporaci\u00f3n de Administraci\u00f3n<\/b><span style=\"font-weight: 400\"> (IMMC, por las siglas en ingl\u00e9s de <\/span><i><span style=\"font-weight: 400\">International Meeting Management Corporation<\/span><\/i><span style=\"font-weight: 400\">) le ha asignado a su grupo de expertos (es decir, su equipo) la tarea de ayudarles a resolver este problema a trav\u00e9s de la creaci\u00f3n de un algoritmo que sugiera el o los mejores lugares para llevar a cabo el encuentro, dado el n\u00famero de participantes, sus ciudades de origen, la fecha aproximada en que se llevar\u00e1 a cabo y cualquier otra informaci\u00f3n que la IMMC pueda solicitarle a sus clientes. <\/span><\/p>\n<p><span style=\"font-weight: 400\">Los participantes usualmente vienen de diversos lugares del planeta, y el encuentro de negocios o de investigaci\u00f3n implica realizar un trabajo intelectual y colaborativo arduo durante tres d\u00edas intensivos, con cada participante contribuyendo de manera equitativa al resultado final. Asuma que no hay problemas de visa ni limitaciones de orden pol\u00edtico, de modo que cualquier pa\u00eds y ciudad pueden ser escogidos para \u00a0llevar a cabo el encuentro.<\/span><\/p>\n<p><span style=\"font-weight: 400\">El <\/span><i><span style=\"font-weight: 400\">output<\/span><\/i><span style=\"font-weight: 400\"> del algoritmo debiese ser una lista de lugares recomendados (regiones, zonas o ciudades espec\u00edficas) que maximicen la productividad general del encuentro. El tema de los costos que implicar\u00eda el encuentro no es prioritario, pero la IMMC, como cualquier compa\u00f1\u00eda, tiene un presupuesto limitado. De esta forma, los costos se pueden considerar como un criterio de elecci\u00f3n secundario. Y la IMMC definitivamente no puede costear el traer a los participantes al encuentro una semana antes para aclimatarlos o darles tiempo de descanso luego de un largo y agotador viaje. <\/span><\/p>\n<p><span style=\"font-weight: 400\">Pruebe su algoritmo en al menos los siguientes dos conjuntos de datos (escenarios):<\/span><\/p>\n<p><b>Escenario 1: \u201cEncuentro peque\u00f1o\u201d<\/b><\/p>\n<ul>\n<li style=\"font-weight: 400\"><span style=\"font-weight: 400\">Tiempo: Mediados de Junio<\/span><\/li>\n<li style=\"font-weight: 400\"><span style=\"font-weight: 400\">Participantes: 6 personas de:<\/span>\n<ul>\n<li style=\"font-weight: 400\"><span style=\"font-weight: 400\">Monterey, California, USA<\/span><\/li>\n<li style=\"font-weight: 400\"><span style=\"font-weight: 400\">Zutphen, Holanda<\/span><\/li>\n<li style=\"font-weight: 400\"><span style=\"font-weight: 400\">Melbourne, Australia<\/span><\/li>\n<li style=\"font-weight: 400\"><span style=\"font-weight: 400\">Shanghai, China<\/span><\/li>\n<li style=\"font-weight: 400\"><span style=\"font-weight: 400\">Hong Kong, China<\/span><\/li>\n<li style=\"font-weight: 400\"><span style=\"font-weight: 400\">Mosc\u00fa, Rusia<\/span><\/li>\n<\/ul>\n<\/li>\n<\/ul>\n<p><b>Escenario 2: \u201cEncuentro grande\u201d<\/b><\/p>\n<ul>\n<li style=\"font-weight: 400\"><span style=\"font-weight: 400\">Tiempo: Enero<\/span><\/li>\n<li style=\"font-weight: 400\"><span style=\"font-weight: 400\">Participantes: 11 individuos de:<\/span>\n<ul>\n<li style=\"font-weight: 400\"><span style=\"font-weight: 400\">Boston Massachusetts, USA (2 personas)<\/span><\/li>\n<li style=\"font-weight: 400\"><span style=\"font-weight: 400\">Singapur<\/span><\/li>\n<li style=\"font-weight: 400\"><span style=\"font-weight: 400\">Beijing, China <\/span><\/li>\n<li style=\"font-weight: 400\"><span style=\"font-weight: 400\">Hong Kong, China (2 personas)<\/span><\/li>\n<li style=\"font-weight: 400\"><span style=\"font-weight: 400\">Mosc\u00fa, Rusia<\/span><\/li>\n<li style=\"font-weight: 400\"><span style=\"font-weight: 400\">Utrecht, Holanda<\/span><\/li>\n<li style=\"font-weight: 400\"><span style=\"font-weight: 400\">Varsovia, Polonia<\/span><\/li>\n<li style=\"font-weight: 400\"><span style=\"font-weight: 400\">Copenhagen, Dinamarca<\/span><\/li>\n<li style=\"font-weight: 400\"><span style=\"font-weight: 400\">Melbourne, Australia<\/span><\/li>\n<\/ul>\n<\/li>\n<\/ul>\n<p><span style=\"font-weight: 400\">El informe con su soluci\u00f3n debe consistir de 1 p\u00e1gina de resumen y otras 20 p\u00e1ginas de desarrollo, dando un total de un m\u00e1ximo de 21 p\u00e1ginas. (Los ap\u00e9ndices y las referencias deben aparecer al final del informe y no cuentan dentro del l\u00edmite de hojas).<\/span><\/p>\n<p>&nbsp;<\/p>\n<h2>Problema 2015: Cronograma de una pel\u00edcula<\/h2>\n[button url=&#8221;http:\/\/eventos.cmm.uchile.cl\/immc\/wp-content\/uploads\/sites\/59\/2018\/04\/Problema_2015.pdf&#8221; target=&#8221;self&#8221; style=&#8221;flat&#8221; background=&#8221;#ea4120&#8243; color=&#8221;#FFFFFF&#8221; size=&#8221;5&#8243; wide=&#8221;no&#8221; center=&#8221;no&#8221; radius=&#8221;auto&#8221; icon=&#8221;icon:file-pdf-o&#8221; icon_color=&#8221;#FFFFFF&#8221; text_shadow=&#8221;none&#8221;]Descargar Problema 2015 (PDF)[\/button]\n<p>&nbsp;<\/p>\n<p><span style=\"font-weight: 400\">Hay mucha preparaci\u00f3n que se debe realizar antes de filmar una pel\u00edcula. Se deben identificar los sets y las escenas importantes, se debe calcular el presupuesto y adem\u00e1s se debe organizar un cronograma. El problema de hacer el cronograma es el foco de estas actividades de modelamiento. Un gran estudio ha contactado a su firma, ya que desean contar con un modelo que les permita realizar un cronograma para una pel\u00edcula. Se les pide responder las preguntas que est\u00e1n descritas m\u00e1s abajo. Adem\u00e1s, se espera que provean de ejemplos y casos de prueba para convencer a los ejecutivos del estudio que su modelo es efectivo y robusto. <\/span><\/p>\n<p><b>Pregunta 1: <\/b><span style=\"font-weight: 400\">Desarrolle un modelo que produzca un cronograma que considere las siguientes variables o restricciones:<\/span><\/p>\n<ul>\n<li style=\"font-weight: 400\"><span style=\"font-weight: 400\">Las fechas en que las estrellas de la pel\u00edcula est\u00e1n disponibles. <\/span><\/li>\n<li style=\"font-weight: 400\"><span style=\"font-weight: 400\">El tiempo requerido para filmar en cada locaci\u00f3n de una lista dada. <\/span><\/li>\n<li style=\"font-weight: 400\"><span style=\"font-weight: 400\">El tiempo requerido para armar y filmar en cada uno de los sets de una lista dada. <\/span><\/li>\n<li style=\"font-weight: 400\"><span style=\"font-weight: 400\">La disponibilidad de ciertos recursos espec\u00edficos. Por ejemplo, si es una pel\u00edcula de guerra, esta puede requerir de un helic\u00f3ptero que solo est\u00e1 disponible algunos d\u00edas espec\u00edficos. <\/span><\/li>\n<li style=\"font-weight: 400\"><span style=\"font-weight: 400\">Algunas escenas no pueden ser filmadas hasta que cierto contenidos generados por computadora est\u00e9n definidos y otros materiales f\u00edsicos sean construidos. Su cronograma debe incluir tiempo extra que permita rehacer algunas tomas en caso de que resulten inadecuadas despu\u00e9s de la edici\u00f3n y la revisi\u00f3n del material filmado.<\/span><\/li>\n<\/ul>\n<p><b>Pregunta 2: <\/b><span style=\"font-weight: 400\">Desarrolle un modelo que tome la informaci\u00f3n y el cronograma generado en la primera pregunta y pueda ajustarse en caso de que haya un atraso en alguno de los aspectos considerados o que cambie la disponibilidad de alguno de los recursos. Por ejemplo, si una de las estrellas de cine tiene un accidente y no puede filmar por cierto periodo de tiempo, su modelo deber\u00eda ser capaz de reajustar el cronograma.<\/span><\/p>\n<p><b>Pregunta 3: <\/b><span style=\"font-weight: 400\">Use el modelo desarrollado en la primera pregunta para establecer una manera de determinar qu\u00e9 restricciones son las m\u00e1s importantes. Esto es, identifique las restricciones que generar\u00e1n los retrasos m\u00e1s largos en caso de que ocurra alg\u00fan problema. <\/span><\/p>\n","protected":false},"excerpt":{"rendered":"<p>Aqu\u00ed les mostramos problemas planteados en versiones anteriores, ya traducidos al espa\u00f1ol. Problema 2017: Jet Lag [button url=&#8221;http:\/\/eventos.cmm.uchile.cl\/immc\/wp-content\/uploads\/sites\/59\/2018\/04\/Problema_2017.pdf&#8221; target=&#8221;self&#8221; style=&#8221;flat&#8221; background=&#8221;#ea4120&#8243; color=&#8221;#FFFFFF&#8221; size=&#8221;5&#8243; wide=&#8221;no&#8221; center=&#8221;no&#8221; radius=&#8221;auto&#8221; icon=&#8221;icon:file-pdf-o&#8221; icon_color=&#8221;#FFFFFF&#8221; text_shadow=&#8221;none&#8221;]Descargar Problema 2017 (PDF)[\/button] &nbsp; Organizar reuniones o encuentros internacionales no es una tarea f\u00e1cil por muchos aspectos, incluyendo el problema de que algunos participantes pueden experimentar &hellip; <a href=\"https:\/\/eventos.cmm.uchile.cl\/immc\/recursos\/problemas-anteriores\/\" class=\"more-link\">Contin\u00fae leyendo <span class=\"screen-reader-text\">Problemas anteriores del IM\u00b2C<\/span> <span class=\"meta-nav\">&rarr;<\/span><\/a><\/p>\n","protected":false},"author":2,"featured_media":0,"parent":148,"menu_order":2,"comment_status":"closed","ping_status":"closed","template":"","meta":{"inline_featured_image":false,"footnotes":""},"class_list":["post-100","page","type-page","status-publish","hentry"],"_links":{"self":[{"href":"https:\/\/eventos.cmm.uchile.cl\/immc\/wp-json\/wp\/v2\/pages\/100","targetHints":{"allow":["GET"]}}],"collection":[{"href":"https:\/\/eventos.cmm.uchile.cl\/immc\/wp-json\/wp\/v2\/pages"}],"about":[{"href":"https:\/\/eventos.cmm.uchile.cl\/immc\/wp-json\/wp\/v2\/types\/page"}],"author":[{"embeddable":true,"href":"https:\/\/eventos.cmm.uchile.cl\/immc\/wp-json\/wp\/v2\/users\/2"}],"replies":[{"embeddable":true,"href":"https:\/\/eventos.cmm.uchile.cl\/immc\/wp-json\/wp\/v2\/comments?post=100"}],"version-history":[{"count":6,"href":"https:\/\/eventos.cmm.uchile.cl\/immc\/wp-json\/wp\/v2\/pages\/100\/revisions"}],"predecessor-version":[{"id":109,"href":"https:\/\/eventos.cmm.uchile.cl\/immc\/wp-json\/wp\/v2\/pages\/100\/revisions\/109"}],"up":[{"embeddable":true,"href":"https:\/\/eventos.cmm.uchile.cl\/immc\/wp-json\/wp\/v2\/pages\/148"}],"wp:attachment":[{"href":"https:\/\/eventos.cmm.uchile.cl\/immc\/wp-json\/wp\/v2\/media?parent=100"}],"curies":[{"name":"wp","href":"https:\/\/api.w.org\/{rel}","templated":true}]}}