{"id":38,"date":"2018-03-27T16:37:05","date_gmt":"2018-03-27T19:37:05","guid":{"rendered":"http:\/\/eventos.cmm.uchile.cl\/immc\/?page_id=38"},"modified":"2018-10-25T18:05:03","modified_gmt":"2018-10-25T21:05:03","slug":"competencia-internacional","status":"publish","type":"page","link":"https:\/\/eventos.cmm.uchile.cl\/immc\/como-participar\/competencia-internacional\/","title":{"rendered":"Reglas de la competencia internacional"},"content":{"rendered":"<h2>Esta informaci\u00f3n estar\u00e1 disponible desde el d\u00eda<strong> 30 de Noviembre de 2018<\/strong>.<\/h2>\n","protected":false},"excerpt":{"rendered":"<p>Esta informaci\u00f3n estar\u00e1 disponible desde el d\u00eda 30 de Noviembre de 2018.<\/p>\n","protected":false},"author":2,"featured_media":0,"parent":16,"menu_order":1,"comment_status":"closed","ping_status":"closed","template":"","meta":{"inline_featured_image":false,"footnotes":""},"class_list":["post-38","page","type-page","status-publish","hentry"],"_links":{"self":[{"href":"https:\/\/eventos.cmm.uchile.cl\/immc\/wp-json\/wp\/v2\/pages\/38","targetHints":{"allow":["GET"]}}],"collection":[{"href":"https:\/\/eventos.cmm.uchile.cl\/immc\/wp-json\/wp\/v2\/pages"}],"about":[{"href":"https:\/\/eventos.cmm.uchile.cl\/immc\/wp-json\/wp\/v2\/types\/page"}],"author":[{"embeddable":true,"href":"https:\/\/eventos.cmm.uchile.cl\/immc\/wp-json\/wp\/v2\/users\/2"}],"replies":[{"embeddable":true,"href":"https:\/\/eventos.cmm.uchile.cl\/immc\/wp-json\/wp\/v2\/comments?post=38"}],"version-history":[{"count":13,"href":"https:\/\/eventos.cmm.uchile.cl\/immc\/wp-json\/wp\/v2\/pages\/38\/revisions"}],"predecessor-version":[{"id":185,"href":"https:\/\/eventos.cmm.uchile.cl\/immc\/wp-json\/wp\/v2\/pages\/38\/revisions\/185"}],"up":[{"embeddable":true,"href":"https:\/\/eventos.cmm.uchile.cl\/immc\/wp-json\/wp\/v2\/pages\/16"}],"wp:attachment":[{"href":"https:\/\/eventos.cmm.uchile.cl\/immc\/wp-json\/wp\/v2\/media?parent=38"}],"curies":[{"name":"wp","href":"https:\/\/api.w.org\/{rel}","templated":true}]}}