{"id":23,"date":"2022-10-28T13:03:25","date_gmt":"2022-10-28T16:03:25","guid":{"rendered":"https:\/\/eventos.cmm.uchile.cl\/itt2022\/?page_id=23"},"modified":"2022-11-18T14:48:21","modified_gmt":"2022-11-18T17:48:21","slug":"postulacion","status":"publish","type":"page","link":"https:\/\/eventos.cmm.uchile.cl\/itt2022\/?page_id=23","title":{"rendered":"C\u00f3mo participar"},"content":{"rendered":"<p class=\"p1\">La inscripci\u00f3n es gratuita, pero requiere comprometerse a participar en todo el evento y las actividades que contempla,\u00a0 incluyendo charlas introductorias a los desaf\u00edos a abordar y sesiones de discusi\u00f3n y trabajo grupal con otros estudiantes, investigadores y profesionales.<\/p>\n<p class=\"p1\">Los participantes deber\u00e1n trabajar en torno a uno o m\u00e1s de los desaf\u00edos planteados,\u00a0 proponer\u00a0 conjuntamente caminos para abordar el problema, y realizar mini-presentaciones sobre las ideas desarrolladas en grupo.<\/p>\n<p>Se requiere comprensi\u00f3n de ingl\u00e9s t\u00e9cnico (escrito y en charlas). Un manejo oral m\u00ednimo de ingl\u00e9s es deseable.<\/p>\n<p>Para participar en este evento, env\u00eda tu postulaci\u00f3n a trav\u00e9s del siguiente formulario. Hay cupos limitados.<\/p>\n\n<div class=\"wpcf7 no-js\" id=\"wpcf7-f26-o1\" lang=\"es-CL\" dir=\"ltr\" data-wpcf7-id=\"26\">\n<div class=\"screen-reader-response\"><p role=\"status\" aria-live=\"polite\" aria-atomic=\"true\"><\/p> <ul><\/ul><\/div>\n<form action=\"\/itt2022\/index.php?rest_route=%2Fwp%2Fv2%2Fpages%2F23#wpcf7-f26-o1\" method=\"post\" class=\"wpcf7-form init\" aria-label=\"Formulario de contacto\" enctype=\"multipart\/form-data\" novalidate=\"novalidate\" data-status=\"init\">\n<fieldset class=\"hidden-fields-container\"><input type=\"hidden\" name=\"_wpcf7\" value=\"26\" \/><input type=\"hidden\" name=\"_wpcf7_version\" value=\"6.1.5\" \/><input type=\"hidden\" name=\"_wpcf7_locale\" value=\"es_CL\" \/><input type=\"hidden\" name=\"_wpcf7_unit_tag\" value=\"wpcf7-f26-o1\" \/><input type=\"hidden\" name=\"_wpcf7_container_post\" value=\"0\" \/><input type=\"hidden\" name=\"_wpcf7_posted_data_hash\" value=\"\" \/><input type=\"hidden\" name=\"_wpcf7cf_hidden_group_fields\" value=\"[]\" \/><input type=\"hidden\" name=\"_wpcf7cf_hidden_groups\" value=\"[]\" \/><input type=\"hidden\" name=\"_wpcf7cf_visible_groups\" value=\"[]\" \/><input type=\"hidden\" name=\"_wpcf7cf_repeaters\" value=\"[]\" \/><input type=\"hidden\" name=\"_wpcf7cf_steps\" value=\"{}\" \/><input type=\"hidden\" name=\"_wpcf7cf_options\" value=\"{&quot;form_id&quot;:26,&quot;conditions&quot;:[],&quot;settings&quot;:{&quot;animation&quot;:&quot;yes&quot;,&quot;animation_intime&quot;:200,&quot;animation_outtime&quot;:200,&quot;conditions_ui&quot;:&quot;normal&quot;,&quot;notice_dismissed&quot;:false,&quot;repeater_remove_button&quot;:&quot;bottom&quot;}}\" \/>\n<\/fieldset>\n<p>Nombre (requerido)\n<\/p>\n<p><span class=\"wpcf7-form-control-wrap\" data-name=\"your-name\"><input size=\"40\" maxlength=\"400\" class=\"wpcf7-form-control wpcf7-text wpcf7-validates-as-required\" aria-required=\"true\" aria-invalid=\"false\" placeholder=\"Nombre Apellido\" value=\"\" type=\"text\" name=\"your-name\" \/><\/span>\n<\/p>\n<p>Instituci\u00f3n y programa de estudio (requerido)\n<\/p>\n<p><span class=\"wpcf7-form-control-wrap\" data-name=\"your-institution\"><input size=\"40\" maxlength=\"400\" class=\"wpcf7-form-control wpcf7-text wpcf7-validates-as-required\" aria-required=\"true\" aria-invalid=\"false\" value=\"\" type=\"text\" name=\"your-institution\" \/><\/span>\n<\/p>\n<p>Email (requerido)\n<\/p>\n<p><span class=\"wpcf7-form-control-wrap\" data-name=\"your-email\"><input size=\"40\" maxlength=\"400\" class=\"wpcf7-form-control wpcf7-email wpcf7-validates-as-required wpcf7-text wpcf7-validates-as-email\" aria-required=\"true\" aria-invalid=\"false\" value=\"\" type=\"email\" name=\"your-email\" \/><\/span>\n<\/p>\n<p> Motivaci\u00f3n:<br \/>\n<span class=\"wpcf7-form-control-wrap\" data-name=\"Comments\"><textarea cols=\"50\" rows=\"10\" maxlength=\"2000\" class=\"wpcf7-form-control wpcf7-textarea\" aria-invalid=\"false\" name=\"Comments\"><\/textarea><\/span>\n<\/p>\n<p> Carta de recomendaci\u00f3n de un(a) acad\u00e9mico\/a (no requerida para estudiantes de postgrado DIM-UChile, pues se obtendr\u00e1 internamente) - en formato PDF:\n<\/p>\n<p><span class=\"wpcf7-form-control-wrap\" data-name=\"carta-recomendacion\"><input size=\"40\" class=\"wpcf7-form-control wpcf7-file\" accept=\".pdf\" aria-invalid=\"false\" type=\"file\" name=\"carta-recomendacion\" \/><\/span>\n<\/p>\n<p><input class=\"wpcf7-form-control wpcf7-submit has-spinner\" type=\"submit\" value=\"Enviar\" \/>\n<\/p><div class=\"wpcf7-response-output\" aria-hidden=\"true\"><\/div>\n<\/form>\n<\/div>\n\n<p>Para m\u00e1s informaci\u00f3n, escr\u00edbenos en la secci\u00f3n Contacto.<\/p>\n","protected":false},"excerpt":{"rendered":"<p>La inscripci\u00f3n es gratuita, pero requiere comprometerse a participar en todo el evento y las actividades que contempla,\u00a0 incluyendo charlas introductorias a los desaf\u00edos a abordar y sesiones de discusi\u00f3n y trabajo grupal con otros estudiantes, investigadores y profesionales. Los participantes deber\u00e1n trabajar en torno a uno o m\u00e1s de los desaf\u00edos planteados,\u00a0 proponer\u00a0 conjuntamente &hellip; <a href=\"https:\/\/eventos.cmm.uchile.cl\/itt2022\/?page_id=23\" class=\"more-link\">Contin\u00fae leyendo <span class=\"screen-reader-text\">C\u00f3mo participar<\/span> <span class=\"meta-nav\">&rarr;<\/span><\/a><\/p>\n","protected":false},"author":2,"featured_media":0,"parent":0,"menu_order":3,"comment_status":"closed","ping_status":"closed","template":"","meta":{"inline_featured_image":false,"footnotes":""},"class_list":["post-23","page","type-page","status-publish","hentry"],"_links":{"self":[{"href":"https:\/\/eventos.cmm.uchile.cl\/itt2022\/index.php?rest_route=\/wp\/v2\/pages\/23","targetHints":{"allow":["GET"]}}],"collection":[{"href":"https:\/\/eventos.cmm.uchile.cl\/itt2022\/index.php?rest_route=\/wp\/v2\/pages"}],"about":[{"href":"https:\/\/eventos.cmm.uchile.cl\/itt2022\/index.php?rest_route=\/wp\/v2\/types\/page"}],"author":[{"embeddable":true,"href":"https:\/\/eventos.cmm.uchile.cl\/itt2022\/index.php?rest_route=\/wp\/v2\/users\/2"}],"replies":[{"embeddable":true,"href":"https:\/\/eventos.cmm.uchile.cl\/itt2022\/index.php?rest_route=%2Fwp%2Fv2%2Fcomments&post=23"}],"version-history":[{"count":9,"href":"https:\/\/eventos.cmm.uchile.cl\/itt2022\/index.php?rest_route=\/wp\/v2\/pages\/23\/revisions"}],"predecessor-version":[{"id":154,"href":"https:\/\/eventos.cmm.uchile.cl\/itt2022\/index.php?rest_route=\/wp\/v2\/pages\/23\/revisions\/154"}],"wp:attachment":[{"href":"https:\/\/eventos.cmm.uchile.cl\/itt2022\/index.php?rest_route=%2Fwp%2Fv2%2Fmedia&parent=23"}],"curies":[{"name":"wp","href":"https:\/\/api.w.org\/{rel}","templated":true}]}}