{"id":9,"date":"2022-10-21T11:18:25","date_gmt":"2022-10-21T14:18:25","guid":{"rendered":"https:\/\/eventos.cmm.uchile.cl\/itt2022\/?page_id=9"},"modified":"2022-12-15T09:00:43","modified_gmt":"2022-12-15T12:00:43","slug":"itt-en-chile","status":"publish","type":"page","link":"https:\/\/eventos.cmm.uchile.cl\/itt2022\/","title":{"rendered":"Workshop ITT"},"content":{"rendered":"<p class=\"p1\"><strong>ITT (<em>Integrative Think Tank<\/em>)<\/strong> es un evento en que estudiantes de postgrado en matem\u00e1ticas se enfrentan a desaf\u00edos multidisciplinarios provenientes de la industria y de \u00e1reas aplicadas, con el objetivo de plantear colaborativamente enfoques para abordar esos problemas desde la investigaci\u00f3n matem\u00e1tica, formulando estrategias para avanzar en su resoluci\u00f3n, la que puede concretarse posteriormente como parte de una tesis de magister o doctorado.<\/p>\n<p class=\"p2\">Creados en la Universidad de Bath en el Reino Unido, los <strong>talleres ITT<\/strong> son eventos que promueven relaciones profundas y duraderas entre<span class=\"Apple-converted-space\">\u00a0 <\/span>la comunidad matem\u00e1tica y<span class=\"Apple-converted-space\">\u00a0 <\/span>socios como empresas e instituciones p\u00fablicas,<span class=\"Apple-converted-space\">\u00a0 <\/span>generando proyectos de investigaci\u00f3n colaborativos con horizonte de varios a\u00f1os, en los que la participaci\u00f3n de estudiantes es central en todas las etapas.<\/p>\n<p class=\"p2\"><strong>ITT Chile 2022<\/strong> se llevar\u00e1 a cabo <strong>entre los d\u00edas 12 y 16 de diciembre de 2022<\/strong> en la Facultad de Ciencias F\u00edsicas y Matem\u00e1ticas de la Universidad de Chile. El evento est\u00e1 organizado por el Departamento de Ingenier\u00eda Matem\u00e1tica y el Centro de Modelamiento Matem\u00e1tico de la Universidad de Chile, junto al Departamento de Ciencias Matem\u00e1ticas de la Universidad de Bath, y tendr\u00e1 lugar en el <strong>Open Space DIM<\/strong>, ubicado en Beauchef 851, Santiago \u2013 Edificio Norte, piso 4.<\/p>\n<p><img loading=\"lazy\" decoding=\"async\" class=\"aligncenter size-full wp-image-140\" src=\"https:\/\/eventos.cmm.uchile.cl\/itt2022\/wp-content\/uploads\/sites\/146\/2022\/11\/itt_comp_02.jpg\" alt=\"\" width=\"604\" height=\"264\" srcset=\"https:\/\/eventos.cmm.uchile.cl\/itt2022\/wp-content\/uploads\/sites\/146\/2022\/11\/itt_comp_02.jpg 604w, https:\/\/eventos.cmm.uchile.cl\/itt2022\/wp-content\/uploads\/sites\/146\/2022\/11\/itt_comp_02-300x131.jpg 300w\" sizes=\"auto, (max-width: 604px) 100vw, 604px\" \/><\/p>\n<p>&nbsp;<\/p>\n<p class=\"p2\"><span class=\"Apple-converted-space\"> <img loading=\"lazy\" decoding=\"async\" class=\"aligncenter size-full wp-image-112\" src=\"https:\/\/eventos.cmm.uchile.cl\/itt2022\/wp-content\/uploads\/sites\/146\/2022\/11\/itt_chile_sponsors_01.png\" alt=\"sponsors\" width=\"604\" height=\"64\" srcset=\"https:\/\/eventos.cmm.uchile.cl\/itt2022\/wp-content\/uploads\/sites\/146\/2022\/11\/itt_chile_sponsors_01.png 604w, https:\/\/eventos.cmm.uchile.cl\/itt2022\/wp-content\/uploads\/sites\/146\/2022\/11\/itt_chile_sponsors_01-300x32.png 300w\" sizes=\"auto, (max-width: 604px) 100vw, 604px\" \/><\/span><\/p>\n<p><img loading=\"lazy\" decoding=\"async\" class=\"alignnone  wp-image-130\" src=\"https:\/\/eventos.cmm.uchile.cl\/itt2022\/wp-content\/uploads\/sites\/146\/2022\/11\/itt_chile_2022_partners_01-300x40.png\" alt=\"2022 partners\" width=\"375\" height=\"50\" srcset=\"https:\/\/eventos.cmm.uchile.cl\/itt2022\/wp-content\/uploads\/sites\/146\/2022\/11\/itt_chile_2022_partners_01-300x40.png 300w, https:\/\/eventos.cmm.uchile.cl\/itt2022\/wp-content\/uploads\/sites\/146\/2022\/11\/itt_chile_2022_partners_01.png 604w\" sizes=\"auto, (max-width: 375px) 100vw, 375px\" \/><\/p>\n","protected":false},"excerpt":{"rendered":"<p>ITT (Integrative Think Tank) es un evento en que estudiantes de postgrado en matem\u00e1ticas se enfrentan a desaf\u00edos multidisciplinarios provenientes de la industria y de \u00e1reas aplicadas, con el objetivo de plantear colaborativamente enfoques para abordar esos problemas desde la investigaci\u00f3n matem\u00e1tica, formulando estrategias para avanzar en su resoluci\u00f3n, la que puede concretarse posteriormente como &hellip; <a href=\"https:\/\/eventos.cmm.uchile.cl\/itt2022\/\" class=\"more-link\">Contin\u00fae leyendo <span class=\"screen-reader-text\">Workshop ITT<\/span> <span class=\"meta-nav\">&rarr;<\/span><\/a><\/p>\n","protected":false},"author":2,"featured_media":0,"parent":0,"menu_order":0,"comment_status":"closed","ping_status":"closed","template":"","meta":{"inline_featured_image":false,"footnotes":""},"class_list":["post-9","page","type-page","status-publish","hentry"],"_links":{"self":[{"href":"https:\/\/eventos.cmm.uchile.cl\/itt2022\/index.php?rest_route=\/wp\/v2\/pages\/9","targetHints":{"allow":["GET"]}}],"collection":[{"href":"https:\/\/eventos.cmm.uchile.cl\/itt2022\/index.php?rest_route=\/wp\/v2\/pages"}],"about":[{"href":"https:\/\/eventos.cmm.uchile.cl\/itt2022\/index.php?rest_route=\/wp\/v2\/types\/page"}],"author":[{"embeddable":true,"href":"https:\/\/eventos.cmm.uchile.cl\/itt2022\/index.php?rest_route=\/wp\/v2\/users\/2"}],"replies":[{"embeddable":true,"href":"https:\/\/eventos.cmm.uchile.cl\/itt2022\/index.php?rest_route=%2Fwp%2Fv2%2Fcomments&post=9"}],"version-history":[{"count":15,"href":"https:\/\/eventos.cmm.uchile.cl\/itt2022\/index.php?rest_route=\/wp\/v2\/pages\/9\/revisions"}],"predecessor-version":[{"id":181,"href":"https:\/\/eventos.cmm.uchile.cl\/itt2022\/index.php?rest_route=\/wp\/v2\/pages\/9\/revisions\/181"}],"wp:attachment":[{"href":"https:\/\/eventos.cmm.uchile.cl\/itt2022\/index.php?rest_route=%2Fwp%2Fv2%2Fmedia&parent=9"}],"curies":[{"name":"wp","href":"https:\/\/api.w.org\/{rel}","templated":true}]}}