{"id":10,"date":"2018-03-21T09:32:44","date_gmt":"2018-03-21T12:32:44","guid":{"rendered":"http:\/\/eventos.cmm.uchile.cl\/rps-patagonia2018\/?page_id=10"},"modified":"2018-12-24T10:28:15","modified_gmt":"2018-12-24T13:28:15","slug":"general-information","status":"publish","type":"page","link":"https:\/\/eventos.cmm.uchile.cl\/rps-patagonia2018\/","title":{"rendered":"General Information"},"content":{"rendered":"<p>The Conference Random Physical Systems will take place in December 11-15, 2018, in\u00a0 the hotel Costaustralis in Puerto Natales, Patagonia, Chile.<\/p>\n<p>The topics covered include random disordered systems, universality, multi\/many-particle Anderson model, random processes, statistical mechanics and interacting particle systems.<\/p>\n<p>There will be mini-courses in the morning and minute talks in the afternoon. We particularly invite graduate students and Postdocs to come.<\/p>\n<p>Please feel free to contact us by<a href=\"mailto:random.systems@mat.uc.cl\"> e-mail<\/a>\u00a0or through the <a href=\"http:\/\/eventos.cmm.uchile.cl\/rps-patagonia2018\/contact\/\">contact form<\/a>.<\/p>\n<h4>Poster<\/h4>\n<p><img decoding=\"async\" src=\"http:\/\/eventos.cmm.uchile.cl\/rps-patagonia2018\/wp-content\/uploads\/sites\/58\/2018\/12\/Afiche-Congreso-Patagonia-3.jpg\" alt=\"poster\" \/><\/p>\n<h4>Organizing committee<\/h4>\n<ul>\n<li><a href=\"http:\/\/www.christian-sadel.de\" target=\"_blank\" rel=\"noopener\">Christian Sadel <\/a>(PUC Chile)<\/li>\n<li><a href=\"https:\/\/www.faculty.uci.edu\/profile.cfm?faculty_id=2060\" target=\"_blank\" rel=\"noopener\">Abel Klein <\/a> (UC Irvine)<\/li>\n<li><a href=\"http:\/\/www.mat.uc.cl\/~aramirez\/\" target=\"_blank\" rel=\"noopener\">Alejandro Ramirez <\/a> (PUC Chile)<\/li>\n<\/ul>\n<h4>Local committee<\/h4>\n<ul>\n<li>Esptiben Rojas (U. Magallanes)<\/li>\n<li>Manuel Cabezas (PUC Chile)<\/li>\n<li>Joaquin Fontbona (U. de Chile)<\/li>\n<li>Daniel Remenik (U. de Chile)<\/li>\n<\/ul>\n<p>This conference is part of the <a href=\"http:\/\/2018fismatcl.wordpress.com\"> Mathematical-Physics Month in Chile, 2018 <\/a><br \/>\n<a href=\"http:\/\/2018fismatcl.wordpress.com\" target=\"_blank\" rel=\"noopener\"><br \/>\n<img loading=\"lazy\" decoding=\"async\" class=\"aligncenter\" src=\"http:\/\/eventos.cmm.uchile.cl\/rps-patagonia2018\/wp-content\/uploads\/sites\/58\/2018\/11\/mfmc.jpg\" alt=\"logo\" width=\"287\" height=\"237\" \/><br \/>\n<\/a><\/p>\n<h3>Organizing Institutions<\/h3>\n<div style=\"clear: both\"><a href=\"http:\/\/nm.cmm.uchile.cl\/en\/\" target=\"_blank\" rel=\"nofollow noopener\"><img loading=\"lazy\" decoding=\"async\" class=\"alignleft size-full wp-image-35\" style=\"margin-bottom: 20px !important;margin-left: 0 !important\" src=\"http:\/\/eventos.cmm.uchile.cl\/rps-patagonia2018\/wp-content\/uploads\/sites\/58\/2018\/03\/nucleo_logo_en_300.png\" alt=\"Nucleo\" width=\"300\" height=\"55\" \/><\/a><\/div>\n<div style=\"clear: both\"><a href=\"http:\/\/www.mat.uc.cl\/\" target=\"_blank\" rel=\"nofollow noopener\"><img loading=\"lazy\" decoding=\"async\" class=\"alignleft wp-image-36\" style=\"margin-bottom: 20px !important;margin-left: 0 !important\" src=\"http:\/\/eventos.cmm.uchile.cl\/rps-patagonia2018\/wp-content\/uploads\/sites\/58\/2018\/09\/logo-puc-mat-color.png\" alt=\"Fac Mat PUC\" width=\"316\" height=\"102\" \/><\/a><a href=\"http:\/\/www.cmm.uchile.cl\/\" target=\"_blank\" rel=\"nofollow noopener\"><img loading=\"lazy\" decoding=\"async\" class=\"alignleft size-full wp-image-37\" style=\"margin-bottom: 20px !important;margin-left: 0 !important\" src=\"http:\/\/eventos.cmm.uchile.cl\/rps-patagonia2018\/wp-content\/uploads\/sites\/58\/2018\/03\/logo_cmm_rgb01_120.jpg\" alt=\"CMM\" width=\"120\" height=\"110\" \/><\/a><\/div>\n<div style=\"clear: both\"><a href=\"http:\/\/www.umag.cl\/\" target=\"_blank\" rel=\"nofollow noopener\"><img loading=\"lazy\" decoding=\"async\" class=\"alignleft wp-image-37\" style=\"margin-left: 0 !important\" src=\"http:\/\/eventos.cmm.uchile.cl\/rps-patagonia2018\/wp-content\/uploads\/sites\/58\/2018\/08\/Univ-Mag-MF.png\" alt=\"Umag\" width=\"250\" height=\"97\" \/><\/a><\/div>\n<h3>Further supporting Institutions<\/h3>\n<ul>\n<li><a href=\"http:\/\/www.uc.cl\">Pontificial Catholic University of Chile<\/a>, Vice-Rectory of Research<\/li>\n<li><a href=\"http:\/\/www.conicyt.cl\" target=\"_blank\" rel=\"noopener\">CONICYT, Comisi\u00f3n Nacional de Investigaci\u00f3n Cient\u00edfica y Tecnol\u00f3gica,<\/a>\u00a0<a href=\"http:\/\/www.conicyt.cl\/fondecyt\/\" target=\"_blank\" rel=\"noopener\">FONDECYT Chilean Science Fund<\/a><\/li>\n<li><a href=\"http:\/\/www.iniciativamilenio.cl\/en\/home_en\/\" target=\"_blank\" rel=\"noopener\">Millennium Science Initiative<\/a><\/li>\n<li><a href=\"http:\/\/www.iamp.org\" target=\"_blank\" rel=\"noopener\">International Association of Mathematical Physics, IAMP<\/a><\/li>\n<li>The <a href=\"http:\/\/www.nsf.gov\" target=\"_blank\" rel=\"noopener\">National Science Foundation<\/a> (NSF) supports travel costs of young researchers from U.S. institutions<\/li>\n<\/ul>\n<p><img loading=\"lazy\" decoding=\"async\" class=\"\" src=\"http:\/\/eventos.cmm.uchile.cl\/rps-patagonia2018\/wp-content\/uploads\/sites\/58\/2018\/05\/logouccolor.png\" alt=\"\" width=\"88\" height=\"115\" \/>\u00a0\u00a0<img loading=\"lazy\" decoding=\"async\" class=\"\" src=\"http:\/\/eventos.cmm.uchile.cl\/rps-patagonia2018\/wp-content\/uploads\/sites\/58\/2018\/05\/logo-conicyt.jpg\" alt=\"CONICYT\" width=\"131\" height=\"116\" \/> <img loading=\"lazy\" decoding=\"async\" class=\"\" src=\"http:\/\/eventos.cmm.uchile.cl\/rps-patagonia2018\/wp-content\/uploads\/sites\/58\/2018\/05\/logo-mileneo.png\" alt=\"\" width=\"322\" height=\"116\" \/><\/p>\n<p><img loading=\"lazy\" decoding=\"async\" class=\"\" src=\"http:\/\/eventos.cmm.uchile.cl\/rps-patagonia2018\/wp-content\/uploads\/sites\/58\/2018\/05\/logo-iamp.jpg\" alt=\"IAMP-logo\" width=\"314\" height=\"90\" \/> <img loading=\"lazy\" decoding=\"async\" class=\"\" src=\"http:\/\/eventos.cmm.uchile.cl\/rps-patagonia2018\/wp-content\/uploads\/sites\/58\/2018\/08\/NSF_4-Color_bitmap_Logo.png\" alt=\"NSF-logo\" width=\"117\" height=\"118\" \/><\/p>\n","protected":false},"excerpt":{"rendered":"<p>The Conference Random Physical Systems will take place in December 11-15, 2018, in\u00a0 the hotel Costaustralis in Puerto Natales, Patagonia, Chile. The topics covered include random disordered systems, universality, multi\/many-particle Anderson model, random processes, statistical mechanics and interacting particle systems. There will be mini-courses in the morning and minute talks in the afternoon. We particularly &hellip; <a href=\"https:\/\/eventos.cmm.uchile.cl\/rps-patagonia2018\/\" class=\"more-link\">Continue reading <span class=\"screen-reader-text\">General Information<\/span> <span class=\"meta-nav\">&rarr;<\/span><\/a><\/p>\n","protected":false},"author":2,"featured_media":0,"parent":0,"menu_order":0,"comment_status":"closed","ping_status":"closed","template":"","meta":{"inline_featured_image":false,"footnotes":""},"class_list":["post-10","page","type-page","status-publish","hentry"],"_links":{"self":[{"href":"https:\/\/eventos.cmm.uchile.cl\/rps-patagonia2018\/wp-json\/wp\/v2\/pages\/10","targetHints":{"allow":["GET"]}}],"collection":[{"href":"https:\/\/eventos.cmm.uchile.cl\/rps-patagonia2018\/wp-json\/wp\/v2\/pages"}],"about":[{"href":"https:\/\/eventos.cmm.uchile.cl\/rps-patagonia2018\/wp-json\/wp\/v2\/types\/page"}],"author":[{"embeddable":true,"href":"https:\/\/eventos.cmm.uchile.cl\/rps-patagonia2018\/wp-json\/wp\/v2\/users\/2"}],"replies":[{"embeddable":true,"href":"https:\/\/eventos.cmm.uchile.cl\/rps-patagonia2018\/wp-json\/wp\/v2\/comments?post=10"}],"version-history":[{"count":50,"href":"https:\/\/eventos.cmm.uchile.cl\/rps-patagonia2018\/wp-json\/wp\/v2\/pages\/10\/revisions"}],"predecessor-version":[{"id":300,"href":"https:\/\/eventos.cmm.uchile.cl\/rps-patagonia2018\/wp-json\/wp\/v2\/pages\/10\/revisions\/300"}],"wp:attachment":[{"href":"https:\/\/eventos.cmm.uchile.cl\/rps-patagonia2018\/wp-json\/wp\/v2\/media?parent=10"}],"curies":[{"name":"wp","href":"https:\/\/api.w.org\/{rel}","templated":true}]}}