{"id":16,"date":"2018-01-29T15:03:48","date_gmt":"2018-01-29T18:03:48","guid":{"rendered":"http:\/\/eventos.cmm.uchile.cl\/stochasticfinance2025\/?page_id=16"},"modified":"2025-12-12T14:40:23","modified_gmt":"2025-12-12T17:40:23","slug":"program","status":"publish","type":"page","link":"https:\/\/eventos.cmm.uchile.cl\/stochasticfinance2025\/program\/","title":{"rendered":"Program"},"content":{"rendered":"<h4><strong> Wednesday, 17 December <\/strong><\/h4>\n<table style=\"width: 1060px\" border=\"0\" cellspacing=\"0\">\n<colgroup>\n<col style=\"width: 30px\" \/><\/colgroup>\n<colgroup>\n<col style=\"width: 420px\" \/><\/colgroup>\n<colgroup>\n<col style=\"width: 610px\" \/><\/colgroup>\n<tbody>\n<tr>\n<td align=\"center\" valign=\"middle\" bgcolor=\"#D9D9D9\" height=\"22\"><strong><span style=\"color: #000000\">Time<\/span><\/strong><\/td>\n<td align=\"left\" valign=\"middle\" bgcolor=\"#D9D9D9\"><strong><span style=\"color: #000000\">Speaker<\/span><\/strong><\/td>\n<td align=\"left\" valign=\"middle\" bgcolor=\"#D9D9D9\"><strong>Title<\/strong><\/td>\n<\/tr>\n<tr>\n<td align=\"center\" valign=\"middle\" height=\"22\"><span style=\"color: #000000\">09:00-09:30<\/span><\/td>\n<td align=\"left\" valign=\"middle\"><span style=\"color: #000000\">Nicol\u00e1s Hern\u00e1ndez (Universidad T\u00e9cnica Federico Santa Mar\u00eda)<\/span><\/td>\n<td align=\"left\" valign=\"middle\">On contract theory with multiple players and numerical algorithms<\/td>\n<\/tr>\n<tr>\n<td align=\"center\" valign=\"middle\" height=\"22\"><span style=\"color: #000000\">09:30-10:00<\/span><\/td>\n<td align=\"left\" valign=\"middle\"><span style=\"color: #000000\">Mathias Beiglb\u00f6ck (Universit\u00e4t Wien)<\/span><\/td>\n<td align=\"left\" valign=\"middle\"><span style=\"color: #000000\">Brenier\u2019s theorem for adapted transport I<\/span><\/td>\n<\/tr>\n<tr>\n<td align=\"center\" valign=\"middle\" height=\"22\"><span style=\"color: #000000\">10:00-10:30<\/span><\/td>\n<td align=\"left\" valign=\"middle\"><span style=\"color: #000000\">Stefan Schrott (Universit\u00e4t Wien)<\/span><\/td>\n<td align=\"left\" valign=\"middle\"><span style=\"color: #000000\">Brenier\u2019s theorem for adapted transport II<\/span><\/td>\n<\/tr>\n<tr>\n<td align=\"center\" valign=\"middle\" bgcolor=\"#DAE3F3\" height=\"22\"><b><span style=\"color: #000000\">10:30-11:00<\/span><\/b><\/td>\n<td align=\"left\" valign=\"middle\" bgcolor=\"#DAE3F3\"><b><span style=\"color: #000000\">Coffee break<\/span><\/b><\/td>\n<td align=\"left\" valign=\"middle\" bgcolor=\"#DAE3F3\"><span style=\"color: #000000\">\u00a0<\/span><\/td>\n<\/tr>\n<tr>\n<td align=\"center\" valign=\"middle\" height=\"22\"><span style=\"color: #000000\">11:00-11:30<\/span><\/td>\n<td align=\"left\" valign=\"middle\"><span style=\"color: #000000\">Anastasis Kratsios (McMaster University)<\/span><\/td>\n<td align=\"left\" valign=\"middle\"><span style=\"color: #000000\">The Neural Black0-Scholes Formula<\/span><\/td>\n<\/tr>\n<tr>\n<td align=\"center\" valign=\"middle\" height=\"22\"><span style=\"color: #000000\">11:30-12:00<\/span><\/td>\n<td align=\"left\" valign=\"middle\"><span style=\"color: #000000\">Emma Hubert (Universit\u00e9 Paris Dauphine)<\/span><\/td>\n<td align=\"left\" valign=\"middle\"><span style=\"color: #000000\">Revisiting contract theory with volatility control<\/span><\/td>\n<\/tr>\n<tr>\n<td align=\"center\" valign=\"middle\" height=\"22\"><span style=\"color: #000000\">12:00-12:30<\/span><\/td>\n<td align=\"left\" valign=\"middle\"><span style=\"color: #000000\">David Salas (Universidad de O&#8217;Higgins)<\/span><\/td>\n<td align=\"left\" valign=\"middle\">Stability of expectation with decision-dependent uncertainty over moving sets<\/td>\n<\/tr>\n<tr>\n<td align=\"center\" valign=\"middle\" bgcolor=\"#DAE3F3\" height=\"22\"><b><span style=\"color: #000000\">12:30-14:00<\/span><\/b><\/td>\n<td align=\"left\" valign=\"middle\" bgcolor=\"#DAE3F3\"><b><span style=\"color: #000000\">Lunch<\/span><\/b><\/td>\n<td align=\"left\" valign=\"middle\" bgcolor=\"#DAE3F3\"><span style=\"color: #000000\">\u00a0<\/span><\/td>\n<\/tr>\n<tr>\n<td align=\"center\" valign=\"middle\" height=\"22\"><span style=\"color: #000000\">14:00-14:30<\/span><\/td>\n<td align=\"left\" valign=\"middle\"><span style=\"color: #000000\">Chiara Rossato (ETH Z\u00fcrich)<\/span><\/td>\n<td align=\"left\" valign=\"middle\"><span style=\"color: #000000\">Time-inconsistent stochastic games with mean-variance preferences<\/span><\/td>\n<\/tr>\n<tr>\n<td align=\"center\" valign=\"middle\" height=\"22\"><span style=\"color: #000000\">14:30-15:00<\/span><\/td>\n<td align=\"left\" valign=\"middle\"><span style=\"color: #000000\">Sara Mazzonetto (Universit\u00e9 de Lorraine)<\/span><\/td>\n<td align=\"left\" valign=\"middle\"><span style=\"color: #000000\">Sticky interfaces and local time approximation<\/span><\/td>\n<\/tr>\n<tr>\n<td align=\"center\" valign=\"middle\" height=\"22\"><span style=\"color: #000000\">15:00-15:30<\/span><\/td>\n<td align=\"left\" valign=\"middle\"><span style=\"color: #000000\">Filippo Beretta (ETH Z\u00fcrich)<\/span><\/td>\n<td align=\"left\" valign=\"middle\"><span style=\"color: #000000\">Closed-loop strategies in partial-information leader-follower games<\/span><\/td>\n<\/tr>\n<tr>\n<td align=\"center\" valign=\"middle\" bgcolor=\"#DAE3F3\" height=\"22\"><b><span style=\"color: #000000\">15:30-16:00<\/span><\/b><\/td>\n<td align=\"left\" valign=\"middle\" bgcolor=\"#DAE3F3\"><b><span style=\"color: #000000\">Coffee break<\/span><\/b><\/td>\n<td align=\"left\" valign=\"middle\" bgcolor=\"#DAE3F3\"><span style=\"color: #000000\">\u00a0<\/span><\/td>\n<\/tr>\n<tr>\n<td align=\"center\" valign=\"middle\" height=\"22\"><span style=\"color: #000000\">16:00-16:30<\/span><\/td>\n<td align=\"left\" valign=\"middle\"><span style=\"color: #000000\">Anna de Crescenzo (Universit\u00e9 Paris Cit\u00e9)<\/span><\/td>\n<td align=\"left\" valign=\"middle\"><span style=\"color: #000000\">Mean-field control of heterogeneous systems<\/span><\/td>\n<\/tr>\n<tr>\n<td align=\"center\" valign=\"middle\" height=\"22\"><span style=\"color: #000000\">16:30-17:00<\/span><\/td>\n<td align=\"left\" valign=\"middle\"><span style=\"color: #000000\">Marco Rodrigues (ETH Z\u00fcrich)<\/span><\/td>\n<td align=\"left\" valign=\"middle\"><span style=\"color: #000000\">Robust Hedging of American Options via Aggregated Snell Envelopes<\/span><\/td>\n<\/tr>\n<\/tbody>\n<\/table>\n<p>&nbsp;<\/p>\n<h4><strong>Thursday, 18 December <\/strong><\/h4>\n<table style=\"width: 1060px\" border=\"0\" cellspacing=\"0\">\n<colgroup>\n<col style=\"width: 30px\" \/><\/colgroup>\n<colgroup>\n<col style=\"width: 420px\" \/><\/colgroup>\n<colgroup>\n<col style=\"width: 610px\" \/><\/colgroup>\n<tbody>\n<tr>\n<td align=\"center\" valign=\"middle\" bgcolor=\"#D9D9D9\" height=\"22\"><strong><span style=\"color: #000000\">Time<\/span><\/strong><\/td>\n<td align=\"left\" valign=\"middle\" bgcolor=\"#D9D9D9\"><strong><span style=\"color: #000000\">Speaker<\/span><\/strong><\/td>\n<td align=\"left\" valign=\"middle\" bgcolor=\"#D9D9D9\"><strong>Title<\/strong><\/td>\n<\/tr>\n<tr>\n<td align=\"center\" valign=\"middle\" height=\"22\"><span style=\"color: #000000\">09:00-09:30<\/span><\/td>\n<td align=\"left\" valign=\"middle\">Nabil Kazi-Tani (Universit\u00e9 de Lorraine)<\/td>\n<td align=\"left\" valign=\"middle\">Multi-dimensional risk-averse stochastic optimization<\/td>\n<\/tr>\n<tr>\n<td align=\"center\" valign=\"middle\" height=\"22\"><span style=\"color: #000000\">09:30-10:00<\/span><\/td>\n<td align=\"left\" valign=\"middle\">Alexandros Saplaouras (ETH Z\u00fcrich)<\/td>\n<td align=\"left\" valign=\"middle\">Stability of Backward Propagation of Chaos and Numerical Approaches<\/td>\n<\/tr>\n<tr>\n<td align=\"center\" valign=\"middle\" height=\"22\"><span style=\"color: #000000\">10:00-10:30<\/span><\/td>\n<td align=\"left\" valign=\"middle\">Camilo Hern\u00e1ndez (University of Southern Calfornia)<\/td>\n<td align=\"left\" valign=\"middle\">Dynamic Schr\u00f6dinger bridges beyond entropy<\/td>\n<\/tr>\n<tr>\n<td align=\"center\" valign=\"middle\" bgcolor=\"#DAE3F3\" height=\"22\"><b><span style=\"color: #000000\">10:30-11:00<\/span><\/b><\/td>\n<td align=\"left\" valign=\"middle\" bgcolor=\"#DAE3F3\"><b><span style=\"color: #000000\">Coffee break<\/span><\/b><\/td>\n<td align=\"left\" valign=\"middle\" bgcolor=\"#DAE3F3\"><span style=\"color: #000000\">\u00a0<\/span><\/td>\n<\/tr>\n<tr>\n<td align=\"center\" valign=\"middle\" height=\"22\"><span style=\"color: #000000\">11:00-11:30<\/span><\/td>\n<td align=\"left\" valign=\"middle\">Cristopher Hermosilla (Universidad T\u00e9cnica Federico Santa Mar\u00eda)<\/td>\n<td align=\"left\" valign=\"middle\">A Minimality Property of the Value Function in Optimal Control on Spaces of Probability Measures<\/td>\n<\/tr>\n<tr>\n<td align=\"center\" valign=\"middle\" height=\"22\"><span style=\"color: #000000\">11:30-12:00<\/span><\/td>\n<td align=\"left\" valign=\"middle\">Thibaut Mastrolia (University of California Berkeley)<\/td>\n<td align=\"left\" valign=\"middle\">Agency Problems and Adversarial Bilevel Optimization under Uncertainty and Cyber Threats<\/td>\n<\/tr>\n<tr>\n<td align=\"center\" valign=\"middle\" height=\"22\"><span style=\"color: #000000\">12:00-12:30<\/span><\/td>\n<td align=\"left\" valign=\"middle\"><span style=\"color: #000000\">Ludovic Tangpi (Princeton University)<\/span><\/td>\n<td align=\"left\" valign=\"middle\"><span style=\"color: #000000\">Particle system approximation of Nash equilibria in large games<\/span><\/td>\n<\/tr>\n<tr>\n<td align=\"center\" valign=\"middle\" bgcolor=\"#DAE3F3\" height=\"22\"><b><span style=\"color: #000000\">12:30-14:00<\/span><\/b><\/td>\n<td align=\"left\" valign=\"middle\" bgcolor=\"#DAE3F3\"><b><span style=\"color: #000000\">Lunch<\/span><\/b><\/td>\n<td align=\"left\" valign=\"middle\" bgcolor=\"#DAE3F3\"><span style=\"color: #000000\">\u00a0<\/span><\/td>\n<\/tr>\n<tr>\n<td align=\"center\" valign=\"middle\" height=\"22\"><span style=\"color: #000000\">14:00-14:30<\/span><\/td>\n<td align=\"left\" valign=\"middle\">Sergey Nadtochiy (Carnegie Mellon University)<\/td>\n<td align=\"left\" valign=\"middle\">Exponential stability of stochastic filters without global mixing<\/td>\n<\/tr>\n<tr>\n<td align=\"center\" valign=\"middle\" height=\"22\"><span style=\"color: #000000\">14:30-15:00<\/span><\/td>\n<td align=\"left\" valign=\"middle\">Pedro P\u00e9rez-Aros (Universidad de Chile)<\/td>\n<td align=\"left\" valign=\"middle\">Chance-Constrained Optimization and Spherical Radial Decomposition<\/td>\n<\/tr>\n<tr>\n<td align=\"center\" valign=\"middle\" height=\"22\"><span style=\"color: #000000\">15:00-15:30<\/span><\/td>\n<td align=\"left\" valign=\"middle\">Luis Brice\u00f1o (Universidad T\u00e9cnica Federico Santa Mar\u00eda)<\/td>\n<td align=\"left\" valign=\"middle\">A dual proximal-gradient approach for variational mean field games<\/td>\n<\/tr>\n<tr>\n<td align=\"center\" valign=\"middle\" bgcolor=\"#DAE3F3\" height=\"22\"><b><span style=\"color: #000000\">15:30-16:00<\/span><\/b><\/td>\n<td align=\"left\" valign=\"middle\" bgcolor=\"#DAE3F3\"><b><span style=\"color: #000000\">Coffee break<\/span><\/b><\/td>\n<td align=\"left\" valign=\"middle\" bgcolor=\"#DAE3F3\"><span style=\"color: #000000\">\u00a0<\/span><\/td>\n<\/tr>\n<tr>\n<td align=\"center\" valign=\"middle\" height=\"22\"><span style=\"color: #000000\">16:00-16:30<\/span><\/td>\n<td align=\"left\" valign=\"middle\">Scott Robertson (Boston University)<\/td>\n<td align=\"left\" valign=\"middle\">Rational Expectations Equilibrium with Endogenous Information Acquisition Time<\/td>\n<\/tr>\n<tr>\n<td align=\"center\" valign=\"middle\" height=\"22\"><span style=\"color: #000000\">16:30-17:00<\/span><\/td>\n<td align=\"left\" valign=\"middle\">Francisco Silva (Universit\u00e9 de Limoges)<\/td>\n<td align=\"left\" valign=\"middle\">Approximation and perturbations of stable solutions to mean field game systems<\/td>\n<\/tr>\n<tr>\n<td align=\"center\" valign=\"middle\" bgcolor=\"#DAE3F3\" height=\"22\"><b><span style=\"color: #000000\">19:30<\/span><\/b><\/td>\n<td align=\"left\" valign=\"middle\" bgcolor=\"#DAE3F3\"><b><span style=\"color: #000000\">Conference dinner: Welcome drink <\/span><\/b><\/td>\n<td align=\"left\" valign=\"middle\" bgcolor=\"#DAE3F3\"><span style=\"color: #000000\">\u00a0<\/span><\/td>\n<\/tr>\n<tr>\n<td align=\"center\" valign=\"middle\" bgcolor=\"#DAE3F3\" height=\"22\"><b><span style=\"color: #000000\">19:40<\/span><\/b><\/td>\n<td align=\"left\" valign=\"middle\" bgcolor=\"#DAE3F3\"><b><span style=\"color: #000000\">Conference dinner: Open talk by In\u00e9s Dussaillant<\/span><\/b><\/td>\n<td align=\"left\" valign=\"middle\" bgcolor=\"#DAE3F3\"><span style=\"color: #000000\"> <span data-olk-copy-source=\"MessageBody\">The voice of glaciers<\/span>: <span data-olk-copy-source=\"MessageBody\">The hidden message behind the observed changes in global glaciers<\/span><\/span><\/td>\n<\/tr>\n<tr>\n<td align=\"center\" valign=\"middle\" bgcolor=\"#DAE3F3\" height=\"22\"><b><span style=\"color: #000000\">20:00<\/span><\/b><\/td>\n<td align=\"left\" valign=\"middle\" bgcolor=\"#DAE3F3\"><b><span style=\"color: #000000\">Conference dinner: Main courses<\/span><\/b><\/td>\n<td align=\"left\" valign=\"middle\" bgcolor=\"#DAE3F3\"><span style=\"color: #000000\">\u00a0<\/span><\/td>\n<\/tr>\n<\/tbody>\n<\/table>\n<p>&nbsp;<\/p>\n<h4><strong>Friday, 19 December <\/strong><\/h4>\n<table style=\"width: 1060px\" border=\"0\" cellspacing=\"0\">\n<colgroup>\n<col style=\"width: 30px\" \/><\/colgroup>\n<colgroup>\n<col style=\"width: 420px\" \/><\/colgroup>\n<colgroup>\n<col style=\"width: 610px\" \/><\/colgroup>\n<tbody>\n<tr>\n<td align=\"center\" valign=\"middle\" bgcolor=\"#D9D9D9\" height=\"22\"><strong><span style=\"color: #000000\">Time<\/span><\/strong><\/td>\n<td align=\"left\" valign=\"middle\" bgcolor=\"#D9D9D9\"><strong><span style=\"color: #000000\">Speaker<\/span><\/strong><\/td>\n<td align=\"left\" valign=\"middle\" bgcolor=\"#D9D9D9\"><strong><span style=\"color: #000000\">Title<\/span><\/strong><\/td>\n<\/tr>\n<tr>\n<td align=\"center\" valign=\"middle\" height=\"22\"><span style=\"color: #000000\">09:00-09:30<\/span><\/td>\n<td align=\"left\" valign=\"middle\">Josef Teichmann (ETH Z\u00fcrich)<\/td>\n<td align=\"left\" valign=\"middle\">Geometric Aspects of generative AI with some applications to time<\/td>\n<\/tr>\n<tr>\n<td align=\"center\" valign=\"middle\" height=\"22\"><span style=\"color: #000000\">09:30-10:00<\/span><\/td>\n<td align=\"left\" valign=\"middle\">Mariano Vazquez (Universidad de Chile)<\/td>\n<td align=\"left\" valign=\"middle\">Cyber risk prevention under risk averse spectral criteria<\/td>\n<\/tr>\n<tr>\n<td align=\"center\" valign=\"middle\" height=\"22\"><span style=\"color: #000000\">10:00-10:30<\/span><\/td>\n<td align=\"left\" valign=\"middle\">Benjam\u00edn Vera (Universidad de Chile)<\/td>\n<td align=\"left\" valign=\"middle\">Contributions to the Existence and Computation of Nash Equilibria in Electricity Markets with Pollution Constraints<\/td>\n<\/tr>\n<tr>\n<td align=\"center\" valign=\"middle\" bgcolor=\"#DAE3F3\" height=\"22\"><b><span style=\"color: #000000\">10:30-11:00<\/span><\/b><\/td>\n<td align=\"left\" valign=\"middle\" bgcolor=\"#DAE3F3\"><b><span style=\"color: #000000\">Coffee break<\/span><\/b><\/td>\n<td align=\"left\" valign=\"middle\" bgcolor=\"#DAE3F3\"><span style=\"color: #000000\">\u00a0<\/span><\/td>\n<\/tr>\n<tr>\n<td align=\"center\" valign=\"middle\" height=\"22\"><span style=\"color: #000000\">11:00-11:30<\/span><\/td>\n<td align=\"left\" valign=\"middle\">Mat\u00edas Vera (ETH Z\u00fcrich)<\/td>\n<td align=\"left\" valign=\"middle\">Investment and operational planning for an electric market with path-sample constraints<\/td>\n<\/tr>\n<tr>\n<td align=\"center\" valign=\"middle\" height=\"22\"><span style=\"color: #000000\">11:30-12:00<\/span><\/td>\n<td align=\"left\" valign=\"middle\">Emilio Vilches (Universidad de O&#8217;Higgins)<\/td>\n<td align=\"left\" valign=\"middle\">Stochastic Sweeping Processes for Nonconvex Sets<\/td>\n<\/tr>\n<tr>\n<td align=\"center\" valign=\"middle\" height=\"22\"><span style=\"color: #000000\">12:00-12:30<\/span><\/td>\n<td align=\"left\" valign=\"middle\"><span style=\"color: #000000\">Joshu\u00e9 Ricalde (ETH Z\u00fcrich)<\/span><\/td>\n<td align=\"left\" valign=\"middle\"><span style=\"color: #000000\">From Particles to Mean-Field to Quantum Systems: Operator-Valued Non-Commutative Probability Methods for the Propagation of Chaos<\/span><\/td>\n<\/tr>\n<tr>\n<td align=\"center\" valign=\"middle\" bgcolor=\"#DAE3F3\" height=\"22\"><b><span style=\"color: #000000\">12:30-14:00<\/span><\/b><\/td>\n<td align=\"left\" valign=\"middle\" bgcolor=\"#DAE3F3\"><b><span style=\"color: #000000\">Lunch<\/span><\/b><\/td>\n<td align=\"left\" valign=\"middle\" bgcolor=\"#DAE3F3\"><span style=\"color: #000000\">\u00a0<\/span><\/td>\n<\/tr>\n<tr>\n<td align=\"center\" valign=\"middle\" height=\"22\"><span style=\"color: #000000\">14:00-14:30<\/span><\/td>\n<td align=\"left\" valign=\"middle\">Andr\u00e9s Riveros (Columbia University)<\/td>\n<td align=\"left\" valign=\"middle\">Quadratically Regularized Optimal Transport<\/td>\n<\/tr>\n<tr>\n<td align=\"center\" valign=\"middle\" height=\"22\"><span style=\"color: #000000\">14:30-15:00<\/span><\/td>\n<td align=\"left\" valign=\"middle\">Daniel Kr\u0161ek (ETH Z\u00fcrich)<\/td>\n<td align=\"left\" valign=\"middle\">Absolute Continuity in the Adapted Wasserstein Space<\/td>\n<\/tr>\n<tr>\n<td align=\"center\" valign=\"middle\" height=\"22\"><span style=\"color: #000000\">15:00-15:30<\/span><\/td>\n<td align=\"left\" valign=\"middle\">Mateo Rodriguez (ETH Zurich)<\/td>\n<td align=\"left\" valign=\"middle\">Information Leakage and Opportunistic Trading Around the FX Fix<\/td>\n<\/tr>\n<tr>\n<td align=\"center\" valign=\"middle\" bgcolor=\"#DAE3F3\" height=\"22\"><b><span style=\"color: #000000\">15:30-16:00<\/span><\/b><\/td>\n<td align=\"left\" valign=\"middle\" bgcolor=\"#DAE3F3\"><b><span style=\"color: #000000\">Coffee break<\/span><\/b><\/td>\n<td align=\"left\" valign=\"middle\" bgcolor=\"#DAE3F3\"><span style=\"color: #000000\">\u00a0<\/span><\/td>\n<\/tr>\n<tr>\n<td align=\"center\" valign=\"middle\" height=\"22\"><span style=\"color: #000000\">16:00-16:30<\/span><\/td>\n<td align=\"left\" valign=\"middle\">Mathieu Rosenbaum (\u00c9cole Polytechnique)<\/td>\n<td align=\"left\" valign=\"middle\">Core Order Flow: The Invisible Hand of Market Dynamics<\/td>\n<\/tr>\n<tr>\n<td align=\"center\" valign=\"middle\" height=\"22\"><span style=\"color: #000000\">16:30-17:00<\/span><\/td>\n<td align=\"left\" valign=\"middle\">Terry Rockafellar (University of Washington)<\/td>\n<td align=\"left\" valign=\"middle\">Stochastic Divergences in Understanding Risk and Information<\/td>\n<\/tr>\n<\/tbody>\n<\/table>\n","protected":false},"excerpt":{"rendered":"<p>Wednesday, 17 December Time Speaker Title 09:00-09:30 Nicol\u00e1s Hern\u00e1ndez (Universidad T\u00e9cnica Federico Santa Mar\u00eda) On contract theory with multiple players and numerical algorithms 09:30-10:00 Mathias Beiglb\u00f6ck (Universit\u00e4t Wien) Brenier\u2019s theorem for adapted transport I 10:00-10:30 Stefan Schrott (Universit\u00e4t Wien) Brenier\u2019s theorem for adapted transport II 10:30-11:00 Coffee break \u00a0 11:00-11:30 Anastasis Kratsios (McMaster University) The &hellip; <a href=\"https:\/\/eventos.cmm.uchile.cl\/stochasticfinance2025\/program\/\" class=\"more-link\">Continue reading <span class=\"screen-reader-text\">Program<\/span> <span class=\"meta-nav\">&rarr;<\/span><\/a><\/p>\n","protected":false},"author":2,"featured_media":0,"parent":0,"menu_order":3,"comment_status":"closed","ping_status":"closed","template":"","meta":{"inline_featured_image":false,"footnotes":""},"class_list":["post-16","page","type-page","status-publish","hentry"],"_links":{"self":[{"href":"https:\/\/eventos.cmm.uchile.cl\/stochasticfinance2025\/wp-json\/wp\/v2\/pages\/16","targetHints":{"allow":["GET"]}}],"collection":[{"href":"https:\/\/eventos.cmm.uchile.cl\/stochasticfinance2025\/wp-json\/wp\/v2\/pages"}],"about":[{"href":"https:\/\/eventos.cmm.uchile.cl\/stochasticfinance2025\/wp-json\/wp\/v2\/types\/page"}],"author":[{"embeddable":true,"href":"https:\/\/eventos.cmm.uchile.cl\/stochasticfinance2025\/wp-json\/wp\/v2\/users\/2"}],"replies":[{"embeddable":true,"href":"https:\/\/eventos.cmm.uchile.cl\/stochasticfinance2025\/wp-json\/wp\/v2\/comments?post=16"}],"version-history":[{"count":66,"href":"https:\/\/eventos.cmm.uchile.cl\/stochasticfinance2025\/wp-json\/wp\/v2\/pages\/16\/revisions"}],"predecessor-version":[{"id":203,"href":"https:\/\/eventos.cmm.uchile.cl\/stochasticfinance2025\/wp-json\/wp\/v2\/pages\/16\/revisions\/203"}],"wp:attachment":[{"href":"https:\/\/eventos.cmm.uchile.cl\/stochasticfinance2025\/wp-json\/wp\/v2\/media?parent=16"}],"curies":[{"name":"wp","href":"https:\/\/api.w.org\/{rel}","templated":true}]}}