{"id":655,"date":"2023-03-30T22:49:49","date_gmt":"2023-03-31T01:49:49","guid":{"rendered":"https:\/\/eventos.cmm.uchile.cl\/womaths2023\/?page_id=655"},"modified":"2023-05-10T10:45:50","modified_gmt":"2023-05-10T14:45:50","slug":"dia1","status":"publish","type":"page","link":"https:\/\/eventos.cmm.uchile.cl\/womaths2023\/programa\/dia1\/","title":{"rendered":"D\u00eda 1 \u2013  San Joaqu\u00edn UC"},"content":{"rendered":"<table style=\"height: 1157px;\" width=\"677\">\n<tbody>\n<tr>\n<td style=\"text-align: center;\"><b>Hora\u00a0<\/b><\/td>\n<td style=\"text-align: center;\"><b>Actividad<\/b><\/td>\n<td style=\"text-align: center;\"><b>Lugar<\/b><\/td>\n<\/tr>\n<tr>\n<td style=\"text-align: center;\"><b>08:00 &#8211; 09:00<\/b><\/td>\n<td style=\"text-align: center;\"><strong>Recepci\u00f3n<\/strong><br \/>\n<strong>Coffee Break<\/strong><\/td>\n<td style=\"text-align: center;\" rowspan=\"2\">Explanada Auditorio Rosende de la Facultad de Econom\u00eda y Administraci\u00f3n<\/td>\n<\/tr>\n<tr>\n<td style=\"text-align: center;\"><b>09:00 &#8211; 09:20<\/b><\/td>\n<td style=\"text-align: center;\"><b>Presentaci\u00f3n Comit\u00e9 Organizador<\/b>\u00a0<b><br \/>\n<\/b><\/td>\n<\/tr>\n<tr>\n<td style=\"text-align: center;\"><b>09:20 &#8211; 10:30<\/b><\/td>\n<td style=\"text-align: center;\"><b>Plenaria I-A<br \/>\n<\/b>Dra. Carolina Urz\u00faa Torres<b><br \/>\n<\/b><em>\u201cUn peque\u00f1o viaje a trav\u00e9s de los m\u00e9todos num\u00e9ricos <\/em><em>espacio-temporales\u201d<\/em><\/td>\n<td style=\"text-align: center;\" rowspan=\"2\">Auditorio Rosende de la Facultad de Econom\u00eda y Administraci\u00f3n<\/td>\n<\/tr>\n<tr>\n<td style=\"text-align: center;\"><b>10:30 &#8211; 11:00<\/b><\/td>\n<td style=\"text-align: center;\"><b>Inauguraci\u00f3n Congreso<\/b><\/td>\n<\/tr>\n<tr>\n<td style=\"text-align: center;\"><b>11:00 &#8211; 11:15<\/b><\/td>\n<td style=\"text-align: center;\" colspan=\"2\">Desplazamiento hacia la Facultad de Matem\u00e1ticas<\/td>\n<\/tr>\n<tr>\n<td style=\"text-align: center;\" rowspan=\"2\"><b>11:15 &#8211; 12:15<\/b><\/td>\n<td style=\"text-align: center;\"><b>Charla 1-A<br \/>\n<\/b><b><\/b>Dra. Gloria Henr\u00edquez D\u00edaz<br \/>\n<em>\u201cMatem\u00e1ticas y su relaci\u00f3n oculta con la medicina.\u201d <\/em><\/td>\n<td style=\"text-align: center;\">Salas Multiusos 1<br \/>\nFacultad de Matem\u00e1ticas UC<\/td>\n<\/tr>\n<tr>\n<td style=\"text-align: center;\"><b>Charla 1-B<br \/>\n<\/b><b><\/b>Dra. Anah\u00ed Gajardo Schulz<br \/>\n<em>\u201cBuscando la pre-expansividad en aut\u00f3matas celulares<\/em><br \/>\n<em>de dimensi\u00f3n 2.\u201d<\/em><\/td>\n<td style=\"text-align: center;\">Salas Multiusos 2<br \/>\nFacultad de Matem\u00e1ticas<\/td>\n<\/tr>\n<tr>\n<td style=\"text-align: center;\"><b>12:15 &#8211; 14:00<\/b><\/td>\n<td style=\"text-align: center;\" colspan=\"2\"><b>Almuerzo<\/b><\/td>\n<\/tr>\n<tr>\n<td style=\"text-align: center;\" rowspan=\"2\"><b>14:00 &#8211; 15:30<\/b><\/td>\n<td style=\"text-align: center;\"><b>Cursillo S1-A<br \/>\n<\/b><span style=\"font-family: inherit; font-size: inherit;\">Dra. Hanne Van Den Bosch<br \/>\n<\/span><em>\u201cMatem\u00e1ticas para mec\u00e1nica cu\u00e1nticas\u201d<\/em><\/td>\n<td style=\"text-align: center;\">Salas Multiusos 1<br \/>\nFacultad de Matem\u00e1ticas UC<\/td>\n<\/tr>\n<tr>\n<td style=\"text-align: center;\"><b>Cursillo S1-B<br \/>\n<\/b>Dra. Yuriko Pitones Amaro<br \/>\n<b><\/b><em>\u00ab\u00c1lgebra Conmutativa: un puente entre C\u00f3digos y<\/em><br \/>\n<em>Combinatoria\u201d<\/em><\/td>\n<td style=\"text-align: center;\">Salas Multiusos 2<br \/>\nFacultad de Matem\u00e1ticas<\/td>\n<\/tr>\n<tr>\n<td style=\"text-align: center;\"><b>15:30 &#8211; 15:45<\/b><\/td>\n<td style=\"text-align: center;\" colspan=\"2\">Desplazamiento hacia el<br \/>\nAuditorio Rosende de la Facultad de Econom\u00eda y Administraci\u00f3n<\/td>\n<\/tr>\n<tr>\n<td style=\"text-align: center;\"><b>15:45 &#8211; 16:15<\/b><\/td>\n<td style=\"text-align: center;\"><b>Coffee Break<\/b><\/td>\n<td style=\"text-align: center;\">Explanada Auditorio Rosende de Facultad<br \/>\nde Econom\u00eda y Administraci\u00f3n<\/td>\n<\/tr>\n<tr>\n<td style=\"text-align: center;\"><b>16:15 &#8211; 17:25<\/b><\/td>\n<td style=\"text-align: center;\"><b>Plenaria I-B<br \/>\n<\/b>Michela Artebani<b><br \/>\n<\/b><em>\u201c Blow-ups del plano proyectivo y el<br \/>\nproblema 14 de Hilbert.\u201d<\/em><\/td>\n<td>\n<p style=\"text-align: center;\">Auditorio Rosende de Facultad de<br \/>\nEconom\u00eda y Administraci\u00f3n<\/p>\n<\/td>\n<\/tr>\n<\/tbody>\n<\/table>\n<pre><strong>CRONOGRAMA DESCARGABLE:<a href=\"https:\/\/drive.google.com\/file\/d\/1QWLwv3zdzaWTkMHA6agTwV8aLvyhHxa5\/view?usp=sharing\"> CRONOGRAMA MI\u00c9RCOLES 10 PUC.<\/a>\r\nRECOMENDACIONES PARA EL ALMUERZO: <a href=\"https:\/\/drive.google.com\/file\/d\/1bLU8ddWLECDcKaD8j-tzMZ4yWT9JAaz2\/view?usp=sharing\">LUGARES PARA ALMOZAR MI\u00c9RCOLES 10 PUC.<\/a><\/strong><\/pre>\n<p style=\"text-align: center;\"><strong>UBICACI\u00d3N DE ESPACIOS PARA EL CONGRESO WOMATHS EN CAMPUS SAN JOAQU\u00cdN<\/strong><\/p>\n<p><img loading=\"lazy\" decoding=\"async\" class=\"alignnone wp-image-1218\" src=\"https:\/\/eventos.cmm.uchile.cl\/womaths2023\/wp-content\/uploads\/sites\/162\/2023\/05\/WhatsApp-Image-2023-05-05-at-09.22.22-300x150.jpeg\" alt=\"\" width=\"606\" height=\"303\" srcset=\"https:\/\/eventos.cmm.uchile.cl\/womaths2023\/wp-content\/uploads\/sites\/162\/2023\/05\/WhatsApp-Image-2023-05-05-at-09.22.22-300x150.jpeg 300w, https:\/\/eventos.cmm.uchile.cl\/womaths2023\/wp-content\/uploads\/sites\/162\/2023\/05\/WhatsApp-Image-2023-05-05-at-09.22.22-1024x512.jpeg 1024w, https:\/\/eventos.cmm.uchile.cl\/womaths2023\/wp-content\/uploads\/sites\/162\/2023\/05\/WhatsApp-Image-2023-05-05-at-09.22.22-768x384.jpeg 768w, https:\/\/eventos.cmm.uchile.cl\/womaths2023\/wp-content\/uploads\/sites\/162\/2023\/05\/WhatsApp-Image-2023-05-05-at-09.22.22-1536x768.jpeg 1536w, https:\/\/eventos.cmm.uchile.cl\/womaths2023\/wp-content\/uploads\/sites\/162\/2023\/05\/WhatsApp-Image-2023-05-05-at-09.22.22.jpeg 1600w\" sizes=\"auto, (max-width: 606px) 100vw, 606px\" \/><\/p>\n","protected":false},"excerpt":{"rendered":"<p>Hora\u00a0 Actividad Lugar 08:00 &#8211; 09:00 Recepci\u00f3n Coffee Break Explanada Auditorio Rosende de la Facultad de Econom\u00eda y Administraci\u00f3n 09:00 &#8211; 09:20 Presentaci\u00f3n Comit\u00e9 Organizador\u00a0 09:20 &#8211; 10:30 Plenaria I-A Dra. Carolina Urz\u00faa Torres \u201cUn peque\u00f1o viaje a trav\u00e9s de los m\u00e9todos num\u00e9ricos espacio-temporales\u201d Auditorio Rosende de la Facultad de Econom\u00eda y Administraci\u00f3n 10:30 &#8211; &hellip; <a href=\"https:\/\/eventos.cmm.uchile.cl\/womaths2023\/programa\/dia1\/\" class=\"more-link\">Seguir leyendo <span class=\"screen-reader-text\">D\u00eda 1 \u2013  San Joaqu\u00edn UC<\/span> <span class=\"meta-nav\">&rarr;<\/span><\/a><\/p>\n","protected":false},"author":2,"featured_media":0,"parent":65,"menu_order":0,"comment_status":"closed","ping_status":"closed","template":"","meta":{"inline_featured_image":false,"footnotes":""},"class_list":["post-655","page","type-page","status-publish","hentry"],"_links":{"self":[{"href":"https:\/\/eventos.cmm.uchile.cl\/womaths2023\/wp-json\/wp\/v2\/pages\/655","targetHints":{"allow":["GET"]}}],"collection":[{"href":"https:\/\/eventos.cmm.uchile.cl\/womaths2023\/wp-json\/wp\/v2\/pages"}],"about":[{"href":"https:\/\/eventos.cmm.uchile.cl\/womaths2023\/wp-json\/wp\/v2\/types\/page"}],"author":[{"embeddable":true,"href":"https:\/\/eventos.cmm.uchile.cl\/womaths2023\/wp-json\/wp\/v2\/users\/2"}],"replies":[{"embeddable":true,"href":"https:\/\/eventos.cmm.uchile.cl\/womaths2023\/wp-json\/wp\/v2\/comments?post=655"}],"version-history":[{"count":32,"href":"https:\/\/eventos.cmm.uchile.cl\/womaths2023\/wp-json\/wp\/v2\/pages\/655\/revisions"}],"predecessor-version":[{"id":1275,"href":"https:\/\/eventos.cmm.uchile.cl\/womaths2023\/wp-json\/wp\/v2\/pages\/655\/revisions\/1275"}],"up":[{"embeddable":true,"href":"https:\/\/eventos.cmm.uchile.cl\/womaths2023\/wp-json\/wp\/v2\/pages\/65"}],"wp:attachment":[{"href":"https:\/\/eventos.cmm.uchile.cl\/womaths2023\/wp-json\/wp\/v2\/media?parent=655"}],"curies":[{"name":"wp","href":"https:\/\/api.w.org\/{rel}","templated":true}]}}