{"id":692,"date":"2023-03-30T23:22:25","date_gmt":"2023-03-31T02:22:25","guid":{"rendered":"https:\/\/eventos.cmm.uchile.cl\/womaths2023\/?page_id=692"},"modified":"2023-05-09T10:43:42","modified_gmt":"2023-05-09T14:43:42","slug":"ubicacion","status":"publish","type":"page","link":"https:\/\/eventos.cmm.uchile.cl\/womaths2023\/ubicacion\/","title":{"rendered":"Ubicaci\u00f3n"},"content":{"rendered":"<h3><strong>Pontificia Universidad Cat\u00f3lica de Chile<\/strong><\/h3>\n<p><a href=\"https:\/\/www.uc.cl\/universidad\/nuestros-campus\/san-joaquin\/#\">Campus San Joaqu\u00edn<\/a> &#8211; <span class=\"ml-8\">Av. Vicu\u00f1a Mackenna 4860, Macul, Santiago<\/span><\/p>\n<p><strong>\u00bfC\u00f3mo llegar?<br \/>\n<\/strong><strong>Metro:<\/strong> Bajarse en estaci\u00f3n <strong>San Joaqu\u00edn<\/strong> de la l\u00ednea 5\u00a0 &#8211;\u00a0 Estaci\u00f3n <b>com\u00fan (roja y verde)<\/b> de la Ruta Expresa Metro.<br \/>\n<strong>Precauci\u00f3n:<\/strong> Entre 6:00 y 9:00 metro de Santiago funciona con la <strong><a href=\"https:\/\/www.metro.cl\/el-viaje\/ruta-expresa\">ruta expresa.<\/a><br \/>\nBuses: 210 &#8211; 210v &#8211; 213<\/strong><\/p>\n<div class=\"mapouter\">\n<div class=\"gmap_canvas\">\n<p><iframe loading=\"lazy\" id=\"gmap_canvas\" src=\"https:\/\/maps.google.com\/maps?q=Pontificia Universidad Cat\u00f3lica Av. Vicu\u00f1a Mackenna 4860, Macul, Regi\u00f3n Metropolitana&amp;t=&amp;z=13&amp;ie=UTF8&amp;iwloc=&amp;output=embed\" width=\"600\" height=\"400\" frameborder=\"0\" marginwidth=\"0\" marginheight=\"0\" scrolling=\"no\"><\/iframe><\/p>\n<\/div>\n<\/div>\n<h3><\/h3>\n<h3><strong>Universidad de Santiago de Chile<\/strong><\/h3>\n<p><a href=\"https:\/\/www.usach.cl\/facultades-inicio\">USACH<\/a> &#8211; Av. del Libertador Bernardo O&#8217;Higgins 3363, Estaci\u00f3n Central.<\/p>\n<p><strong>\u00bfC\u00f3mo llegar?<br \/>\n<\/strong><strong>Metro:<\/strong> Bajarse en estaci\u00f3n <b>Estaci\u00f3n Central<\/b> de la l\u00ednea 1\u00a0 &#8211;\u00a0 No opera con Ruta Expresa Metro.<strong><br \/>\nBuses: 210 &#8211; 507 &#8211; 106 &#8211; 510 &#8211; 516.<\/strong><\/p>\n<div class=\"mapouter\">\n<div class=\"gmap_canvas\">\n<p><iframe loading=\"lazy\" id=\"gmap_canvas\" src=\"https:\/\/maps.google.com\/maps?q=usach&amp;t=&amp;z=13&amp;ie=UTF8&amp;iwloc=&amp;output=embed\" width=\"600\" height=\"400\" frameborder=\"0\" marginwidth=\"0\" marginheight=\"0\" scrolling=\"no\"><\/iframe><\/p>\n<\/div>\n<\/div>\n<h3><\/h3>\n<h3><strong>Universidad de Chile<\/strong><\/h3>\n<p><a href=\"https:\/\/ingenieria.uchile.cl\/campus-beauchef\">Campus Beauchef (FCFM)<\/a> &#8211; Av. Beauchef 851, Santiago.<\/p>\n<p><strong>\u00bfC\u00f3mo llegar?<br \/>\n<\/strong><strong>Metro:<\/strong> Se puede llegar ya sea baj\u00e1ndose en estaci\u00f3n <b>Parque O&#8217;Higgins<\/b> (<strong>parada roja<\/strong> Ruta Expresa Metro) o estaci\u00f3n <b>Toesca<\/b>\u00a0 (<strong>parada verde<\/strong> Ruta Expresa Metro) ambas de la l\u00ednea 2.<br \/>\n<strong>Precauci\u00f3n:<\/strong> Entre 6:00 y 9:00 metro de Santiago funciona con la <strong><a href=\"https:\/\/www.metro.cl\/el-viaje\/ruta-expresa\">ruta expresa.<\/a><br \/>\nBuses: 506 &#8211; 507 &#8211; 509 &#8211; 510\u00a0 | <\/strong>PA433 &#8211; PA322 &#8211; PA452\u00a0\/ Escuela De Ingenier\u00eda<\/p>\n<div class=\"mapouter\">\n<div class=\"gmap_canvas\">\n<p><iframe loading=\"lazy\" id=\"gmap_canvas\" src=\"https:\/\/maps.google.com\/maps?q=fcfm&amp;t=&amp;z=13&amp;ie=UTF8&amp;iwloc=&amp;output=embed\" width=\"600\" height=\"400\" frameborder=\"0\" marginwidth=\"0\" marginheight=\"0\" scrolling=\"no\"><\/iframe><\/p>\n<\/div>\n<\/div>\n","protected":false},"excerpt":{"rendered":"<p>Pontificia Universidad Cat\u00f3lica de Chile Campus San Joaqu\u00edn &#8211; Av. Vicu\u00f1a Mackenna 4860, Macul, Santiago \u00bfC\u00f3mo llegar? Metro: Bajarse en estaci\u00f3n San Joaqu\u00edn de la l\u00ednea 5\u00a0 &#8211;\u00a0 Estaci\u00f3n com\u00fan (roja y verde) de la Ruta Expresa Metro. Precauci\u00f3n: Entre 6:00 y 9:00 metro de Santiago funciona con la ruta expresa. Buses: 210 &#8211; 210v &hellip; <a href=\"https:\/\/eventos.cmm.uchile.cl\/womaths2023\/ubicacion\/\" class=\"more-link\">Seguir leyendo <span class=\"screen-reader-text\">Ubicaci\u00f3n<\/span> <span class=\"meta-nav\">&rarr;<\/span><\/a><\/p>\n","protected":false},"author":2,"featured_media":0,"parent":0,"menu_order":4,"comment_status":"closed","ping_status":"closed","template":"","meta":{"inline_featured_image":false,"footnotes":""},"class_list":["post-692","page","type-page","status-publish","hentry"],"_links":{"self":[{"href":"https:\/\/eventos.cmm.uchile.cl\/womaths2023\/wp-json\/wp\/v2\/pages\/692","targetHints":{"allow":["GET"]}}],"collection":[{"href":"https:\/\/eventos.cmm.uchile.cl\/womaths2023\/wp-json\/wp\/v2\/pages"}],"about":[{"href":"https:\/\/eventos.cmm.uchile.cl\/womaths2023\/wp-json\/wp\/v2\/types\/page"}],"author":[{"embeddable":true,"href":"https:\/\/eventos.cmm.uchile.cl\/womaths2023\/wp-json\/wp\/v2\/users\/2"}],"replies":[{"embeddable":true,"href":"https:\/\/eventos.cmm.uchile.cl\/womaths2023\/wp-json\/wp\/v2\/comments?post=692"}],"version-history":[{"count":27,"href":"https:\/\/eventos.cmm.uchile.cl\/womaths2023\/wp-json\/wp\/v2\/pages\/692\/revisions"}],"predecessor-version":[{"id":1264,"href":"https:\/\/eventos.cmm.uchile.cl\/womaths2023\/wp-json\/wp\/v2\/pages\/692\/revisions\/1264"}],"wp:attachment":[{"href":"https:\/\/eventos.cmm.uchile.cl\/womaths2023\/wp-json\/wp\/v2\/media?parent=692"}],"curies":[{"name":"wp","href":"https:\/\/api.w.org\/{rel}","templated":true}]}}