{"id":14,"date":"2016-06-02T12:08:32","date_gmt":"2016-06-02T16:08:32","guid":{"rendered":"http:\/\/eventos.cmm.uchile.cl\/bioprocesos2016\/?page_id=14"},"modified":"2016-06-17T10:16:42","modified_gmt":"2016-06-17T14:16:42","slug":"organizers-sponsors","status":"publish","type":"page","link":"https:\/\/eventos.cmm.uchile.cl\/bioprocesos2016\/organizers-sponsors\/","title":{"rendered":"Organizers &amp; Sponsors"},"content":{"rendered":"<h2>Organizers<\/h2>\n<table style=\"border: none\">\n<tbody>\n<tr>\n<td style=\"border: none\" width=\"308\"><a href=\"http:\/\/www.cmm.uchile.cl\"><img loading=\"lazy\" decoding=\"async\" class=\"aligncenter wp-image-89 size-full\" src=\"http:\/\/eventos.cmm.uchile.cl\/bioprocesos2016\/wp-content\/uploads\/sites\/35\/2016\/06\/logo_cmm_01.png\" alt=\"CMM\" width=\"110\" height=\"100\" \/><\/a><\/td>\n<td style=\"border: none\">Centro de Modelamiento Matem\u00e1tico (CMM)<\/td>\n<\/tr>\n<tr>\n<td style=\"border: none\"><a href=\"http:\/\/www.am2v.cl\"><img loading=\"lazy\" decoding=\"async\" class=\"aligncenter wp-image-91 size-full\" src=\"http:\/\/eventos.cmm.uchile.cl\/bioprocesos2016\/wp-content\/uploads\/sites\/35\/2016\/06\/logo_am2v_01.png\" alt=\"AM2V\" width=\"197\" height=\"100\" \/><\/a><\/td>\n<td style=\"border: none\">An\u00e1lisis y Modelamiento Matem\u00e1tico Valpara\u00edso (AM2V)<\/td>\n<\/tr>\n<tr>\n<td style=\"border: none\"><a href=\"http:\/\/postgrado.ufro.cl\/index.php\/doctorados\/9-sin-categoria\/74-doctorado-en-ciencias-de-la-ingenieria-mencion-bioprocesos\"><img loading=\"lazy\" decoding=\"async\" class=\"aligncenter wp-image-92 size-full\" src=\"http:\/\/eventos.cmm.uchile.cl\/bioprocesos2016\/wp-content\/uploads\/sites\/35\/2016\/06\/logo_ufro_dcibio_01.png\" alt=\"UFRO\" width=\"288\" height=\"100\" \/><\/a><\/td>\n<td style=\"border: none\">Programa de Doctorado en Ciencias de la Ingenier\u00eda menci\u00f3n Bioprocesos, U. Frontera<\/td>\n<\/tr>\n<tr>\n<td style=\"border: none\"><a href=\"http:\/\/www.inria.cl\"><img loading=\"lazy\" decoding=\"async\" class=\"aligncenter wp-image-93 size-full\" src=\"http:\/\/eventos.cmm.uchile.cl\/bioprocesos2016\/wp-content\/uploads\/sites\/35\/2016\/06\/logo_inria_chile_02.png\" alt=\"Inria Chile\" width=\"160\" height=\"100\" \/><\/a><\/td>\n<td style=\"border: none\">Institut National de Recherche en Informatique et en Automatique (Inria) &#8211;\u00a0 Chile<\/td>\n<\/tr>\n<\/tbody>\n<\/table>\n<h2>Sponsors<\/h2>\n<table style=\"border: none\">\n<tbody>\n<tr>\n<td style=\"border: none\" width=\"308\"><a href=\"http:\/\/www.uchile.cl\"><img loading=\"lazy\" decoding=\"async\" class=\"aligncenter wp-image-95 size-full\" src=\"http:\/\/eventos.cmm.uchile.cl\/bioprocesos2016\/wp-content\/uploads\/sites\/35\/2016\/06\/logo_uchile_01.png\" alt=\"UChile\" width=\"100\" height=\"100\" \/><\/a><\/td>\n<td style=\"border: none\">Universidad de Chile<\/td>\n<\/tr>\n<tr>\n<td style=\"border: none\"><a href=\"http:\/\/www.usm.cl\"><img loading=\"lazy\" decoding=\"async\" class=\"aligncenter wp-image-96 size-full\" src=\"http:\/\/eventos.cmm.uchile.cl\/bioprocesos2016\/wp-content\/uploads\/sites\/35\/2016\/06\/logo_utfsm_01.png\" alt=\"UTFSM\" width=\"196\" height=\"100\" \/><\/a><\/td>\n<td style=\"border: none\">Universidad T\u00e9cnica Federico Santa Mar\u00eda<\/td>\n<\/tr>\n<tr>\n<td style=\"border: none\"><a href=\"http:\/\/www.ufro.cl\"><img loading=\"lazy\" decoding=\"async\" class=\"aligncenter wp-image-97 size-full\" src=\"http:\/\/eventos.cmm.uchile.cl\/bioprocesos2016\/wp-content\/uploads\/sites\/35\/2016\/06\/logo_ufro_01.png\" alt=\"UFRO\" width=\"252\" height=\"100\" \/><\/a><\/td>\n<td style=\"border: none\">Universidad de la Frontera<\/td>\n<\/tr>\n<tr>\n<td style=\"border: none\"><a href=\"http:\/\/www.conicyt.cl\"><img loading=\"lazy\" decoding=\"async\" class=\"aligncenter wp-image-98 size-full\" src=\"http:\/\/eventos.cmm.uchile.cl\/bioprocesos2016\/wp-content\/uploads\/sites\/35\/2016\/06\/logo_conicyt_01.png\" alt=\"Conicyt\" width=\"108\" height=\"100\" \/><\/a><\/td>\n<td style=\"border: none\">CONICYT (Relaciones Internacionales)<\/td>\n<\/tr>\n<\/tbody>\n<\/table>\n","protected":false},"excerpt":{"rendered":"<p>Organizers Centro de Modelamiento Matem\u00e1tico (CMM) An\u00e1lisis y Modelamiento Matem\u00e1tico Valpara\u00edso (AM2V) Programa de Doctorado en Ciencias de la Ingenier\u00eda menci\u00f3n Bioprocesos, U. Frontera Institut National de Recherche en Informatique et en Automatique (Inria) &#8211;\u00a0 Chile Sponsors Universidad de Chile Universidad T\u00e9cnica Federico Santa Mar\u00eda Universidad de la Frontera CONICYT (Relaciones Internacionales)<\/p>\n","protected":false},"author":2,"featured_media":0,"parent":0,"menu_order":4,"comment_status":"closed","ping_status":"closed","template":"","meta":{"inline_featured_image":false,"footnotes":""},"class_list":["post-14","page","type-page","status-publish","hentry"],"_links":{"self":[{"href":"https:\/\/eventos.cmm.uchile.cl\/bioprocesos2016\/wp-json\/wp\/v2\/pages\/14","targetHints":{"allow":["GET"]}}],"collection":[{"href":"https:\/\/eventos.cmm.uchile.cl\/bioprocesos2016\/wp-json\/wp\/v2\/pages"}],"about":[{"href":"https:\/\/eventos.cmm.uchile.cl\/bioprocesos2016\/wp-json\/wp\/v2\/types\/page"}],"author":[{"embeddable":true,"href":"https:\/\/eventos.cmm.uchile.cl\/bioprocesos2016\/wp-json\/wp\/v2\/users\/2"}],"replies":[{"embeddable":true,"href":"https:\/\/eventos.cmm.uchile.cl\/bioprocesos2016\/wp-json\/wp\/v2\/comments?post=14"}],"version-history":[{"count":12,"href":"https:\/\/eventos.cmm.uchile.cl\/bioprocesos2016\/wp-json\/wp\/v2\/pages\/14\/revisions"}],"predecessor-version":[{"id":110,"href":"https:\/\/eventos.cmm.uchile.cl\/bioprocesos2016\/wp-json\/wp\/v2\/pages\/14\/revisions\/110"}],"wp:attachment":[{"href":"https:\/\/eventos.cmm.uchile.cl\/bioprocesos2016\/wp-json\/wp\/v2\/media?parent=14"}],"curies":[{"name":"wp","href":"https:\/\/api.w.org\/{rel}","templated":true}]}}