{"id":4,"date":"2013-11-19T15:55:47","date_gmt":"2013-11-19T18:55:47","guid":{"rendered":"http:\/\/eventos.cmm.uchile.cl\/chile-finlandia2013\/?page_id=4"},"modified":"2013-12-05T16:20:02","modified_gmt":"2013-12-05T19:20:02","slug":"seminario-talleres","status":"publish","type":"page","link":"https:\/\/eventos.cmm.uchile.cl\/chile-finlandia2013\/","title":{"rendered":"Seminario + Talleres"},"content":{"rendered":"<p><a href=\"http:\/\/eventos.cmm.uchile.cl\/chile-finlandia2013\/wp-content\/uploads\/sites\/8\/2013\/12\/seminario_resolucion_problemas_2013_poster_web02.jpg\"><img loading=\"lazy\" decoding=\"async\" class=\"alignright size-full wp-image-29\" alt=\"seminario_resolucion_problemas_2013_poster_web01th\" src=\"http:\/\/eventos.cmm.uchile.cl\/chile-finlandia2013\/wp-content\/uploads\/sites\/8\/2013\/12\/seminario_resolucion_problemas_2013_poster_web02th.jpg\" width=\"240\" height=\"371\" \/><\/a>El Centro de Investigaci\u00f3n Avanzada en Educaci\u00f3n del a Universidad de Chile, junto al Centro de Modelamiento Matem\u00e1tico y la Academy of Finland invitan al Seminario \u00abResoluci\u00f3n de Problemas en clases de Matem\u00e1tica\u00bb, a realizarse el d\u00eda viernes 13 de Diciembre de 2013 en la Escuela de Ingenieri\u0301a y Ciencias &#8211; Universidad de Chile, Beauchef 850, Santiago.<\/p>\n<p>Este Seminario corresponde al cierre del proyecto de investigaci\u00f3n bi-lateral \u201cDesarrollo de la comprensi\u00f3n matem\u00e1tica y del desempe\u00f1o a trav\u00e9s de la resoluci\u00f3n de problemas de final abierto\u201d financiado por PIA-CONICYT en Chile y la <a title=\"Academy of Finland\" href=\"http:\/\/www.aka.fi\/en-GB\/A\/\">Academy of Finland<\/a>, ejecutado por la <a href=\"http:\/\/www.uchile.cl\/\">Universidad de Chile<\/a> y la <a title=\"University of Helsinki\" href=\"http:\/\/www.helsinki.fi\/university\/\">Universidad de Helsinki<\/a>.<\/p>\n<p>&nbsp;<\/p>\n<p><img loading=\"lazy\" decoding=\"async\" class=\"alignleft size-full wp-image-39\" alt=\"wmps2013poster_th\" src=\"http:\/\/eventos.cmm.uchile.cl\/chile-finlandia2013\/wp-content\/uploads\/sites\/8\/2013\/11\/wmps2013poster_th.jpg\" width=\"240\" height=\"371\" srcset=\"https:\/\/eventos.cmm.uchile.cl\/chile-finlandia2013\/wp-content\/uploads\/sites\/8\/2013\/11\/wmps2013poster_th.jpg 240w, https:\/\/eventos.cmm.uchile.cl\/chile-finlandia2013\/wp-content\/uploads\/sites\/8\/2013\/11\/wmps2013poster_th-194x300.jpg 194w\" sizes=\"auto, (max-width: 240px) 100vw, 240px\" \/>En este mismo marco se realiza la conferencia \u201cWorkshop in Mathematics Problem Solving\u201d en el Centro de Modelamiento Matem\u00e1tico, entre el 10 y el 13 de Diciembre de 2013, cuyos conferencistas invitados son:<\/p>\n<ul>\n<li>Jinfa Cai (University of Delaware, USA)<\/li>\n<li>Markku Hannula (University of Helsinki, Finland)<\/li>\n<li>Jeremy Kilpatrick (University of Georgia, USA)<\/li>\n<li>John Mason (University of Oxford, UK)<\/li>\n<\/ul>\n<p>Y cuyo comit\u00e9 organizador est\u00e1 compuesto por:<\/p>\n<ul>\n<li>Patricio Felmer (CMM-U. Chile)<\/li>\n<li>Markku Hannula (U. of Helsinki, Finland)<\/li>\n<li>Erkki Pehkonen (U. of Helsinki, Finland)<\/li>\n<li>Leonor Varas (CIAE-U. Chile)<\/li>\n<\/ul>\n<p>M\u00e1s informaci\u00f3n acerca del \u201c<a title=\"Workshop in Mathematics Problem Solving\" href=\"http:\/\/wmps2013.cmm.uchile.cl\/\">Workshop in Mathematics Problem Solving<\/a>\u201d <a title=\"Workshop in Mathematics Problem Solving\" href=\"http:\/\/wmps2013.cmm.uchile.cl\/\">aqu\u00ed<\/a> (s\u00f3lo en ingl\u00e9s).<br \/>\nMore information about the \u201c<a title=\"Workshop in Mathematics Problem Solving\" href=\"http:\/\/wmps2013.cmm.uchile.cl\/\">Workshop in Mathematics Problem Solving<\/a>\u201d <a title=\"Workshop in Mathematics Problem Solving\" href=\"http:\/\/wmps2013.cmm.uchile.cl\/\">here<\/a>.<\/p>\n<p>&nbsp;<\/p>\n<p><img loading=\"lazy\" decoding=\"async\" class=\"aligncenter size-full wp-image-13\" alt=\"chile-finlandia2013_web_logos01\" src=\"http:\/\/eventos.cmm.uchile.cl\/chile-finlandia2013\/wp-content\/uploads\/sites\/8\/2013\/11\/chile-finlandia2013_web_logos01.png\" width=\"604\" height=\"89\" srcset=\"https:\/\/eventos.cmm.uchile.cl\/chile-finlandia2013\/wp-content\/uploads\/sites\/8\/2013\/11\/chile-finlandia2013_web_logos01.png 604w, https:\/\/eventos.cmm.uchile.cl\/chile-finlandia2013\/wp-content\/uploads\/sites\/8\/2013\/11\/chile-finlandia2013_web_logos01-300x44.png 300w\" sizes=\"auto, (max-width: 604px) 100vw, 604px\" \/><\/p>\n","protected":false},"excerpt":{"rendered":"<p>El Centro de Investigaci\u00f3n Avanzada en Educaci\u00f3n del a Universidad de Chile, junto al Centro de Modelamiento Matem\u00e1tico y la Academy of Finland invitan al Seminario \u00abResoluci\u00f3n de Problemas en clases de Matem\u00e1tica\u00bb, a realizarse el d\u00eda viernes 13 de Diciembre de 2013 en la Escuela de Ingenieri\u0301a y Ciencias &#8211; Universidad de Chile, Beauchef &hellip; <a href=\"https:\/\/eventos.cmm.uchile.cl\/chile-finlandia2013\/\" class=\"more-link\">Seguir leyendo <span class=\"screen-reader-text\">Seminario + Talleres<\/span> <span class=\"meta-nav\">&rarr;<\/span><\/a><\/p>\n","protected":false},"author":2,"featured_media":0,"parent":0,"menu_order":0,"comment_status":"closed","ping_status":"closed","template":"","meta":{"inline_featured_image":false,"footnotes":""},"class_list":["post-4","page","type-page","status-publish","hentry"],"_links":{"self":[{"href":"https:\/\/eventos.cmm.uchile.cl\/chile-finlandia2013\/wp-json\/wp\/v2\/pages\/4","targetHints":{"allow":["GET"]}}],"collection":[{"href":"https:\/\/eventos.cmm.uchile.cl\/chile-finlandia2013\/wp-json\/wp\/v2\/pages"}],"about":[{"href":"https:\/\/eventos.cmm.uchile.cl\/chile-finlandia2013\/wp-json\/wp\/v2\/types\/page"}],"author":[{"embeddable":true,"href":"https:\/\/eventos.cmm.uchile.cl\/chile-finlandia2013\/wp-json\/wp\/v2\/users\/2"}],"replies":[{"embeddable":true,"href":"https:\/\/eventos.cmm.uchile.cl\/chile-finlandia2013\/wp-json\/wp\/v2\/comments?post=4"}],"version-history":[{"count":13,"href":"https:\/\/eventos.cmm.uchile.cl\/chile-finlandia2013\/wp-json\/wp\/v2\/pages\/4\/revisions"}],"predecessor-version":[{"id":66,"href":"https:\/\/eventos.cmm.uchile.cl\/chile-finlandia2013\/wp-json\/wp\/v2\/pages\/4\/revisions\/66"}],"wp:attachment":[{"href":"https:\/\/eventos.cmm.uchile.cl\/chile-finlandia2013\/wp-json\/wp\/v2\/media?parent=4"}],"curies":[{"name":"wp","href":"https:\/\/api.w.org\/{rel}","templated":true}]}}