{"id":303,"date":"2022-11-21T19:40:44","date_gmt":"2022-11-21T22:40:44","guid":{"rendered":"https:\/\/eventos.cmm.uchile.cl\/chilejapanforum2022\/?page_id=303"},"modified":"2022-12-20T17:26:00","modified_gmt":"2022-12-20T20:26:00","slug":"w3","status":"publish","type":"page","link":"https:\/\/eventos.cmm.uchile.cl\/chilejapanforum2022\/program\/w3\/","title":{"rendered":"Workshop 3"},"content":{"rendered":"<h2 class=\"w_title\">Biology, Biomedical Engineering &amp; Digital Health<\/h2>\n<p>20221121 version 5.0<\/p>\n<p>&nbsp;<\/p>\n<h3>\u00a0Tue 29 Nov 2022<\/h3>\n<p><strong>08:45-09:00<\/strong> Boarding special buses from Puerto Varas to Puerto Montt (45 min)<\/p>\n<h4><strong>10:00-10:45 \u2014 session 1: UChile &amp; Japan collaborations<\/strong><\/h4>\n<p><strong>10:00-10:20 Miguel O\u2019Ryan<\/strong> (UChile) The Joint Degree in Medical Sciences with Subspecialty Training between Faculty of Medicine University of Chile and Tokio Medical and Dentistry University (TMDU). History and achievements under UChile\u2019s perspective.<\/p>\n<p><strong>10:20-10:40 Manuel Kukuljan*<\/strong> (UChile) TBA<\/p>\n<p><strong>10:40-11:00 Luis Loyola<\/strong>\u00a0(Allm Inc, Japan)<\/p>\n<p><strong>11:00-11:20 H\u00e9ctor Ram\u00edrez<\/strong> (UChile) TBA<\/p>\n<p><strong>11:20-11:40 Coffee Break<\/strong><\/p>\n<div class=\"su-divider su-divider-style-default\" style=\"margin:15px 0;border-width:2px;border-color:#2F70B4\"><a href=\"#\" style=\"color:#999999\">Go to top<\/a><\/div>\n<h4>11:40 -13:00 \u2014 session 2: Digital Health I<\/h4>\n<p><strong>11:40-12:00 May Chomal\u00ed<\/strong> (CENS: UChile, PUC, UdeC, UValpo, UTalca) TBA<\/p>\n<p><strong>12:00-12:20 Sebasti\u00e1n Valderrama*<\/strong> (PUC\/CENS) TBA<\/p>\n<p><strong>12:20-12:40 Maurizio Mattoli<\/strong> (UdeC) TBA<\/p>\n<p><strong>12:40-13:00 Carolina Iba\u00f1ez<\/strong> (NTT Data) Innovation in health: beating the clock (Part I)<\/p>\n<p><strong>13:00-14:00 Lunch Break<\/strong><\/p>\n<div class=\"su-divider su-divider-style-default\" style=\"margin:15px 0;border-width:2px;border-color:#2F70B4\"><a href=\"#\" style=\"color:#999999\">Go to top<\/a><\/div>\n<h4>14:00-15:15 \u2014 session 3: Digital Health II<\/h4>\n<p><strong>14:00-14:20 Carolina Iba\u00f1ez<\/strong> (NTT Data) Innovation in health: beating the clock (Part II)<\/p>\n<p><strong>14:20-14:40 Steffen H\u00e4rtel<\/strong> (UChile\/CENS) RESDUE (Chilean Public University Digital Health Network)<\/p>\n<p><strong>14:40-15:00 Jaime L\u00f3pez-Uribe<\/strong> (ULagos) RESDUE (Chilean Public University Digital Health Network)<\/p>\n<p><strong>15:00-15:20 Workshop Speakers Discussion <\/strong>\u201cGlobal Challenges of Digital Transformation in Health\u201d<\/p>\n<p><strong>15:20-15:40 Coffee Break<\/strong><\/p>\n<div class=\"su-divider su-divider-style-default\" style=\"margin:15px 0;border-width:2px;border-color:#2F70B4\"><a href=\"#\" style=\"color:#999999\">Go to top<\/a><\/div>\n<h4>15:40-16:40 \u2014 session 4: Digital Health III<\/h4>\n<p><strong>15:40-16:00 Esteban Pino<\/strong> (UdeC) TBA<\/p>\n<p><strong>16:00-16:20 V\u00edctor Riquelme<\/strong> (UChile) Analysis and prediction of the peak of beds demand for respiratory diseases in pediatric hospitals<\/p>\n<p><strong>16:20-16:40 Gloria Henr\u00edquez<\/strong> (UChile) Prediction of urgency treatment demand for respiratory diseases<\/p>\n<p><strong>16:40-17:00 Boarding special buses from Puerto Montt to Puerto Varas (45 min)<\/strong><\/p>\n<div class=\"su-divider su-divider-style-default\" style=\"margin:15px 0;border-width:2px;border-color:#2F70B4\"><a href=\"#\" style=\"color:#999999\">Go to top<\/a><\/div>\n<h3>Wed 30 Nov 2022<\/h3>\n<p><strong>08:45-09:00 Boarding special buses from Puerto Varas to Puerto Montt (45 min)<\/strong><\/p>\n<h4>10:00-11:15 \u2014 session 5: Bio &amp; Bioengineering Session<\/h4>\n<p><strong>10:00-10:20 Javier D\u00edaz<\/strong> (Tsukuba) TBA<\/p>\n<p><strong>10:20-10:40 Toshihiro Kasama*<\/strong> (UTokyo) Development of Microfluidic Immunoassay Devices<\/p>\n<p><strong>10:40-11:00 Tob\u00edas Wenzel<\/strong> (PUC) Microbiome and microfluidics<\/p>\n<p><strong>11:00-11:20 Pengwen Chen*<\/strong> (UTokyo) TBA<\/p>\n<p><strong>11:20-11:40 Coffee Break<\/strong><\/p>\n<div class=\"su-divider su-divider-style-default\" style=\"margin:15px 0;border-width:2px;border-color:#2F70B4\"><a href=\"#\" style=\"color:#999999\">Go to top<\/a><\/div>\n<h4>11:45 -13:00 session 6: Bioengineering Session<\/h4>\n<p><strong>11:40-12:00 C\u00e9sar Ram\u00edrez<\/strong> (PUC) Protein engineering<\/p>\n<p><strong>12:00-12:20 Horacio Cabral<\/strong> (UTokyo) Nanocarriers for cancer therapies<\/p>\n<p><strong>12:20-12:40<\/strong> TBA<\/p>\n<p><strong>12:40-13:00 Q &amp; A and Morning Sessions Speakers Discussion<\/strong><\/p>\n<p><strong>13:00-14:00 Lunch Break<\/strong><\/p>\n<div class=\"su-divider su-divider-style-default\" style=\"margin:15px 0;border-width:2px;border-color:#2F70B4\"><a href=\"#\" style=\"color:#999999\">Go to top<\/a><\/div>\n<h4>14:00-15:15 session 7: TBD<\/h4>\n<p><strong>14:00-14:20 <\/strong><strong>Juan Carlos Letelier<\/strong> (UChile) Autopoiesis neurobiology<\/p>\n<p><strong>14:20-14:40 Motofumi Fushimi<\/strong> (UTokyo) Identification of Neural Current Source in the Brain using Magnetoencephalography<\/p>\n<p><strong>14:40-15:00 Alexis Salas<\/strong> (UdeC)<\/p>\n<p><strong>15:00-15:15 Q &amp; A and Session Speakers Discussion<\/strong><\/p>\n<p><strong>15:15-15:45 Coffee Break<\/strong><\/p>\n<div class=\"su-divider su-divider-style-default\" style=\"margin:15px 0;border-width:2px;border-color:#2F70B4\"><a href=\"#\" style=\"color:#999999\">Go to top<\/a><\/div>\n<h4>15:45-16:45 session 8: TBD<\/h4>\n<p><strong>15:45-16:00 Andrea Ravasio<\/strong> (PUC) Multiscale mechanobiology<\/p>\n<p><strong>16:00-16:15 Steffen H\u00e4rtel<\/strong> (UChile) Latam &amp; Global Bioimaging<\/p>\n<p><strong>16:15-16:30 Cristina Bertocchi<\/strong> (PUC) Molecular mechanobiology<\/p>\n<p><strong>16:30-16:45 Q&amp;A and Session Speakers Discussion<\/strong><\/p>\n<p><strong>16:45-17:00 Moving from Workshop room to Auditorium<\/strong><\/p>\n<p><strong>17:00-17:30 Forum Keynote Lecture: Camila Fern\u00e1ndez<\/strong> (UdeC) &#8220;We all want to adapt: The challenges and successes of marine research in the era of climate change&#8221;<\/p>\n<p><strong>17:30-18:30 Wrap-Up &amp; Conclusions:<\/strong> 10 min report from every workshop<\/p>\n<p><strong>18:30-18:45 Boarding special buses from Puerto Montt to Puerto Varas (45 min)<\/strong><\/p>\n<h5><strong>Workshop Participants (~24 in person, ~6 online)<\/strong><\/h5>\n<ul>\n<li>UChile: Miguel O\u2019Ryan, Steffen H\u00e4rtel, Juan Carlos Letelier, H\u00e9ctor Ram\u00edrez, Gloria Henr\u00edquez, V\u00edctor Riquelme<\/li>\n<li>UdeC: Esteban Pino, Alexis Salas, Maurizio Mattoli<\/li>\n<li>PUC: Andreas Ravasio, Christina Bertocchi, Flavia Zacconi, Tob\u00edas Wenzel, C\u00e9sar Ram\u00edrez, Sebasti\u00e1n Valderrama<\/li>\n<li>ULagos: Ricardo Fern\u00e1ndez, Jaime L\u00f3pez-Uribe, Margarita Albarr\u00e1n<\/li>\n<li>UTokyo: Motofumi Fushimi, Horacio Cabral, Toshihiro Kasama*, Pengwen Chen*<br \/>\nTsukuba: Javier D\u00edaz*<\/li>\n<li>NTT Data: Carolina Iba\u00f1ez, Soledad Paredes<\/li>\n<li>Allm Inc.: Luis Loyola<\/li>\n<li>CENS: May Chomal\u00ed<\/li>\n<\/ul>\n<p>* remote online participation<\/p>\n<h5>Affiliations:<\/h5>\n<ul>\n<li>UTokyo = The University of Tokyo<\/li>\n<li>Tsukuba = Tsukuba University<\/li>\n<li>UChile = Universidad de Chile<\/li>\n<li>PUC = Pontificia Universidad Cat\u00f3lica de Chile<\/li>\n<li>UdeC = Universidad de Concepci\u00f3n<\/li>\n<li>ULagos = Universidad de Los Lagos<\/li>\n<li>CENS = Centro Nacional de Sistemas de Informaci\u00f3n en Salud<br \/>\n(National Center for Health Information Systems)<\/li>\n<\/ul>\n<h5>20:00-23:00 Conference Dinner at Hotel Caba\u00f1as del Lago (Club House)<\/h5>\n<p>&lt;all the forum participants&gt;<\/p>\n<div class=\"su-divider su-divider-style-default\" style=\"margin:15px 0;border-width:2px;border-color:#2F70B4\"><a href=\"#\" style=\"color:#999999\">Go to top<\/a><\/div>\n<h3>Thu 01 Dec 2022<\/h3>\n<h5>Forum Fieldtrip to Termas del Sol, Seno de Reloncav\u00ed<\/h5>\n<p>&lt;all the forum participants&gt;<\/p>\n<p>~ beautiful 3 hour trip through of native flora scenic route via Ensenada &amp; Cocham\u00f3<\/p>\n<p>08:00 departure time from Hotel Caba\u00f1a del Lago, Puerto Varas<\/p>\n<p>20:00 return time to Hotel Caba\u00f1a del Lago, Puerto Varas<\/p>\n<div class=\"su-divider su-divider-style-default\" style=\"margin:15px 0;border-width:2px;border-color:#2F70B4\"><a href=\"#\" style=\"color:#999999\">Go to top<\/a><\/div>\n<h3>Fri 02 Dec 2022<\/h3>\n<p>Optional tours:<\/p>\n<p>1) Volc\u00e1n Osorno \u00a0\u00a0\u00a0\u00a02) Saltos Petrohu\u00e9<\/p>\n<p><strong>*** UPDATE: Both tours were cancelled.<\/strong><\/p>\n<div class=\"su-divider su-divider-style-default\" style=\"margin:15px 0;border-width:2px;border-color:#2F70B4\"><a href=\"#\" style=\"color:#999999\">Go to top<\/a><\/div>\n","protected":false},"excerpt":{"rendered":"<p>Biology, Biomedical Engineering &amp; Digital Health 20221121 version 5.0 &nbsp; \u00a0Tue 29 Nov 2022 08:45-09:00 Boarding special buses from Puerto Varas to Puerto Montt (45 min) 10:00-10:45 \u2014 session 1: UChile &amp; Japan collaborations 10:00-10:20 Miguel O\u2019Ryan (UChile) The Joint Degree in Medical Sciences with Subspecialty Training between Faculty of Medicine University of Chile and &hellip; <a href=\"https:\/\/eventos.cmm.uchile.cl\/chilejapanforum2022\/program\/w3\/\" class=\"more-link\">Continue reading <span class=\"screen-reader-text\">Workshop 3<\/span> <span class=\"meta-nav\">&rarr;<\/span><\/a><\/p>\n","protected":false},"author":2,"featured_media":0,"parent":11,"menu_order":3,"comment_status":"closed","ping_status":"closed","template":"","meta":{"inline_featured_image":false,"footnotes":""},"class_list":["post-303","page","type-page","status-publish","hentry"],"_links":{"self":[{"href":"https:\/\/eventos.cmm.uchile.cl\/chilejapanforum2022\/wp-json\/wp\/v2\/pages\/303","targetHints":{"allow":["GET"]}}],"collection":[{"href":"https:\/\/eventos.cmm.uchile.cl\/chilejapanforum2022\/wp-json\/wp\/v2\/pages"}],"about":[{"href":"https:\/\/eventos.cmm.uchile.cl\/chilejapanforum2022\/wp-json\/wp\/v2\/types\/page"}],"author":[{"embeddable":true,"href":"https:\/\/eventos.cmm.uchile.cl\/chilejapanforum2022\/wp-json\/wp\/v2\/users\/2"}],"replies":[{"embeddable":true,"href":"https:\/\/eventos.cmm.uchile.cl\/chilejapanforum2022\/wp-json\/wp\/v2\/comments?post=303"}],"version-history":[{"count":13,"href":"https:\/\/eventos.cmm.uchile.cl\/chilejapanforum2022\/wp-json\/wp\/v2\/pages\/303\/revisions"}],"predecessor-version":[{"id":436,"href":"https:\/\/eventos.cmm.uchile.cl\/chilejapanforum2022\/wp-json\/wp\/v2\/pages\/303\/revisions\/436"}],"up":[{"embeddable":true,"href":"https:\/\/eventos.cmm.uchile.cl\/chilejapanforum2022\/wp-json\/wp\/v2\/pages\/11"}],"wp:attachment":[{"href":"https:\/\/eventos.cmm.uchile.cl\/chilejapanforum2022\/wp-json\/wp\/v2\/media?parent=303"}],"curies":[{"name":"wp","href":"https:\/\/api.w.org\/{rel}","templated":true}]}}