{"id":380,"date":"2022-11-27T12:17:42","date_gmt":"2022-11-27T15:17:42","guid":{"rendered":"https:\/\/eventos.cmm.uchile.cl\/chilejapanforum2022\/?page_id=380"},"modified":"2022-12-30T12:52:43","modified_gmt":"2022-12-30T15:52:43","slug":"w5","status":"publish","type":"page","link":"https:\/\/eventos.cmm.uchile.cl\/chilejapanforum2022\/program\/w5\/","title":{"rendered":"Workshop 5"},"content":{"rendered":"<h2 class=\"w_title\">Climate, Ecology, Biodiversity &amp; Sustainable Development<\/h2>\n<p>20221127 version 6<\/p>\n<p>&nbsp;<\/p>\n<h3>\u00a0Tue 29 Nov 2022<\/h3>\n<p><strong>08:45-09:00<\/strong> Boarding special buses from Puerto Varas to Puerto Montt (45 min)<\/p>\n<h4><strong>10:00-10:45 \u2014 session 1: Oceanography &amp; marine research<\/strong><\/h4>\n<p>Remote LINK: <a href=\"https:\/\/uchile.zoom.us\/j\/99968403410?pwd=QVFleDRHK29WWGltUG5FeXhnSnRpdz09\" target=\"_blank\" rel=\"noopener\">https:\/\/uchile.zoom.us\/j\/99968403410?pwd=QVFleDRHK29WWGltUG5FeXhnSnRpdz09<\/a><\/p>\n<p><strong>10:00-10:15 Jurij Wacyk<\/strong> (UChile) Welcome &amp; introduction<\/p>\n<p><strong>10:15-10:30 Nobuyuki Yagi*<\/strong> (UTokyo) Carbon neutral policy and Japan\u2019s fishery sector<\/p>\n<p><strong>10:30-10:45 Hiroe Ishihara*<\/strong> (UTokyo) In search of an alternative approach to sustainable blue food: A perspective from the Japanese seafood market.<\/p>\n<p><strong>10:45-11:00 Toru Sato*<\/strong> (UTokyo) Numerical Detection of CO2 Seepage in Coastal Area using Adjoint Method<\/p>\n<p><strong>11:00-11:15 Yusuke Yokoyama*<\/strong> (UTokyo) Understanding Marine Ecology using Radiocarbon<\/p>\n<p><strong>11:15-11:45 Coffee Break<\/strong><\/p>\n<div class=\"su-divider su-divider-style-default\" style=\"margin:15px 0;border-width:2px;border-color:#2F70B4\"><a href=\"#\" style=\"color:#999999\">Go to top<\/a><\/div>\n<h4>11:45 -13:00 \u2014 session 2: Ecology &amp; environmental research<\/h4>\n<p><strong>11:45-12:15 Jurij Wacyk<\/strong> (UChile) Fish nutrition as a tool to enhance aquaculture sustainability)<\/p>\n<p><strong>12:15-12:45 Ricardo Rozzi<\/strong> (UMAG) Cape Horn International Center (CHIC)<\/p>\n<p><strong>12:45-13:00 Elie Poulin*<\/strong> (UChile) Antarctic and Subantarctic Ecosystems<\/p>\n<p><strong>13:00-14:00 Lunch Break<\/strong><\/p>\n<div class=\"su-divider su-divider-style-default\" style=\"margin:15px 0;border-width:2px;border-color:#2F70B4\"><a href=\"#\" style=\"color:#999999\">Go to top<\/a><\/div>\n<h4>14:00-15:15 \u2014 session 3: Ecology &amp; environmental research<\/h4>\n<p><strong>14:00-14:45 Pablo Marquet<\/strong> (PUC) Nature based solutions for Chile<\/p>\n<p><strong>14:45-15:15 Pablo Past\u00e9n<\/strong> (PUC) Sustainable city-watershed interactions across scales.<\/p>\n<p><strong>15:15-15:45 Coffee Break<\/strong><\/p>\n<div class=\"su-divider su-divider-style-default\" style=\"margin:15px 0;border-width:2px;border-color:#2F70B4\"><a href=\"#\" style=\"color:#999999\">Go to top<\/a><\/div>\n<h4>15:45-16:45 \u2014 session 4<\/h4>\n<p><strong>15:45-16:45<\/strong> Free time<\/p>\n<p><strong>16:45-17:00 Boarding special buses from Puerto Montt to Puerto Varas (45 min)<\/strong><\/p>\n<div class=\"su-divider su-divider-style-default\" style=\"margin:15px 0;border-width:2px;border-color:#2F70B4\"><a href=\"#\" style=\"color:#999999\">Go to top<\/a><\/div>\n<h3>Wed 30 Nov 2022<\/h3>\n<h4>08:00-08:30 \u2014 online session: Biodiversity &amp; plant sciences<\/h4>\n<p>Remote LINK: <a href=\"https:\/\/uchile.zoom.us\/j\/96621873763?pwd=S2FudXZacFZvUFhGZG0vck9FOEd1Zz09\" target=\"_blank\" rel=\"noopener\">https:\/\/uchile.zoom.us\/j\/96621873763?pwd=S2FudXZacFZvUFhGZG0vck9FOEd1Zz09<\/a><\/p>\n<p><strong>08:00-08:05 Masaki Tateno*<\/strong> (UTokyo) Welcome &amp; introduction<\/p>\n<p><strong>08:05-08:25 Marcelo Leppe*<\/strong> (INACH) Was the Austral-Antarctic biota shaped by climate change at the end of the Cretaceous?<\/p>\n<p><strong>08:25-08:45 Katharina Palowski*<\/strong> (SU) How members of the earliest divergent Frankia clade dispersed from Gondwana with their host plants, Coriariaceae and Datiscaceae.<\/p>\n<p><strong>08:45-09:00 Boarding special buses from Puerto Varas to Puerto Montt (45 min)<\/strong><\/p>\n<h4>10:00-11:15 \u2014 session 5: Agriculture<\/h4>\n<p><strong>10:00-10:45 Julio Kalazich<\/strong> (ULagos) Feeding Cattle with seaweeds to reduce enteric methane emissions<\/p>\n<p><strong>10:45-11:15 Francisco Meza<\/strong> (PUC) Exploring synergies and tradeoffs of climate change adaptation and mitigation in Agriculture.<\/p>\n<p><strong>11:15-11:45 Coffee Break<\/strong><\/p>\n<div class=\"su-divider su-divider-style-default\" style=\"margin:15px 0;border-width:2px;border-color:#2F70B4\"><a href=\"#\" style=\"color:#999999\">Go to top<\/a><\/div>\n<h4>11:45 -13:00 session 6: Biodiversity<\/h4>\n<p><strong>11:45-12:10 Cecilia Smith<\/strong> (ULagos) Restoration and conservation biology<\/p>\n<p><strong>12:10-12:30 Constanza Napolitano<\/strong> (ULagos) Effects of human-dominated landscapes on wild animal populations.<\/p>\n<p><strong>12:30-13:00 Gonzalo Gajardo<\/strong> (ULagos)\u00a0Development of harmful algal bloom monitoring methods and forecast system for sustainable aquaculture and Coastal Fisheries in Chile<\/p>\n<p><strong>13:00-14:00 Lunch Break<\/strong><\/p>\n<div class=\"su-divider su-divider-style-default\" style=\"margin:15px 0;border-width:2px;border-color:#2F70B4\"><a href=\"#\" style=\"color:#999999\">Go to top<\/a><\/div>\n<h4>14:00-15:15 session 7: Workshop plenary report preparation<\/h4>\n<p><strong>14:00-15:15 All Workshop Speakers &amp; participants discussion<\/strong><\/p>\n<p><strong>15:15-15:45 Coffee Break<\/strong><\/p>\n<div class=\"su-divider su-divider-style-default\" style=\"margin:15px 0;border-width:2px;border-color:#2F70B4\"><a href=\"#\" style=\"color:#999999\">Go to top<\/a><\/div>\n<h4>15:45-16:45 session 8: Workshop plenary report discussion<\/h4>\n<p><strong>15:45<\/strong><strong>-16:45 All Workshop Speakers &amp; co-chairs discussion<\/strong><\/p>\n<p><strong>16:45-17:00 Moving from Workshop room to Auditorium for Closing Ceremony<\/strong><\/p>\n<p><strong>17:00-17:30 Forum Keynote Lecture: Camila Fern\u00e1ndez<\/strong> (UdeC) &#8220;We all want to adapt: The challenges and successes of marine research in the era of climate change&#8221;<\/p>\n<p><strong>17:30-18:30 Wrap-Up &amp; Conclusions:<\/strong> 10 min report from every workshop<\/p>\n<p><strong>18:30-18:45 Boarding special buses from Puerto Montt to Puerto Varas (45 min)<\/strong><\/p>\n<h5><strong>Workshop Participants (22 in person, 8 online)<\/strong><\/h5>\n<ul>\n<li>UTokyo: Masaki Tateno*, Yusuke Yokoyama*, Toru Sato*, Nobuyuki Yagi*, Hiroe Ishihara*<\/li>\n<li>UdeC: Camila Fern\u00e1ndez, Ricardo Barra<\/li>\n<li>PUC: Pablo Marquet, Francisco Meza, Pablo Past\u00e9n, Rafael Labarca, Sergio Guitart<\/li>\n<li>UChile: Jurij Wacyk, Elie Poulin*<\/li>\n<li>ULagos: Oscar D\u00edaz, Alejandro Buschmann, Paulina Gebauer, Ricardo Fern\u00e1ndez, Viviana Bustos, Julio Kalazich, Iv\u00e1n P\u00e9rez, F\u00e9lix Godoy, Cecilia Smith, Constanza Napolitano, Gonzalo Gajardo<\/li>\n<li>Others: Ricardo Rozzi (CHIC-UMAG), Marcelo Leppe* (INACH), Katharina Pawlowski* (SU)<\/li>\n<\/ul>\n<p>* remote online participation<\/p>\n<h5>Affiliations:<\/h5>\n<ul>\n<li>UTokyo = The University of Tokyo<\/li>\n<li>UChile = Universidad de Chile<\/li>\n<li>PUC = Pontificia Universidad Cat\u00f3lica de Chile<\/li>\n<li>UdeC = Universidad de Concepci\u00f3n<\/li>\n<li>ULagos = Universidad de Los Lagos<\/li>\n<li>UMAG = Universidad de Magallanes<\/li>\n<li>INACH = Instituto Ant\u00e1rtico Chileno<\/li>\n<li>SU = Stockholm University<\/li>\n<\/ul>\n<h5>20:00-23:00 Conference Dinner at Hotel Caba\u00f1as del Lago (Club House)<\/h5>\n<p>&lt;all the forum participants&gt;<\/p>\n<div class=\"su-divider su-divider-style-default\" style=\"margin:15px 0;border-width:2px;border-color:#2F70B4\"><a href=\"#\" style=\"color:#999999\">Go to top<\/a><\/div>\n<h3>Thu 01 Dec 2022<\/h3>\n<h5>Forum Fieldtrip to Termas del Sol, Seno de Reloncav\u00ed<\/h5>\n<p>&lt;all the forum participants&gt;<\/p>\n<p>~ beautiful 3 hour trip through of native flora scenic route via Ensenada &amp; Cocham\u00f3<\/p>\n<p>08:00 departure time from Hotel Caba\u00f1a del Lago, Puerto Varas<\/p>\n<p>20:00 return time to Hotel Caba\u00f1a del Lago, Puerto Varas<\/p>\n<div class=\"su-divider su-divider-style-default\" style=\"margin:15px 0;border-width:2px;border-color:#2F70B4\"><a href=\"#\" style=\"color:#999999\">Go to top<\/a><\/div>\n<h3>Fri 02 Dec 2022<\/h3>\n<p>Optional tours:<\/p>\n<p>1) Volc\u00e1n Osorno \u00a0\u00a0\u00a0\u00a02) Saltos Petrohu\u00e9<\/p>\n<p><strong>*** UPDATE: Both optional tours were cancelled.<\/strong><\/p>\n<div class=\"su-divider su-divider-style-default\" style=\"margin:15px 0;border-width:2px;border-color:#2F70B4\"><a href=\"#\" style=\"color:#999999\">Go to top<\/a><\/div>\n","protected":false},"excerpt":{"rendered":"<p>Climate, Ecology, Biodiversity &amp; Sustainable Development 20221127 version 6 &nbsp; \u00a0Tue 29 Nov 2022 08:45-09:00 Boarding special buses from Puerto Varas to Puerto Montt (45 min) 10:00-10:45 \u2014 session 1: Oceanography &amp; marine research Remote LINK: https:\/\/uchile.zoom.us\/j\/99968403410?pwd=QVFleDRHK29WWGltUG5FeXhnSnRpdz09 10:00-10:15 Jurij Wacyk (UChile) Welcome &amp; introduction 10:15-10:30 Nobuyuki Yagi* (UTokyo) Carbon neutral policy and Japan\u2019s fishery sector &hellip; <a href=\"https:\/\/eventos.cmm.uchile.cl\/chilejapanforum2022\/program\/w5\/\" class=\"more-link\">Continue reading <span class=\"screen-reader-text\">Workshop 5<\/span> <span class=\"meta-nav\">&rarr;<\/span><\/a><\/p>\n","protected":false},"author":2,"featured_media":0,"parent":11,"menu_order":5,"comment_status":"closed","ping_status":"closed","template":"","meta":{"inline_featured_image":false,"footnotes":""},"class_list":["post-380","page","type-page","status-publish","hentry"],"_links":{"self":[{"href":"https:\/\/eventos.cmm.uchile.cl\/chilejapanforum2022\/wp-json\/wp\/v2\/pages\/380","targetHints":{"allow":["GET"]}}],"collection":[{"href":"https:\/\/eventos.cmm.uchile.cl\/chilejapanforum2022\/wp-json\/wp\/v2\/pages"}],"about":[{"href":"https:\/\/eventos.cmm.uchile.cl\/chilejapanforum2022\/wp-json\/wp\/v2\/types\/page"}],"author":[{"embeddable":true,"href":"https:\/\/eventos.cmm.uchile.cl\/chilejapanforum2022\/wp-json\/wp\/v2\/users\/2"}],"replies":[{"embeddable":true,"href":"https:\/\/eventos.cmm.uchile.cl\/chilejapanforum2022\/wp-json\/wp\/v2\/comments?post=380"}],"version-history":[{"count":8,"href":"https:\/\/eventos.cmm.uchile.cl\/chilejapanforum2022\/wp-json\/wp\/v2\/pages\/380\/revisions"}],"predecessor-version":[{"id":445,"href":"https:\/\/eventos.cmm.uchile.cl\/chilejapanforum2022\/wp-json\/wp\/v2\/pages\/380\/revisions\/445"}],"up":[{"embeddable":true,"href":"https:\/\/eventos.cmm.uchile.cl\/chilejapanforum2022\/wp-json\/wp\/v2\/pages\/11"}],"wp:attachment":[{"href":"https:\/\/eventos.cmm.uchile.cl\/chilejapanforum2022\/wp-json\/wp\/v2\/media?parent=380"}],"curies":[{"name":"wp","href":"https:\/\/api.w.org\/{rel}","templated":true}]}}