{"id":307,"date":"2015-01-14T12:40:31","date_gmt":"2015-01-14T15:40:31","guid":{"rendered":"http:\/\/eventos.cmm.uchile.cl\/conca60\/?page_id=307"},"modified":"2015-05-08T10:16:56","modified_gmt":"2015-05-08T13:16:56","slug":"photos-video","status":"publish","type":"page","link":"https:\/\/eventos.cmm.uchile.cl\/conca60\/photos-video\/","title":{"rendered":"Photos &amp; Video"},"content":{"rendered":"<ul>\n\t<strong><\/p>\n<li>Photos taken during the MEETINGS of the Congress Conca60 are published <a href=\"https:\/\/picasaweb.google.com\/115882245340053410297\/CONCA60_meetings\" target=\"_blank\"><strong>HERE<\/strong><\/a>.<\/li>\n<\/ul>\n<p>&nbsp;<\/p>\n<ul>\n<li>Photos taken during\u00a0 SOCIAL EVENTS of the Congress Conca60 are published <strong><a href=\"https:\/\/picasaweb.google.com\/115882245340053410297\/CONCA60_socialEvents\" target=\"_blank\">HERE<\/a>.<\/strong><\/li>\n<\/ul>\n<p>&nbsp;<\/p>\n<ul>\n<li>VIDEOS of the Congress Conca60 divided into 4 recordings in order of participation:<\/strong>\n<p>\t<em>Jaime Ortega, Gregoire Allaire, Carlos Conca, Juan Asenjo, Miguel Escobedo, Yvon Maday &amp; Pierre Louis Lions: <a href=\"https:\/\/www.youtube.com\/watch?v=0VZKr3H51og&amp;index=1&amp;list=PLplTLQBos6L1yu44dbhXtCKxE9DeMlgzi\" target=\"_blank\">VIDEO 1<\/a><\/em><\/li>\n<p>\t<em>Marius Tucsnak, Jean Michel Coron, Annie Raoult, Marc Dambrine &amp; Loredana Balilescu: <a href=\"https:\/\/www.youtube.com\/watch?v=boagTIPuyrs&amp;index=2&amp;list=PLplTLQBos6L1yu44dbhXtCKxE9DeMlgzi\" target=\"_blank\">VIDEO 2<\/a><\/em><\/li>\n<p>\t<em>Gregoire Allaire, Fran\u00e7ois Murat &amp; Mar\u00eda Eugenia P\u00e9re: <a href=\"https:\/\/www.youtube.com\/watch?v=wHz972oEHpE&amp;index=3&amp;list=PLplTLQBos6L1yu44dbhXtCKxE9DeMlgzi\" target=\"_blank\">VIDEO 3<\/a><\/em><\/li>\n<p>\t<em>Muthusamy Vanninathan, Axel Osses &amp; Carlos Conca: <a href=\"https:\/\/www.youtube.com\/watch?v=0c_MKwQrrd8&amp;index=4&amp;list=PLplTLQBos6L1yu44dbhXtCKxE9DeMlgzi\" target=\"_blank\">VIDEO 4<\/a><\/em><\/li>\n<\/ul>\n","protected":false},"excerpt":{"rendered":"<p>Photos taken during the MEETINGS of the Congress Conca60 are published HERE. &nbsp; Photos taken during\u00a0 SOCIAL EVENTS of the Congress Conca60 are published HERE. &nbsp; VIDEOS of the Congress Conca60 divided into 4 recordings in order of participation: Jaime Ortega, Gregoire Allaire, Carlos Conca, Juan Asenjo, Miguel Escobedo, Yvon Maday &amp; Pierre Louis Lions: &hellip; <a href=\"https:\/\/eventos.cmm.uchile.cl\/conca60\/photos-video\/\" class=\"more-link\">Continue reading <span class=\"screen-reader-text\">Photos &amp; Video<\/span> <span class=\"meta-nav\">&rarr;<\/span><\/a><\/p>\n","protected":false},"author":16,"featured_media":0,"parent":0,"menu_order":8,"comment_status":"closed","ping_status":"closed","template":"","meta":{"inline_featured_image":false,"footnotes":""},"class_list":["post-307","page","type-page","status-publish","hentry"],"_links":{"self":[{"href":"https:\/\/eventos.cmm.uchile.cl\/conca60\/wp-json\/wp\/v2\/pages\/307","targetHints":{"allow":["GET"]}}],"collection":[{"href":"https:\/\/eventos.cmm.uchile.cl\/conca60\/wp-json\/wp\/v2\/pages"}],"about":[{"href":"https:\/\/eventos.cmm.uchile.cl\/conca60\/wp-json\/wp\/v2\/types\/page"}],"author":[{"embeddable":true,"href":"https:\/\/eventos.cmm.uchile.cl\/conca60\/wp-json\/wp\/v2\/users\/16"}],"replies":[{"embeddable":true,"href":"https:\/\/eventos.cmm.uchile.cl\/conca60\/wp-json\/wp\/v2\/comments?post=307"}],"version-history":[{"count":10,"href":"https:\/\/eventos.cmm.uchile.cl\/conca60\/wp-json\/wp\/v2\/pages\/307\/revisions"}],"predecessor-version":[{"id":346,"href":"https:\/\/eventos.cmm.uchile.cl\/conca60\/wp-json\/wp\/v2\/pages\/307\/revisions\/346"}],"wp:attachment":[{"href":"https:\/\/eventos.cmm.uchile.cl\/conca60\/wp-json\/wp\/v2\/media?parent=307"}],"curies":[{"name":"wp","href":"https:\/\/api.w.org\/{rel}","templated":true}]}}