{"id":13,"date":"2014-12-30T17:33:40","date_gmt":"2014-12-30T20:33:40","guid":{"rendered":"http:\/\/eventos.cmm.uchile.cl\/escuelappe2015\/?page_id=13"},"modified":"2022-12-06T15:46:54","modified_gmt":"2022-12-06T18:46:54","slug":"ubicacion","status":"publish","type":"page","link":"https:\/\/eventos.cmm.uchile.cl\/datosestado\/ubicacion\/","title":{"rendered":"Ubicaci\u00f3n"},"content":{"rendered":"<p>Este encuentro tendr\u00e1 lugar en el Auditorio Enrique d&#8217;Etigny de la Facultad de Ciencias F\u00edsicas y Matem\u00e1ticas, Universidad de Chile.<\/p>\n<div class=\"su-box su-box-style-default\" id=\"\" style=\"border-color:#8e0000;border-radius:3px;max-width:none\"><div class=\"su-box-title\" style=\"background-color:#C1272D;color:#FFFFFF;border-top-left-radius:1px;border-top-right-radius:1px\">ATENCI\u00d3N<\/div><div class=\"su-box-content su-u-clearfix su-u-trim\" style=\"border-bottom-left-radius:1px;border-bottom-right-radius:1px\">Por problemas de agenda, el encuentro se traslad\u00f3 de horario para el <strong>martes 13 de diciembre de 2022 a las 12:00 hrs<\/strong>. en el mismo lugar.<\/p>\n<p>Nuestras disculpas por los inconvenientes, y gracias por la comprensi\u00f3n.<\/div><\/div>\n<p><strong>Auditorio Enrique d&#8217;Etigny<\/strong><br \/>\nFacultad de Ciencias F\u00edsicas y Matem\u00e1ticas, Universidad de Chile<br \/>\nAvda. Beauchef 851, Santiago \u2013 Chile<br \/>\n<img loading=\"lazy\" decoding=\"async\" class=\"alignnone size-full\" src=\"https:\/\/static.cmm.uchile.cl\/descargas\/venue\/beauchef851_auditorio_venue01.jpg\" alt=\"Auditorio Enrique d'Etigny\" width=\"604\" height=\"200\" \/><\/p>\n<div class=\"su-divider su-divider-style-default\" style=\"margin:20px 0;border-width:3px;border-color:#00529A\"><a href=\"#\" style=\"color:#999999\">Volver arriba \u2303<\/a><\/div>\n<p>&nbsp;<\/p>\n<h3 id=\"campus\">C\u00f3mo llegar al campus Beauchef 851<\/h3>\n<p><a href=\"http:\/\/static.cmm.uchile.cl\/descargas\/venue\/uchile_cmm-dim_map03.png\" target=\"_blank\" rel=\"noopener noreferrer\"><img loading=\"lazy\" decoding=\"async\" class=\"wp-image-76 size-medium aligncenter\" src=\"http:\/\/static.cmm.uchile.cl\/descargas\/venue\/uchile_cmm-dim_map03.png\" alt=\"cmm-dim map\" width=\"604\" height=\"604\" \/><\/a><\/p>\n<p>Las estaciones de Metro m\u00e1s cercanas son <em>Toesca<\/em> y <em>Parque O\u2019Higgins<\/em>, ambas en L\u00ednea 2.<\/p>\n<p style=\"text-align: center;\"><a href=\"https:\/\/static.cmm.uchile.cl\/descargas\/venue\/metrored_servicios_2021_04_08.pdf\" class=\"su-button su-button-style-flat\" style=\"color:#FFFFFF;background-color:#C1272D;border-color:#9b2024;border-radius:7px\" target=\"_blank\" rel=\"noopener noreferrer\" title=\"download map\"><span style=\"color:#FFFFFF;padding:7px 20px;font-size:16px;line-height:24px;border-color:#d4686c;border-radius:7px;text-shadow:none\"><i class=\"sui sui-file-pdf-o\" style=\"font-size:16px;color:#FFFFFF\"><\/i> Mapa del Metro de Santiago<\/span><\/a> <a href=\"https:\/\/static.cmm.uchile.cl\/descargas\/venue\/uchile_cmm-dim_map03.pdf\" class=\"su-button su-button-style-flat\" style=\"color:#FFFFFF;background-color:#C1272D;border-color:#9b2024;border-radius:7px\" target=\"_blank\" rel=\"noopener noreferrer\" title=\"download map\"><span style=\"color:#FFFFFF;padding:7px 20px;font-size:16px;line-height:24px;border-color:#d4686c;border-radius:7px;text-shadow:none\"><i class=\"sui sui-file-pdf-o\" style=\"font-size:16px;color:#FFFFFF\"><\/i> Mapa de ubicaci\u00f3n del CMM y la FCFM<\/span><\/a>\n<div class=\"su-divider su-divider-style-default\" style=\"margin:20px 0;border-width:3px;border-color:#00529A\"><a href=\"#\" style=\"color:#999999\">Volver arriba \u2303<\/a><\/div>\n\n<!-- iframe plugin v.6.0 wordpress.org\/plugins\/iframe\/ -->\n<iframe loading=\"lazy\" src=\"https:\/\/www.google.com\/maps\/d\/embed?mid=1vjsDSZJagxzYBtmo2JrH0aDJdoUKQno&#038;ehbc=2E312F\" width=\"604\" 0=\"height=&quot;502&quot;frameborder=&quot;0&quot;\" marginwidth=\"0\" marginheight=\"0\" scrolling=\"no\" height=\"500\" class=\"iframe-class\" frameborder=\"0\"><\/iframe>\n\n<small>Ver\u00a0la <a href=\"https:\/\/www.google.com\/maps\/d\/edit?mid=1vjsDSZJagxzYBtmo2JrH0aDJdoUKQno&amp;usp=sharing\" target=\"_blank\" rel=\"noopener noreferrer\">Facultad<\/a>\u00a0en un mapa m\u00e1s amplio<br \/>\n<\/small><br \/>\n<div class=\"su-divider su-divider-style-default\" style=\"margin:20px 0;border-width:3px;border-color:#00529A\"><a href=\"#\" style=\"color:#999999\">Volver arriba \u2303<\/a><\/div>\n","protected":false},"excerpt":{"rendered":"<p>Este encuentro tendr\u00e1 lugar en el Auditorio Enrique d&#8217;Etigny de la Facultad de Ciencias F\u00edsicas y Matem\u00e1ticas, Universidad de Chile. Auditorio Enrique d&#8217;Etigny Facultad de Ciencias F\u00edsicas y Matem\u00e1ticas, Universidad de Chile Avda. Beauchef 851, Santiago \u2013 Chile &nbsp; C\u00f3mo llegar al campus Beauchef 851 Las estaciones de Metro m\u00e1s cercanas son Toesca y Parque &hellip; <a href=\"https:\/\/eventos.cmm.uchile.cl\/datosestado\/ubicacion\/\" class=\"more-link\">Seguir leyendo <span class=\"screen-reader-text\">Ubicaci\u00f3n<\/span> <span class=\"meta-nav\">&rarr;<\/span><\/a><\/p>\n","protected":false},"author":14,"featured_media":0,"parent":0,"menu_order":5,"comment_status":"closed","ping_status":"closed","template":"","meta":{"inline_featured_image":false,"footnotes":""},"class_list":["post-13","page","type-page","status-publish","hentry"],"_links":{"self":[{"href":"https:\/\/eventos.cmm.uchile.cl\/datosestado\/wp-json\/wp\/v2\/pages\/13","targetHints":{"allow":["GET"]}}],"collection":[{"href":"https:\/\/eventos.cmm.uchile.cl\/datosestado\/wp-json\/wp\/v2\/pages"}],"about":[{"href":"https:\/\/eventos.cmm.uchile.cl\/datosestado\/wp-json\/wp\/v2\/types\/page"}],"author":[{"embeddable":true,"href":"https:\/\/eventos.cmm.uchile.cl\/datosestado\/wp-json\/wp\/v2\/users\/14"}],"replies":[{"embeddable":true,"href":"https:\/\/eventos.cmm.uchile.cl\/datosestado\/wp-json\/wp\/v2\/comments?post=13"}],"version-history":[{"count":22,"href":"https:\/\/eventos.cmm.uchile.cl\/datosestado\/wp-json\/wp\/v2\/pages\/13\/revisions"}],"predecessor-version":[{"id":276,"href":"https:\/\/eventos.cmm.uchile.cl\/datosestado\/wp-json\/wp\/v2\/pages\/13\/revisions\/276"}],"wp:attachment":[{"href":"https:\/\/eventos.cmm.uchile.cl\/datosestado\/wp-json\/wp\/v2\/media?parent=13"}],"curies":[{"name":"wp","href":"https:\/\/api.w.org\/{rel}","templated":true}]}}