{"id":102,"date":"2015-12-07T21:10:37","date_gmt":"2015-12-07T21:10:37","guid":{"rendered":"http:\/\/eventos.cmm.uchile.cl\/discretas2016\/?page_id=102"},"modified":"2017-04-14T16:28:46","modified_gmt":"2017-04-14T16:28:46","slug":"alumnos-participantes","status":"publish","type":"page","link":"https:\/\/eventos.cmm.uchile.cl\/discretas2016\/alumnos-participantes\/","title":{"rendered":"Alumnos Participantes"},"content":{"rendered":"<p>Lista de alumnos participantes<\/p>\n<table dir=\"ltr\" border=\"1\" cellspacing=\"0\" cellpadding=\"0\">\n<colgroup>\n<col width=\"165\" \/>\n<col width=\"177\" \/><\/colgroup>\n<tbody>\n<tr>\n<td>Abner Turkieltaub<\/td>\n<td>Universidad de Chile (DIM)<\/td>\n<\/tr>\n<tr>\n<td>Alexandre Talon<\/td>\n<td>\u00c9cole Normale Sup\u00e9rieure de Lyon<\/td>\n<\/tr>\n<tr>\n<td>Alfredo Torrico<\/td>\n<td>Georgia Tech<\/td>\n<\/tr>\n<tr>\n<td>Alvaro Morales<\/td>\n<td>Universidad Cat\u00f3lica de la Sant\u00edsima Concepci\u00f3n<\/td>\n<\/tr>\n<tr>\n<td>Basti\u00e1n Bahamondes<\/td>\n<td>Universidad de Chile (DII)<\/td>\n<\/tr>\n<tr>\n<td>Carlos Ochoa<\/td>\n<td>Universidad de Chile (DCC)<\/td>\n<\/tr>\n<tr>\n<td>Christopher Cabezas<\/td>\n<td>Universidad de Chile (DIM)<\/td>\n<\/tr>\n<tr>\n<td>Cristian Galleguillos<\/td>\n<td>Pontificia Universidad Cat\u00f3lica de Valpara\u00edso<\/td>\n<\/tr>\n<tr>\n<td>Crist\u00f3bal Valenzuela<\/td>\n<td>Universidad de Chile (DIM)<\/td>\n<\/tr>\n<tr>\n<td>David Hasson<\/td>\n<td>Universidad de Chile (DIM)<\/td>\n<\/tr>\n<tr>\n<td>Edgardo Matthies<\/td>\n<td>Universidad de Chile (DIM)<\/td>\n<\/tr>\n<tr>\n<td>Emilio Molina<\/td>\n<td>Universidad de Chile (DIM)<\/td>\n<\/tr>\n<tr>\n<td>Fabio Botler<\/td>\n<td>Universidade de S\u00e3o Paulo<\/td>\n<\/tr>\n<tr>\n<td>Felipe Contreras<\/td>\n<td>Universidad de Chile (DIM)<\/td>\n<\/tr>\n<tr>\n<td>Felipe Serrano<\/td>\n<td>Technische Universit\u00e4t Berlin<\/td>\n<\/tr>\n<tr>\n<td>Gianpiero Canessa<\/td>\n<td>Universidad Adolfo Ib\u00e1\u00f1ez<\/td>\n<\/tr>\n<tr>\n<td>Giorgiogiulio Parra De Blasi<\/td>\n<td>Universidad de Chile (DII)<\/td>\n<\/tr>\n<tr>\n<td>Giulia Satiko<\/td>\n<td>Universidade de S\u00e3o Paulo<\/td>\n<\/tr>\n<tr>\n<td>Henrique Stagni<\/td>\n<td>Universidade de S\u00e3o Paulo<\/td>\n<\/tr>\n<tr>\n<td>Ignacio Morales<\/td>\n<td>Pontificia Universidad Cat\u00f3lica de Chile<\/td>\n<\/tr>\n<tr>\n<td>Ivan Parra<\/td>\n<td>Universidad de Talca<\/td>\n<\/tr>\n<tr>\n<td>Jan Corsten<\/td>\n<td>Freie Universit\u00e4t Berlin<\/td>\n<\/tr>\n<tr>\n<td>Joshimar Cordova<\/td>\n<td>Universidad de Chile (DCC)<\/td>\n<\/tr>\n<tr>\n<td>Juan Gutierrez<\/td>\n<td>Universidade de S\u00e3o Paulo<\/td>\n<\/tr>\n<tr>\n<td>Julie Mei\u00dfner<\/td>\n<td>Technische Universit\u00e4t Berlin<\/td>\n<\/tr>\n<tr>\n<td>Lizeth Fuentes<\/td>\n<td>Universidade Federal Fluminense<\/td>\n<\/tr>\n<tr>\n<td>Luciano Romero<\/td>\n<td>Universidade Federal Fluminense<\/td>\n<\/tr>\n<tr>\n<td>Luiz Freire Moreira<\/td>\n<td>Instituto Nacional de Matem\u00e1tica Pura e Aplicada<\/td>\n<\/tr>\n<tr>\n<td>Mariano Rean<\/td>\n<td>Universidad de Buenos Aires<\/td>\n<\/tr>\n<tr>\n<td>Matias Paves<\/td>\n<td>Universidad de Chile (DIM)<\/td>\n<\/tr>\n<tr>\n<td>Matias San Martin<\/td>\n<td>Pontificia Universidad Cat\u00f3lica<\/td>\n<\/tr>\n<tr>\n<td>Nicolas Rivera<\/td>\n<td>King&#8217;s College London<\/td>\n<\/tr>\n<tr>\n<td>Nina Pardal<\/td>\n<td>Universidad de Buenos Aires<\/td>\n<\/tr>\n<tr>\n<td>Orlando Rivera<\/td>\n<td>Universidad Adolfo Ib\u00e1\u00f1ez<\/td>\n<\/tr>\n<tr>\n<td>Pablo Mu\u00f1oz<\/td>\n<td>Universidad de Chile (DCC)<\/td>\n<\/tr>\n<tr>\n<td>Paloma Thom\u00e9 de Lima<\/td>\n<td>Universidade Federal Rio<\/td>\n<\/tr>\n<tr>\n<td>Patricio Foncea<\/td>\n<td>Universidad de Chile (DII)<\/td>\n<\/tr>\n<tr>\n<td>Richard Lang<\/td>\n<td>Universidad de Chile (DIM)<\/td>\n<\/tr>\n<tr>\n<td>Sebastian Perez<\/td>\n<td>Universidad de Chile (DIM)<\/td>\n<\/tr>\n<tr>\n<td>Sebatian Bustamante<\/td>\n<td>Universidad de Chile (DIM)<\/td>\n<\/tr>\n<tr>\n<td>Ta\u00edsa Lopes-Martins<\/td>\n<td>University of Warwick<\/td>\n<\/tr>\n<tr>\n<td>Tom\u00e1s Lagos<\/td>\n<td>Universidad de Chile (DII)<\/td>\n<\/tr>\n<tr>\n<td>Victor Verdugo<\/td>\n<td>Ecole Normale Sup\u00e9rieure de Paris<\/td>\n<\/tr>\n<\/tbody>\n<\/table>\n<p>&nbsp;<\/p>\n<p>Para\u00a0cualquier duda, contactar al\u00a0equipo organizador (<a href=\"mailto:discretas2016@dim.uchile.cl\">discretas2016@dim.uchile.cl<\/a>)<\/p>\n","protected":false},"excerpt":{"rendered":"<p>Lista de alumnos participantes Abner Turkieltaub Universidad de Chile (DIM) Alexandre Talon \u00c9cole Normale Sup\u00e9rieure de Lyon Alfredo Torrico Georgia Tech Alvaro Morales Universidad Cat\u00f3lica de la Sant\u00edsima Concepci\u00f3n Basti\u00e1n Bahamondes Universidad de Chile (DII) Carlos Ochoa Universidad de Chile (DCC) Christopher Cabezas Universidad de Chile (DIM) Cristian Galleguillos Pontificia Universidad Cat\u00f3lica de Valpara\u00edso Crist\u00f3bal &hellip; <a href=\"https:\/\/eventos.cmm.uchile.cl\/discretas2016\/alumnos-participantes\/\" class=\"more-link\">Continue reading <span class=\"screen-reader-text\">Alumnos Participantes<\/span> <span class=\"meta-nav\">&rarr;<\/span><\/a><\/p>\n","protected":false},"author":30,"featured_media":0,"parent":0,"menu_order":0,"comment_status":"closed","ping_status":"closed","template":"","meta":{"inline_featured_image":false,"footnotes":""},"class_list":["post-102","page","type-page","status-publish","hentry"],"_links":{"self":[{"href":"https:\/\/eventos.cmm.uchile.cl\/discretas2016\/wp-json\/wp\/v2\/pages\/102","targetHints":{"allow":["GET"]}}],"collection":[{"href":"https:\/\/eventos.cmm.uchile.cl\/discretas2016\/wp-json\/wp\/v2\/pages"}],"about":[{"href":"https:\/\/eventos.cmm.uchile.cl\/discretas2016\/wp-json\/wp\/v2\/types\/page"}],"author":[{"embeddable":true,"href":"https:\/\/eventos.cmm.uchile.cl\/discretas2016\/wp-json\/wp\/v2\/users\/30"}],"replies":[{"embeddable":true,"href":"https:\/\/eventos.cmm.uchile.cl\/discretas2016\/wp-json\/wp\/v2\/comments?post=102"}],"version-history":[{"count":15,"href":"https:\/\/eventos.cmm.uchile.cl\/discretas2016\/wp-json\/wp\/v2\/pages\/102\/revisions"}],"predecessor-version":[{"id":164,"href":"https:\/\/eventos.cmm.uchile.cl\/discretas2016\/wp-json\/wp\/v2\/pages\/102\/revisions\/164"}],"wp:attachment":[{"href":"https:\/\/eventos.cmm.uchile.cl\/discretas2016\/wp-json\/wp\/v2\/media?parent=102"}],"curies":[{"name":"wp","href":"https:\/\/api.w.org\/{rel}","templated":true}]}}