{"id":150,"date":"2018-11-23T00:56:23","date_gmt":"2018-11-23T00:56:23","guid":{"rendered":"http:\/\/eventos.cmm.uchile.cl\/discretas2019\/?page_id=150"},"modified":"2018-12-10T17:15:38","modified_gmt":"2018-12-10T17:15:38","slug":"participantes","status":"publish","type":"page","link":"https:\/\/eventos.cmm.uchile.cl\/discretas2019\/participantes\/","title":{"rendered":"Participantes"},"content":{"rendered":"<table class=\"table table-bordered table-hover table-condensed\">\n<thead>\n<tr>\n<th title=\"Field #1\">Nombre<\/th>\n<th title=\"Field #2\">Apellido<\/th>\n<th title=\"Field #3\">Instituci\u00f3n<\/th>\n<th title=\"Field #4\" style=\"width:100px\">Pa\u00eds<\/th>\n<\/tr>\n<\/thead>\n<tbody>\n<tr>\n<td>Agustina Victoria<\/td>\n<td>Ledezma<\/td>\n<td>Universidad Nacional de San Luis<\/td>\n<td>Argentina<\/td>\n<\/tr>\n<tr>\n<td>Alberto<\/td>\n<td>Rojas<\/td>\n<td>Universidad de Chile<\/td>\n<td>Chile<\/td>\n<\/tr>\n<tr>\n<td>Alejandro Jos\u00e9<\/td>\n<td>Grez Arrau<\/td>\n<td>Pontificia Universidad Cat\u00f3lica de Chile<\/td>\n<td>Chile<\/td>\n<\/tr>\n<tr>\n<td>Alexis<\/td>\n<td>Rodriguez<\/td>\n<td>Universidad de Antiqouia<\/td>\n<td>Colombia<\/td>\n<\/tr>\n<tr>\n<td>Andr\u00e9s Ignacio<\/td>\n<td>Cristi Espinosa<\/td>\n<td>Universidad de Chile<\/td>\n<td>Chile<\/td>\n<\/tr>\n<tr>\n<td>Andrew<\/td>\n<td>Xia<\/td>\n<td>Massachusetts Institute of Technology<\/td>\n<td>USA<\/td>\n<\/tr>\n<tr>\n<td>Arturo<\/td>\n<td>Merino<\/td>\n<td>Universidad de Chile<\/td>\n<td>Chile<\/td>\n<\/tr>\n<tr>\n<td>Boris<\/td>\n<td>Epstein<\/td>\n<td>Universidad de Chile<\/td>\n<td>Chile<\/td>\n<\/tr>\n<tr>\n<td>Bruna<\/td>\n<td>Caveion<\/td>\n<td>Universidade Federal de Santa Catarina<\/td>\n<td>Brasil<\/td>\n<\/tr>\n<tr>\n<td>Carolina Luc\u00eda<\/td>\n<td>Gonz\u00e1lez<\/td>\n<td>Universidad de Buenos Aires<\/td>\n<td>Argentina<\/td>\n<\/tr>\n<tr>\n<td>Cristian David<\/td>\n<td>Ramirez Pico<\/td>\n<td>Universidad Adolfo Ib\u00e1\u00f1ez<\/td>\n<td>Chile<\/td>\n<\/tr>\n<tr>\n<td>Cristobal<\/td>\n<td>Valenzuela<\/td>\n<td>Universidad de Chile<\/td>\n<td>Chile<\/td>\n<\/tr>\n<tr>\n<td>Diego<\/td>\n<td>Ramirez<\/td>\n<td>Universidad de Chile<\/td>\n<td>Chile<\/td>\n<\/tr>\n<tr>\n<td>Francisco Jhonatas<\/td>\n<td>Melo da Silva<\/td>\n<td>University of Campinas<\/td>\n<td>Brasil<\/td>\n<\/tr>\n<tr>\n<td>Gustavo<\/td>\n<td>Estrela de Matos<\/td>\n<td>University of S\u00e3o Paulo<\/td>\n<td>Brasil<\/td>\n<\/tr>\n<tr>\n<td>Ian<\/td>\n<td>Bortnic<\/td>\n<td>Universidad de Chile<\/td>\n<td>Chile<\/td>\n<\/tr>\n<tr>\n<td>\u00cdtalo<\/td>\n<td>Gomes Santana<\/td>\n<td>Pontif\u00edcia Universidade Cat\u00f3lica do Rio de Janeiro<\/td>\n<td>Brasil<\/td>\n<\/tr>\n<tr>\n<td>Javier Tadashi<\/td>\n<td>Akagi Fukushima<\/td>\n<td>Universidad Nacional de Asunci\u00f3n<\/td>\n<td>Paraguay<\/td>\n<\/tr>\n<tr>\n<td>Jorge<\/td>\n<td>Salas<\/td>\n<td>Pontificia Universidad Cat\u00f3lica de Chile<\/td>\n<td>Chile<\/td>\n<\/tr>\n<tr>\n<td>Jos\u00e9 Manuel<\/td>\n<td>Comber<\/td>\n<td>Pontificia Universidad Cat\u00f3lica de Chile<\/td>\n<td>Chile<\/td>\n<\/tr>\n<tr>\n<td>Julio Cristopher<\/td>\n<td>Maldonado Henr\u00edquez<\/td>\n<td>Universidad de Chile<\/td>\n<td>Chile<\/td>\n<\/tr>\n<tr>\n<td>katerin<\/td>\n<td>de la hoz<\/td>\n<td>Universidad de Concepci\u00f3n<\/td>\n<td>Chile<\/td>\n<\/tr>\n<tr>\n<td>Luis<\/td>\n<td>Rojo<\/td>\n<td>Universidad de Santiago de Chile<\/td>\n<td>Chile<\/td>\n<\/tr>\n<tr>\n<td>Luisa<\/td>\n<td>Rosa<\/td>\n<td>Pontif\u00edcia Universidade Cat\u00f3lica do Rio de Janeiro<\/td>\n<td>Brasil<\/td>\n<\/tr>\n<tr>\n<td>Luiz Henrique<\/td>\n<td>Silva Hoffmann<\/td>\n<td>Universidade Federal do Rio de Janeiro<\/td>\n<td>Brasil<\/td>\n<\/tr>\n<tr>\n<td>Lukas<\/td>\n<td>Noelke<\/td>\n<td>University of Bremen<\/td>\n<td>Alemania<\/td>\n<\/tr>\n<tr>\n<td>Manuel<\/td>\n<td>C\u00e1ceres Reyes<\/td>\n<td>Universidad de Chile<\/td>\n<td>Chile<\/td>\n<\/tr>\n<tr>\n<td>Margarita<\/td>\n<td>Capretto<\/td>\n<td>Universidad Nacional de Rosario<\/td>\n<td>Argentina<\/td>\n<\/tr>\n<tr>\n<td>Matias<\/td>\n<td>Villagra<\/td>\n<td>Pontificia Universidad Cat\u00f3lica de Chile<\/td>\n<td>Chile<\/td>\n<\/tr>\n<tr>\n<td>Micaela Estefania<\/td>\n<td>Vega<\/td>\n<td>Universidad Nacional de San Luis<\/td>\n<td>Argentina<\/td>\n<\/tr>\n<tr>\n<td>Nancy Jazm\u00edn<\/td>\n<td>P\u00e9rez Ortiz<\/td>\n<td>Universidad Aut\u00f3noma de San Luis Potos\u00ed<\/td>\n<td>M\u00e9xico<\/td>\n<\/tr>\n<tr>\n<td>Nelson<\/td>\n<td>Troncoso<\/td>\n<td>Universidad de Santiago de Chile<\/td>\n<td>Chile<\/td>\n<\/tr>\n<tr>\n<td>Nicolas<\/td>\n<td>Bitar<\/td>\n<td>Universidad de Chile<\/td>\n<td>Chile<\/td>\n<\/tr>\n<tr>\n<td>Nidia<\/td>\n<td>Obscura Acosta<\/td>\n<td>Aalto University<\/td>\n<td>Finlandia<\/td>\n<\/tr>\n<tr>\n<td>Patricio Tomas<\/td>\n<td>Foncea Araneda<\/td>\n<td>Massachusetts Institute of Technology<\/td>\n<td>USA<\/td>\n<\/tr>\n<tr>\n<td>Raimundo Jos\u00e9<\/td>\n<td>Herrera<\/td>\n<td>Pontificia Universidad Cat\u00f3lica de Chile<\/td>\n<td>Chile<\/td>\n<\/tr>\n<tr>\n<td>Thomas<\/td>\n<td>Mu\u00f1oz<\/td>\n<td>Pontificia Universidad Cat\u00f3lica de Chile<\/td>\n<td>Chile<\/td>\n<\/tr>\n<tr>\n<td>Tom\u00e1s Alejandro<\/td>\n<td>Mart\u00ednez Mu\u00f1oz<\/td>\n<td>Universidad de Chile<\/td>\n<td>Chile<\/td>\n<\/tr>\n<tr>\n<td>Victor<\/td>\n<td>Sanches Portella<\/td>\n<td>Universidade de S\u00e3o Paulo<\/td>\n<td>Brasil<\/td>\n<\/tr>\n<tr>\n<td>Wanchote<\/td>\n<td>Jiamjitrak<\/td>\n<td>Aalto University<\/td>\n<td>Finlandia<\/td>\n<\/tr>\n<tr>\n<td>Wilfredo Eli\u00e9cer<\/td>\n<td>Cartaya Dichoza<\/td>\n<td>Univeridad de La Habana<\/td>\n<td>Cuba<\/td>\n<\/tr>\n<tr>\n<td>Yulle Glebbyo<\/td>\n<td>Borges<\/td>\n<td>University of Campinas<\/td>\n<td>Brasil<\/td>\n<\/tr>\n<\/tbody>\n<\/table>\n","protected":false},"excerpt":{"rendered":"<p>Nombre Apellido Instituci\u00f3n Pa\u00eds Agustina Victoria Ledezma Universidad Nacional de San Luis Argentina Alberto Rojas Universidad de Chile Chile Alejandro Jos\u00e9 Grez Arrau Pontificia Universidad Cat\u00f3lica de Chile Chile Alexis Rodriguez Universidad de Antiqouia Colombia Andr\u00e9s Ignacio Cristi Espinosa Universidad de Chile Chile Andrew Xia Massachusetts Institute of Technology USA Arturo Merino Universidad de Chile &hellip; <a href=\"https:\/\/eventos.cmm.uchile.cl\/discretas2019\/participantes\/\" class=\"more-link\">Contin\u00fae leyendo <span class=\"screen-reader-text\">Participantes<\/span> <span class=\"meta-nav\">&rarr;<\/span><\/a><\/p>\n","protected":false},"author":55,"featured_media":0,"parent":0,"menu_order":2,"comment_status":"closed","ping_status":"closed","template":"","meta":{"inline_featured_image":false,"footnotes":""},"class_list":["post-150","page","type-page","status-publish","hentry"],"_links":{"self":[{"href":"https:\/\/eventos.cmm.uchile.cl\/discretas2019\/wp-json\/wp\/v2\/pages\/150","targetHints":{"allow":["GET"]}}],"collection":[{"href":"https:\/\/eventos.cmm.uchile.cl\/discretas2019\/wp-json\/wp\/v2\/pages"}],"about":[{"href":"https:\/\/eventos.cmm.uchile.cl\/discretas2019\/wp-json\/wp\/v2\/types\/page"}],"author":[{"embeddable":true,"href":"https:\/\/eventos.cmm.uchile.cl\/discretas2019\/wp-json\/wp\/v2\/users\/55"}],"replies":[{"embeddable":true,"href":"https:\/\/eventos.cmm.uchile.cl\/discretas2019\/wp-json\/wp\/v2\/comments?post=150"}],"version-history":[{"count":16,"href":"https:\/\/eventos.cmm.uchile.cl\/discretas2019\/wp-json\/wp\/v2\/pages\/150\/revisions"}],"predecessor-version":[{"id":183,"href":"https:\/\/eventos.cmm.uchile.cl\/discretas2019\/wp-json\/wp\/v2\/pages\/150\/revisions\/183"}],"wp:attachment":[{"href":"https:\/\/eventos.cmm.uchile.cl\/discretas2019\/wp-json\/wp\/v2\/media?parent=150"}],"curies":[{"name":"wp","href":"https:\/\/api.w.org\/{rel}","templated":true}]}}