{"id":10,"date":"2018-05-17T21:14:19","date_gmt":"2018-05-17T21:14:19","guid":{"rendered":"http:\/\/eventos.cmm.uchile.cl\/discretas2020\/?page_id=10"},"modified":"2019-12-27T17:39:50","modified_gmt":"2019-12-27T17:39:50","slug":"programa","status":"publish","type":"page","link":"https:\/\/eventos.cmm.uchile.cl\/discretas2020\/programa\/","title":{"rendered":"Programa"},"content":{"rendered":"<table style=\"height: 483px;\" width=\"2000\">\n<tbody>\n<tr>\n<td><\/td>\n<td style=\"text-align: center;\"><strong>Lunes<\/strong><br \/>\n<span style=\"font-size: 9pt; font-weight: bold;\">Chair: <\/span><br \/>\n<span style=\"font-size: 9pt; font-weight: bold;\">Verdugo<\/span><\/td>\n<td style=\"text-align: center;\"><strong>Martes<\/strong><br \/>\n<span style=\"font-size: 9pt; font-weight: bold;\">Chair: <\/span><br \/>\n<span style=\"font-size: 9pt; font-weight: bold;\">Soto<\/span><\/td>\n<td style=\"text-align: center;\"><strong>Mi\u00e9rcoles<\/strong><br \/>\n<span style=\"font-size: 9pt; font-weight: bold;\">Chair: <\/span><br \/>\n<span style=\"font-size: 9pt; font-weight: bold;\">M. Kiwi<\/span><\/td>\n<td style=\"text-align: center;\"><strong>Jueves<\/strong><br \/>\n<span style=\"font-size: 9pt; font-weight: bold;\">Chair: <\/span><br \/>\n<span style=\"font-size: 9pt; font-weight: bold;\">Telha<\/span><\/td>\n<td style=\"text-align: center;\"><strong>Viernes<\/strong><br \/>\n<span style=\"font-size: 9pt; font-weight: bold;\">Chair: <\/span><br \/>\n<span style=\"font-size: 9pt; font-weight: bold;\">H\u00e0n<\/span><\/td>\n<\/tr>\n<tr>\n<td style=\"text-align: center; height: 30px;\">8:30 &#8211; 9:00<\/td>\n<td style=\"text-align: center;\"><strong>Inscripci\u00f3n<\/strong><\/td>\n<td style=\"text-align: center;\"><strong>Tareas<\/strong><\/td>\n<td style=\"text-align: center;\"><strong>Tareas<\/strong><\/td>\n<td style=\"text-align: center;\"><strong>Tareas<\/strong><\/td>\n<td style=\"text-align: center;\"><strong>Tareas<\/strong><\/td>\n<\/tr>\n<tr>\n<td style=\"text-align: center; height: 75px;\">9:00 &#8211; 10:15<\/td>\n<td style=\"background-color: #8b6ea8; text-align: center;\"><strong>van Zuylen<br \/>\n<\/strong><\/td>\n<td style=\"background-color: #bf684f; text-align: center;\"><strong>Mitsche<\/strong><\/td>\n<td style=\"background-color: #7197c9; text-align: center;\"><strong>Upfal<br \/>\n<\/strong><\/td>\n<td style=\"background-color: #8b6ea8; text-align: center;\"><strong>van Zuylen<br \/>\n<\/strong><\/td>\n<td style=\"background-color: #bf684f; text-align: center;\"><strong>Mitsche<br \/>\n<\/strong><\/td>\n<\/tr>\n<tr>\n<td style=\"text-align: center; height: 15px;\">\u00a010:15 &#8211; 10:30<\/td>\n<td style=\"text-align: center;\"><strong>Caf\u00e9<\/strong><\/td>\n<td style=\"text-align: center;\"><strong>Caf\u00e9<\/strong><\/td>\n<td style=\"text-align: center;\"><strong>Caf\u00e9<\/strong><\/td>\n<td style=\"text-align: center;\"><strong>Caf\u00e9<\/strong><\/td>\n<td style=\"text-align: center;\"><strong>Caf\u00e9<\/strong><\/td>\n<\/tr>\n<tr>\n<td style=\"text-align: center; height: 75px;\">10:30 &#8211; 11:45<\/td>\n<td style=\"text-align: center;\"><strong>Trabajo<\/strong><\/td>\n<td style=\"text-align: center;\"><strong>Trabajo<\/strong><\/td>\n<td style=\"text-align: center;\"><strong>Trabajo<\/strong><\/td>\n<td style=\"text-align: center;\"><strong>Trabajo<\/strong><\/td>\n<td style=\"background-color: #7197c9; text-align: center;\"><strong>Upfal<br \/>\n<\/strong><\/td>\n<\/tr>\n<tr>\n<td style=\"text-align: center; height: 75px;\">11:45 &#8211; 13:00<\/td>\n<td style=\"background-color: #bf684f; text-align: center;\"><strong>Mitsche<br \/>\n<\/strong><\/td>\n<td style=\"background-color: #7197c9; text-align: center;\"><strong>Upfal<br \/>\n<\/strong><\/td>\n<td style=\"background-color: #8b6ea8; text-align: center;\"><strong>van Zuylen<br \/>\n<\/strong><\/td>\n<td style=\"background-color: #bf684f; text-align: center;\"><strong>Mitsche<br \/>\n<\/strong><\/td>\n<td style=\"background-color: #8b6ea8; text-align: center;\"><strong>van Zuylen<br \/>\n<\/strong><\/td>\n<\/tr>\n<tr>\n<td style=\"text-align: center; height: 120px;\">13:00 &#8211; 15:00<\/td>\n<td style=\"text-align: center;\"><strong>\u00a0Almuerzo<\/strong><\/td>\n<td style=\"text-align: center;\"><strong>\u00a0Almuerzo<\/strong><\/td>\n<td style=\"text-align: center;\"><strong>\u00a0Almuerzo<\/strong><\/td>\n<td style=\"text-align: center;\"><strong>\u00a0Almuerzo<\/strong><\/td>\n<td style=\"text-align: center;\"><strong>Actividad<\/strong><\/td>\n<\/tr>\n<tr>\n<td style=\"text-align: center; height: 75px;\">15:00 &#8211; 16:15<\/td>\n<td style=\"background-color: #7197c9; text-align: center;\"><strong>\u00a0Upfal<br \/>\n<\/strong><\/td>\n<td style=\"background-color: #8b6ea8; text-align: center;\"><strong>van Zuylen<br \/>\n<\/strong><\/td>\n<td style=\"background-color: #bf684f; text-align: center;\"><strong>Mitsche<br \/>\n<\/strong><\/td>\n<td style=\"background-color: #7197c9; text-align: center;\"><strong> Upfal<br \/>\n<\/strong><\/td>\n<td><\/td>\n<\/tr>\n<tr>\n<td style=\"text-align: center; height: 15px;\">16:15 &#8211; 16:30<\/td>\n<td style=\"text-align: center;\"><strong>Caf\u00e9<\/strong><\/td>\n<td style=\"text-align: center;\"><strong>Caf\u00e9<\/strong><\/td>\n<td style=\"text-align: center;\"><strong>Caf\u00e9<\/strong><\/td>\n<td style=\"text-align: center;\"><strong>Caf\u00e9<\/strong><\/td>\n<td><\/td>\n<\/tr>\n<tr>\n<td style=\"text-align: center; height: 90px;\">16:30 &#8211; 18:00<\/td>\n<td style=\"text-align: center;\"><strong>Trabajo<\/strong><\/td>\n<td style=\"text-align: center;\"><strong>Trabajo<\/strong><\/td>\n<td style=\"text-align: center;\"><strong>Trabajo<\/strong><\/td>\n<td style=\"text-align: center;\"><strong>Trabajo<\/strong><\/td>\n<td><\/td>\n<\/tr>\n<tr>\n<td style=\"text-align: center; height: 30px;\">18:00 &#8211; 18:30<\/td>\n<td style=\"text-align: center;\"><strong>Charla 1<\/strong><br \/>\nBuchem<\/td>\n<td style=\"text-align: center;\"><strong>Charla 2<\/strong><br \/>\nSchepers<\/td>\n<td style=\"text-align: center;\"><strong>Charla 3<\/strong><br \/>\nDe Lima<\/td>\n<td style=\"text-align: center;\"><strong>Charla 4<\/strong><br \/>\nSierra Galvis<\/td>\n<td><\/td>\n<\/tr>\n<tr>\n<td style=\"text-align: center; height: 30px;\">18:30 &#8211; 19:00<\/td>\n<td style=\"text-align: center;\" rowspan=\"2\"><strong> Actividad<\/strong><\/td>\n<td style=\"text-align: center;\"><\/td>\n<td style=\"text-align: center;\" rowspan=\"2\"><strong> Actividad<\/strong><\/td>\n<td style=\"text-align: center;\"><\/td>\n<td><\/td>\n<\/tr>\n<tr>\n<td style=\"text-align: center; height: 30px;\">19:00 &#8211; 19:30<\/td>\n<td style=\"text-align: center;\"><\/td>\n<td style=\"text-align: center;\"><\/td>\n<td style=\"text-align: center;\"><\/td>\n<\/tr>\n<\/tbody>\n<\/table>\n<p>&nbsp;<\/p>\n<ul>\n<li>Charla 1: A fully polynomial time additive approximation scheme for the envy minimizing Santa Claus problem, <strong>Moritz Buchem<\/strong>.<\/li>\n<li>Charla 2: Clustering in a hyperbolic model of complex networks, <strong>Markus Schepers<\/strong>.<\/li>\n<li>Charla 3: Sample complexity in graph problem, <strong>Alane Marie De Lima<\/strong>.<\/li>\n<li>Charla 4: Polytopality of the Cartesian product of graphs, <strong>Steffania Sierra Galviz<\/strong>.<\/li>\n<\/ul>\n<p><a href=\"http:\/\/eventos.cmm.uchile.cl\/discretas2020\/wp-content\/uploads\/sites\/79\/2019\/12\/abstracts.pdf\">Abstracts de charlas<\/a>.<\/p>\n","protected":false},"excerpt":{"rendered":"<p>Lunes Chair: Verdugo Martes Chair: Soto Mi\u00e9rcoles Chair: M. Kiwi Jueves Chair: Telha Viernes Chair: H\u00e0n 8:30 &#8211; 9:00 Inscripci\u00f3n Tareas Tareas Tareas Tareas 9:00 &#8211; 10:15 van Zuylen Mitsche Upfal van Zuylen Mitsche \u00a010:15 &#8211; 10:30 Caf\u00e9 Caf\u00e9 Caf\u00e9 Caf\u00e9 Caf\u00e9 10:30 &#8211; 11:45 Trabajo Trabajo Trabajo Trabajo Upfal 11:45 &#8211; 13:00 Mitsche Upfal &hellip; <a href=\"https:\/\/eventos.cmm.uchile.cl\/discretas2020\/programa\/\" class=\"more-link\">Seguir leyendo <span class=\"screen-reader-text\">Programa<\/span> <span class=\"meta-nav\">&rarr;<\/span><\/a><\/p>\n","protected":false},"author":2,"featured_media":0,"parent":0,"menu_order":4,"comment_status":"closed","ping_status":"closed","template":"","meta":{"inline_featured_image":false,"footnotes":""},"class_list":["post-10","page","type-page","status-publish","hentry"],"_links":{"self":[{"href":"https:\/\/eventos.cmm.uchile.cl\/discretas2020\/wp-json\/wp\/v2\/pages\/10","targetHints":{"allow":["GET"]}}],"collection":[{"href":"https:\/\/eventos.cmm.uchile.cl\/discretas2020\/wp-json\/wp\/v2\/pages"}],"about":[{"href":"https:\/\/eventos.cmm.uchile.cl\/discretas2020\/wp-json\/wp\/v2\/types\/page"}],"author":[{"embeddable":true,"href":"https:\/\/eventos.cmm.uchile.cl\/discretas2020\/wp-json\/wp\/v2\/users\/2"}],"replies":[{"embeddable":true,"href":"https:\/\/eventos.cmm.uchile.cl\/discretas2020\/wp-json\/wp\/v2\/comments?post=10"}],"version-history":[{"count":97,"href":"https:\/\/eventos.cmm.uchile.cl\/discretas2020\/wp-json\/wp\/v2\/pages\/10\/revisions"}],"predecessor-version":[{"id":379,"href":"https:\/\/eventos.cmm.uchile.cl\/discretas2020\/wp-json\/wp\/v2\/pages\/10\/revisions\/379"}],"wp:attachment":[{"href":"https:\/\/eventos.cmm.uchile.cl\/discretas2020\/wp-json\/wp\/v2\/media?parent=10"}],"curies":[{"name":"wp","href":"https:\/\/api.w.org\/{rel}","templated":true}]}}