{"id":30,"date":"2023-07-28T16:12:19","date_gmt":"2023-07-28T16:12:19","guid":{"rendered":"https:\/\/eventos.cmm.uchile.cl\/discretas2023\/?page_id=30"},"modified":"2024-12-30T13:48:48","modified_gmt":"2024-12-30T16:48:48","slug":"escuela","status":"publish","type":"page","link":"https:\/\/eventos.cmm.uchile.cl\/discretas2025\/","title":{"rendered":"Escuela"},"content":{"rendered":"<p>La Escuela est\u00e1 dirigida a alumnos de matem\u00e1ticas, ciencias e ingenier\u00eda que se interesen en algoritmos, combinatoria, optimizaci\u00f3n, y sus diversas aplicaciones en investigaci\u00f3n de operaciones, redes, sistemas distribuidos\u00a0 y teor\u00eda de juegos. Los cursos estar\u00e1n orientados tanto a estudiantes de postgrado como a estudiantes finalizando el pregrado.<\/p>\n<p>The School is aimed at mathematics, science, and engineering students interested in algorithms, combinatorics, optimization, and their various applications in operations research, networks, distributed systems, and game theory. The courses will be oriented to both graduate students and students finishing their undergraduate degrees.<\/p>\n<h3>Expositores \/ Lecturers<\/h3>\n<p>Este a\u00f1o los expositores ser\u00e1n\/ this year\u2019s lecturers are:<\/p>\n<p><img loading=\"lazy\" decoding=\"async\" class=\"wp-image-393 aligncenter\" src=\"https:\/\/eventos.cmm.uchile.cl\/discretas2025\/wp-content\/uploads\/sites\/202\/2024\/09\/KristofB-e1725911207835-277x300.jpg\" alt=\"\" width=\"247\" height=\"268\" srcset=\"https:\/\/eventos.cmm.uchile.cl\/discretas2025\/wp-content\/uploads\/sites\/202\/2024\/09\/KristofB-e1725911207835-277x300.jpg 277w, https:\/\/eventos.cmm.uchile.cl\/discretas2025\/wp-content\/uploads\/sites\/202\/2024\/09\/KristofB-e1725911207835.jpg 765w\" sizes=\"auto, (max-width: 247px) 100vw, 247px\" \/><\/p>\n<p style=\"text-align: center\"><strong><strong>Krist\u00f3f B\u00e9rczi <\/strong><\/strong>(E\u00f6tv\u00f6s Lor\u00e1nd University, Hungary)<\/p>\n<p style=\"text-align: center\"><img loading=\"lazy\" decoding=\"async\" class=\"alignnone wp-image-394\" src=\"https:\/\/eventos.cmm.uchile.cl\/discretas2025\/wp-content\/uploads\/sites\/202\/2024\/09\/DanielD-300x300.jpg\" alt=\"\" width=\"247\" height=\"247\" srcset=\"https:\/\/eventos.cmm.uchile.cl\/discretas2025\/wp-content\/uploads\/sites\/202\/2024\/09\/DanielD-300x300.jpg 300w, https:\/\/eventos.cmm.uchile.cl\/discretas2025\/wp-content\/uploads\/sites\/202\/2024\/09\/DanielD-150x150.jpg 150w, https:\/\/eventos.cmm.uchile.cl\/discretas2025\/wp-content\/uploads\/sites\/202\/2024\/09\/DanielD.jpg 427w\" sizes=\"auto, (max-width: 247px) 100vw, 247px\" \/><br \/>\n<strong>Daniel Dadush<\/strong> (Centrum Wiskunde &amp; Informatica, Netherlands)<\/p>\n<p><img loading=\"lazy\" decoding=\"async\" class=\"size-full wp-image-419 aligncenter\" src=\"https:\/\/eventos.cmm.uchile.cl\/discretas2025\/wp-content\/uploads\/sites\/202\/2024\/09\/NatashaM.jpg\" alt=\"\" width=\"190\" height=\"247\" \/><\/p>\n<p style=\"text-align: center\"><strong>Natasha Morrison<\/strong> (University of Victoria, Canada)<\/p>\n<h3><\/h3>\n<h3>Comit\u00e9 Organizador \/ Organizing Committee<\/h3>\n<ul>\n<li><a href=\"https:\/\/sites.google.com\/view\/cguzman\/\">Crist\u00f3bal Guzm\u00e1n<\/a>, Pontificia Universidad Cat\u00f3lica de Chile,<\/li>\n<li><a href=\"https:\/\/ingenieria.uai.cl\/profesor\/pedro-montealegre\/\">Pedro Montealegre<\/a>, Universidad Adolfo Ib\u00e1\u00f1ez,<\/li>\n<li><a href=\"https:\/\/www.gonzalomunoz.org\/\">Gonzalo Mu\u00f1oz<\/a>, Universidad de Chile,<\/li>\n<li><a href=\"https:\/\/www.dim.uchile.cl\/~jsoto\/\">Jos\u00e9 Soto<\/a>, Universidad de Chile,<\/li>\n<li><a href=\"https:\/\/www.cmm.uchile.cl\/?cmm_people=ana-laura-trujillo\">Ana Trujillo<\/a>, Centro de Modelamiento Matem\u00e1tico,<\/li>\n<li><a href=\"https:\/\/sites.google.com\/view\/wgalvez\">Waldo G\u00e1lvez<\/a> (Chair), Universidad de O&#8217;Higgins.<\/li>\n<\/ul>\n<p>&nbsp;<\/p>\n<p>&nbsp;<\/p>\n<p><img loading=\"lazy\" decoding=\"async\" class=\"alignnone  wp-image-446\" src=\"https:\/\/eventos.cmm.uchile.cl\/discretas2025\/wp-content\/uploads\/sites\/202\/2024\/12\/cmm25-300x214.png\" alt=\"\" width=\"190\" height=\"136\" srcset=\"https:\/\/eventos.cmm.uchile.cl\/discretas2025\/wp-content\/uploads\/sites\/202\/2024\/12\/cmm25-300x214.png 300w, https:\/\/eventos.cmm.uchile.cl\/discretas2025\/wp-content\/uploads\/sites\/202\/2024\/12\/cmm25-1024x731.png 1024w, https:\/\/eventos.cmm.uchile.cl\/discretas2025\/wp-content\/uploads\/sites\/202\/2024\/12\/cmm25-768x549.png 768w, https:\/\/eventos.cmm.uchile.cl\/discretas2025\/wp-content\/uploads\/sites\/202\/2024\/12\/cmm25.png 1050w\" sizes=\"auto, (max-width: 190px) 100vw, 190px\" \/>\u00a0 \u00a0 \u00a0 <img loading=\"lazy\" decoding=\"async\" class=\"alignnone  wp-image-447\" src=\"https:\/\/eventos.cmm.uchile.cl\/discretas2025\/wp-content\/uploads\/sites\/202\/2024\/12\/sigact.png\" alt=\"\" width=\"204\" height=\"127\" \/> \u00a0 \u00a0 \u00a0 \u00a0 <img loading=\"lazy\" decoding=\"async\" class=\"alignnone wp-image-51\" src=\"https:\/\/eventos.cmm.uchile.cl\/discretas2025\/wp-content\/uploads\/sites\/202\/2022\/07\/uchile_color_h.png\" alt=\"\" width=\"212\" height=\"98\" \/>\u00a0 \u00a0 <img loading=\"lazy\" decoding=\"async\" class=\"alignnone wp-image-395\" src=\"https:\/\/eventos.cmm.uchile.cl\/discretas2025\/wp-content\/uploads\/sites\/202\/2024\/09\/PUCLogo-300x173.png\" alt=\"\" width=\"203\" height=\"117\" srcset=\"https:\/\/eventos.cmm.uchile.cl\/discretas2025\/wp-content\/uploads\/sites\/202\/2024\/09\/PUCLogo-300x173.png 300w, https:\/\/eventos.cmm.uchile.cl\/discretas2025\/wp-content\/uploads\/sites\/202\/2024\/09\/PUCLogo-1024x590.png 1024w, https:\/\/eventos.cmm.uchile.cl\/discretas2025\/wp-content\/uploads\/sites\/202\/2024\/09\/PUCLogo-768x443.png 768w, https:\/\/eventos.cmm.uchile.cl\/discretas2025\/wp-content\/uploads\/sites\/202\/2024\/09\/PUCLogo.png 1280w\" sizes=\"auto, (max-width: 203px) 100vw, 203px\" \/><\/p>\n<p><img loading=\"lazy\" decoding=\"async\" class=\"alignnone wp-image-55\" src=\"https:\/\/eventos.cmm.uchile.cl\/discretas2025\/wp-content\/uploads\/sites\/202\/2022\/07\/logo-300x112.png\" alt=\"\" width=\"217\" height=\"81\" srcset=\"https:\/\/eventos.cmm.uchile.cl\/discretas2025\/wp-content\/uploads\/sites\/202\/2022\/07\/logo-300x112.png 300w, https:\/\/eventos.cmm.uchile.cl\/discretas2025\/wp-content\/uploads\/sites\/202\/2022\/07\/logo.png 368w\" sizes=\"auto, (max-width: 217px) 100vw, 217px\" \/>\u00a0 \u00a0 \u00a0 <img loading=\"lazy\" decoding=\"async\" class=\"size-medium wp-image-82 alignnone\" src=\"https:\/\/eventos.cmm.uchile.cl\/discretas2025\/wp-content\/uploads\/sites\/202\/2022\/07\/Logo-UOH-300x76.png\" alt=\"\" width=\"300\" height=\"76\" srcset=\"https:\/\/eventos.cmm.uchile.cl\/discretas2025\/wp-content\/uploads\/sites\/202\/2022\/07\/Logo-UOH-300x76.png 300w, https:\/\/eventos.cmm.uchile.cl\/discretas2025\/wp-content\/uploads\/sites\/202\/2022\/07\/Logo-UOH-768x196.png 768w, https:\/\/eventos.cmm.uchile.cl\/discretas2025\/wp-content\/uploads\/sites\/202\/2022\/07\/Logo-UOH.png 773w\" sizes=\"auto, (max-width: 300px) 100vw, 300px\" \/><\/p>\n","protected":false},"excerpt":{"rendered":"<p>La Escuela est\u00e1 dirigida a alumnos de matem\u00e1ticas, ciencias e ingenier\u00eda que se interesen en algoritmos, combinatoria, optimizaci\u00f3n, y sus diversas aplicaciones en investigaci\u00f3n de operaciones, redes, sistemas distribuidos\u00a0 y teor\u00eda de juegos. Los cursos estar\u00e1n orientados tanto a estudiantes de postgrado como a estudiantes finalizando el pregrado. The School is aimed at mathematics, science, &hellip; <a href=\"https:\/\/eventos.cmm.uchile.cl\/discretas2025\/\" class=\"more-link\">Seguir leyendo <span class=\"screen-reader-text\">Escuela<\/span> <span class=\"meta-nav\">&rarr;<\/span><\/a><\/p>\n","protected":false},"author":55,"featured_media":0,"parent":0,"menu_order":1,"comment_status":"closed","ping_status":"closed","template":"","meta":{"inline_featured_image":false,"footnotes":""},"class_list":["post-30","page","type-page","status-publish","hentry"],"_links":{"self":[{"href":"https:\/\/eventos.cmm.uchile.cl\/discretas2025\/wp-json\/wp\/v2\/pages\/30","targetHints":{"allow":["GET"]}}],"collection":[{"href":"https:\/\/eventos.cmm.uchile.cl\/discretas2025\/wp-json\/wp\/v2\/pages"}],"about":[{"href":"https:\/\/eventos.cmm.uchile.cl\/discretas2025\/wp-json\/wp\/v2\/types\/page"}],"author":[{"embeddable":true,"href":"https:\/\/eventos.cmm.uchile.cl\/discretas2025\/wp-json\/wp\/v2\/users\/55"}],"replies":[{"embeddable":true,"href":"https:\/\/eventos.cmm.uchile.cl\/discretas2025\/wp-json\/wp\/v2\/comments?post=30"}],"version-history":[{"count":43,"href":"https:\/\/eventos.cmm.uchile.cl\/discretas2025\/wp-json\/wp\/v2\/pages\/30\/revisions"}],"predecessor-version":[{"id":448,"href":"https:\/\/eventos.cmm.uchile.cl\/discretas2025\/wp-json\/wp\/v2\/pages\/30\/revisions\/448"}],"wp:attachment":[{"href":"https:\/\/eventos.cmm.uchile.cl\/discretas2025\/wp-json\/wp\/v2\/media?parent=30"}],"curies":[{"name":"wp","href":"https:\/\/api.w.org\/{rel}","templated":true}]}}