{"id":58,"date":"2022-07-19T18:06:27","date_gmt":"2022-07-19T18:06:27","guid":{"rendered":"https:\/\/eventos.cmm.uchile.cl\/discretas2023\/?page_id=58"},"modified":"2026-01-08T14:30:07","modified_gmt":"2026-01-08T17:30:07","slug":"programa","status":"publish","type":"page","link":"https:\/\/eventos.cmm.uchile.cl\/discretas2026\/programa\/","title":{"rendered":"Programa"},"content":{"rendered":"<p>All lectures will be held at the UAI Campus in Vi\u00f1a del Mar, Room A-202<strong>. <\/strong>See <a href=\"https:\/\/eventos.cmm.uchile.cl\/discretas2026\/informacionlocal\/\">here<\/a> for a picture reference.<\/p>\n<table style=\"font-family: 'Source Sans Pro', Helvetica, sans-serif\" border=\"0\" width=\"1000\" cellspacing=\"0\" cellpadding=\"0\">\n<colgroup>\n<col width=\"250\" \/>\n<col width=\"150\" \/>\n<col width=\"150\" \/><\/colgroup>\n<colgroup>\n<col width=\"150\" \/>\n<col width=\"150\" \/>\n<col width=\"150\" \/><\/colgroup>\n<tbody>\n<tr>\n<td class=\"xl66\" rowspan=\"2\" height=\"42\"><\/td>\n<td class=\"xl66\">Monday<\/td>\n<td class=\"xl66\">Tuesday<\/td>\n<td class=\"xl66\">Wednesday<\/td>\n<td class=\"xl66\">Thursday<\/td>\n<td class=\"xl66\">Friday<\/td>\n<\/tr>\n<tr>\n<td class=\"xl67\" height=\"21\">Chair: Crist\u00f3bal Guzm\u00e1n<\/td>\n<td class=\"xl67\">Chair: Iv\u00e1n Rapaport<\/td>\n<td class=\"xl67\">Chair: Claudio Telha<\/td>\n<td class=\"xl67\">Chair: Andrea Jim\u00e9nez<\/td>\n<td class=\"xl67\">Chair: Crist\u00f3bal Guzm\u00e1n<\/td>\n<\/tr>\n<tr>\n<td class=\"xl65\" height=\"21\">08:30 &#8211; 09:00<\/td>\n<td class=\"xl65\">Registration<\/td>\n<td class=\"xl65\">Hand in homework<\/td>\n<td class=\"xl65\">Hand in homework<\/td>\n<td class=\"xl65\">Hand in homework<\/td>\n<td class=\"xl65\">Hand in homework<\/td>\n<\/tr>\n<tr>\n<td class=\"xl65\" height=\"21\">09:00 &#8211; 10:15<\/td>\n<td class=\"xl68\"><strong>Nelson<\/strong><\/td>\n<td class=\"xl69\"><strong>Song<\/strong><\/td>\n<td class=\"xl70\"><strong>Song<\/strong><\/td>\n<td class=\"xl70\"><strong>Nelson<\/strong><\/td>\n<td class=\"xl68\"><strong>Song<\/strong><\/td>\n<\/tr>\n<tr>\n<td class=\"xl65\" height=\"21\">10:15 &#8211; 10:30<\/td>\n<td class=\"xl65\">Coffee<\/td>\n<td class=\"xl65\">Coffee<\/td>\n<td class=\"xl65\">Coffee<\/td>\n<td class=\"xl65\">Coffee<\/td>\n<td class=\"xl65\">Coffee<\/td>\n<\/tr>\n<tr>\n<td class=\"xl65\" height=\"21\">10:30 &#8211; 11:45<\/td>\n<td class=\"xl65\">Work<\/td>\n<td class=\"xl65\">Work<\/td>\n<td class=\"xl65\">Work<\/td>\n<td class=\"xl65\">Work<\/td>\n<td class=\"xl65\"><strong>Nelson<\/strong><\/td>\n<\/tr>\n<tr>\n<td class=\"xl65\" height=\"21\">11:45 &#8211; 13:00<\/td>\n<td class=\"xl69\">\u00a0<strong>Song<\/strong><\/td>\n<td class=\"xl70\"><strong>Dughmi<\/strong><\/td>\n<td class=\"xl68\"><strong>Nelson<\/strong><\/td>\n<td class=\"xl65\"><strong>Song<\/strong><\/td>\n<td class=\"xl65\"><strong>Dughmi<\/strong><\/td>\n<\/tr>\n<tr>\n<td class=\"xl65\" height=\"21\">13:00 &#8211; 14:45<\/td>\n<td class=\"xl65\">Lunch<\/td>\n<td class=\"xl65\">Lunch<\/td>\n<td class=\"xl65\">Lunch<\/td>\n<td class=\"xl65\">Lunch<\/td>\n<td class=\"xl65\">Activity<\/td>\n<\/tr>\n<tr>\n<td class=\"xl65\" height=\"21\">14:45 &#8211; 16:00<\/td>\n<td class=\"xl70\"><strong>Dughmi<\/strong><\/td>\n<td class=\"xl68\"><strong>Nelson<\/strong><\/td>\n<td class=\"xl69\"><strong>Dughmi<\/strong><\/td>\n<td class=\"xl69\"><strong>Dughmi<\/strong><\/td>\n<td class=\"xl65\"><\/td>\n<\/tr>\n<tr>\n<td class=\"xl65\" height=\"21\">16:00 &#8211; 16:15<\/td>\n<td class=\"xl65\">Coffee<\/td>\n<td class=\"xl65\">Coffee<\/td>\n<td class=\"xl65\">Coffee<\/td>\n<td class=\"xl65\">Coffee<\/td>\n<td class=\"xl65\"><\/td>\n<\/tr>\n<tr>\n<td class=\"xl65\" height=\"21\">16:15 &#8211; 17:15<\/td>\n<td class=\"xl65\">Work<\/td>\n<td class=\"xl65\">Work<\/td>\n<td class=\"xl65\">Work<\/td>\n<td class=\"xl65\">Work<\/td>\n<td class=\"xl65\"><\/td>\n<\/tr>\n<tr>\n<td class=\"xl65\" height=\"21\">17:15 &#8211; 18:30<\/td>\n<td class=\"xl65\">Activity<\/td>\n<td class=\"xl65\">Student Talks<\/td>\n<td class=\"xl65\">Student Talks<\/td>\n<td class=\"xl65\">Student Talks<\/td>\n<td class=\"xl65\"><\/td>\n<\/tr>\n<\/tbody>\n<\/table>\n<h2><\/h2>\n<h2>Student talks<\/h2>\n<p>See\u00a0<a href=\"https:\/\/drive.google.com\/file\/d\/1KrzPqtcfG1Dt7Bz3LYXzXkteHxlPaRrG\/view?usp=sharing\"> Student Talks Schedule (PDF)<\/a><\/p>\n<p>&nbsp;<\/p>\n","protected":false},"excerpt":{"rendered":"<p>All lectures will be held at the UAI Campus in Vi\u00f1a del Mar, Room A-202. See here for a picture reference. Monday Tuesday Wednesday Thursday Friday Chair: Crist\u00f3bal Guzm\u00e1n Chair: Iv\u00e1n Rapaport Chair: Claudio Telha Chair: Andrea Jim\u00e9nez Chair: Crist\u00f3bal Guzm\u00e1n 08:30 &#8211; 09:00 Registration Hand in homework Hand in homework Hand in homework Hand &hellip; <a href=\"https:\/\/eventos.cmm.uchile.cl\/discretas2026\/programa\/\" class=\"more-link\">Seguir leyendo <span class=\"screen-reader-text\">Programa<\/span> <span class=\"meta-nav\">&rarr;<\/span><\/a><\/p>\n","protected":false},"author":55,"featured_media":0,"parent":0,"menu_order":3,"comment_status":"closed","ping_status":"closed","template":"","meta":{"inline_featured_image":false,"footnotes":""},"class_list":["post-58","page","type-page","status-publish","hentry"],"_links":{"self":[{"href":"https:\/\/eventos.cmm.uchile.cl\/discretas2026\/wp-json\/wp\/v2\/pages\/58","targetHints":{"allow":["GET"]}}],"collection":[{"href":"https:\/\/eventos.cmm.uchile.cl\/discretas2026\/wp-json\/wp\/v2\/pages"}],"about":[{"href":"https:\/\/eventos.cmm.uchile.cl\/discretas2026\/wp-json\/wp\/v2\/types\/page"}],"author":[{"embeddable":true,"href":"https:\/\/eventos.cmm.uchile.cl\/discretas2026\/wp-json\/wp\/v2\/users\/55"}],"replies":[{"embeddable":true,"href":"https:\/\/eventos.cmm.uchile.cl\/discretas2026\/wp-json\/wp\/v2\/comments?post=58"}],"version-history":[{"count":119,"href":"https:\/\/eventos.cmm.uchile.cl\/discretas2026\/wp-json\/wp\/v2\/pages\/58\/revisions"}],"predecessor-version":[{"id":607,"href":"https:\/\/eventos.cmm.uchile.cl\/discretas2026\/wp-json\/wp\/v2\/pages\/58\/revisions\/607"}],"wp:attachment":[{"href":"https:\/\/eventos.cmm.uchile.cl\/discretas2026\/wp-json\/wp\/v2\/media?parent=58"}],"curies":[{"name":"wp","href":"https:\/\/api.w.org\/{rel}","templated":true}]}}