{"id":15,"date":"2022-11-08T10:45:32","date_gmt":"2022-11-08T13:45:32","guid":{"rendered":"https:\/\/eventos.cmm.uchile.cl\/allaire2022\/?page_id=15"},"modified":"2024-01-04T09:14:06","modified_gmt":"2024-01-04T12:14:06","slug":"inicio","status":"publish","type":"page","link":"https:\/\/eventos.cmm.uchile.cl\/emi2024\/","title":{"rendered":"Inicio"},"content":{"rendered":"<p>El Centro de Modelamiento Matem\u00e1tico (CMM) de la Universidad de Chile invita a participar en la <strong>Escuela de Verano en M\u00e9todos Iterativos EMI 2024<\/strong>.<\/p>\n<p>La escuela se llevar\u00e1 a cabo en la <strong>Sala de seminarios John von Neumann, Centro de Modelamiento Matem\u00e1tico (Beauchef 851, Santiago, torre norte, piso 7)<\/strong> entre el <strong>4 y el 5 de enero de 2024<\/strong>. Abierto a estudiantes de \u00faltimos a\u00f1os de pregrado y estudiantes de posgrado en ingenier\u00eda y matem\u00e1ticas de universidades chilenas.<\/p>\n<p><a href=\"https:\/\/eventos.cmm.uchile.cl\/emi2024\/acerca\/\">M\u00e1s informaci\u00f3n<\/a> sobre la escuela.<\/p>\n<div class=\"su-button-center\"><a href=\"https:\/\/eventos.cmm.uchile.cl\/emi2024\/registro\/\" class=\"su-button su-button-style-flat\" style=\"color:#FFFFFF;background-color:#27234F;border-color:#201c40;border-radius:9px\" target=\"_self\"><span style=\"color:#FFFFFF;padding:8px 24px;font-size:18px;line-height:27px;border-color:#686584;border-radius:9px;text-shadow:none\"><i class=\"sui sui-wpforms\" style=\"font-size:18px;color:#FFFFFF\"><\/i> Inscr\u00edbete para asistir<\/span><\/a><\/div>\n<p>&nbsp;<\/p>\n<div class=\"su-button-center\"><a href=\"https:\/\/eventos.cmm.uchile.cl\/emi2024\/registro\/participantes\" class=\"su-button su-button-style-flat\" style=\"color:#FFFFFF;background-color:#27234F;border-color:#201c40;border-radius:9px\" target=\"_self\"><span style=\"color:#FFFFFF;padding:8px 24px;font-size:18px;line-height:27px;border-color:#686584;border-radius:9px;text-shadow:none\"><i class=\"sui sui-users\" style=\"font-size:18px;color:#FFFFFF\"><\/i> Participantes<\/span><\/a><\/div>\n<h3>Comit\u00e9 organizador<\/h3>\n<ul>\n<li style=\"list-style-type: none;\">\n<ul>\n<li>Nicol\u00e1s A. Barnafi, Centro de Modelamiento Matem\u00e1tico, Universidad de Chile<\/li>\n<li>Manuel A. S\u00e1nchez, Instituto de Ingenier\u00eda Matem\u00e1tica y Computacional, Pontificia Universidad Cat\u00f3lica de Chile<\/li>\n<\/ul>\n<\/li>\n<\/ul>\n<p>&nbsp;<\/p>\n<p>Todo el material del curso est\u00e1 en <a href=\"https:\/\/github.com\/ManuelSanchezUribe\/EMI2024\">Github<\/a>.<\/p>\n","protected":false},"excerpt":{"rendered":"<p>El Centro de Modelamiento Matem\u00e1tico (CMM) de la Universidad de Chile invita a participar en la Escuela de Verano en M\u00e9todos Iterativos EMI 2024. La escuela se llevar\u00e1 a cabo en la Sala de seminarios John von Neumann, Centro de Modelamiento Matem\u00e1tico (Beauchef 851, Santiago, torre norte, piso 7) entre el 4 y el 5 &hellip; <a href=\"https:\/\/eventos.cmm.uchile.cl\/emi2024\/\" class=\"more-link\">Seguir leyendo <span class=\"screen-reader-text\">Inicio<\/span> <span class=\"meta-nav\">&rarr;<\/span><\/a><\/p>\n","protected":false},"author":2,"featured_media":0,"parent":0,"menu_order":0,"comment_status":"closed","ping_status":"closed","template":"","meta":{"inline_featured_image":false,"footnotes":""},"class_list":["post-15","page","type-page","status-publish","hentry"],"_links":{"self":[{"href":"https:\/\/eventos.cmm.uchile.cl\/emi2024\/wp-json\/wp\/v2\/pages\/15","targetHints":{"allow":["GET"]}}],"collection":[{"href":"https:\/\/eventos.cmm.uchile.cl\/emi2024\/wp-json\/wp\/v2\/pages"}],"about":[{"href":"https:\/\/eventos.cmm.uchile.cl\/emi2024\/wp-json\/wp\/v2\/types\/page"}],"author":[{"embeddable":true,"href":"https:\/\/eventos.cmm.uchile.cl\/emi2024\/wp-json\/wp\/v2\/users\/2"}],"replies":[{"embeddable":true,"href":"https:\/\/eventos.cmm.uchile.cl\/emi2024\/wp-json\/wp\/v2\/comments?post=15"}],"version-history":[{"count":42,"href":"https:\/\/eventos.cmm.uchile.cl\/emi2024\/wp-json\/wp\/v2\/pages\/15\/revisions"}],"predecessor-version":[{"id":217,"href":"https:\/\/eventos.cmm.uchile.cl\/emi2024\/wp-json\/wp\/v2\/pages\/15\/revisions\/217"}],"wp:attachment":[{"href":"https:\/\/eventos.cmm.uchile.cl\/emi2024\/wp-json\/wp\/v2\/media?parent=15"}],"curies":[{"name":"wp","href":"https:\/\/api.w.org\/{rel}","templated":true}]}}