{"id":6,"date":"2018-07-31T16:34:28","date_gmt":"2018-07-31T16:34:28","guid":{"rendered":"http:\/\/eventos.cmm.uchile.cl\/emic2023\/?page_id=6"},"modified":"2023-05-18T11:29:24","modified_gmt":"2023-05-18T15:29:24","slug":"emic-2018","status":"publish","type":"page","link":"https:\/\/eventos.cmm.uchile.cl\/emic2023\/","title":{"rendered":"EMIC 2023"},"content":{"rendered":"<p>El <a href=\"https:\/\/doctorado.dim.uchile.cl\/\" target=\"_blank\" rel=\"noopener\">Doctorado en Modelamiento Matem\u00e1tico<\/a> y el <a href=\"https:\/\/www.cmm.uchile.cl\" target=\"_blank\" rel=\"noopener\">Centro de Modelamiento Matem\u00e1tico (CMM)<\/a> de la Universidad de Chile convocan al <strong>Encuentro Latinoamericano de Estudiantes de Doctorado en Modelamiento, Ingenier\u00eda y Ciencias \u2013 EMIC 2023<\/strong>, a desarrollarse los d\u00edas 29, 30 y 31 de mayo de 2023 en la <a href=\"https:\/\/ingenieria.uchile.cl\/\" target=\"_blank\" rel=\"noopener\">Facultad de Ciencias F\u00edsicas y Matem\u00e1ticas<\/a> de la Universidad de Chile, ubicada en Beauchef 851, Santiago \u2013 Chile.<\/p>\n<h3><strong>Descripci\u00f3n del EMIC 2023<\/strong><\/h3>\n<p>El objetivo del encuentro es fortalecer las redes de investigaci\u00f3n a nivel de programas de doctorado en Latinoam\u00e9rica y crear nuevas interacciones cient\u00edficas en tem\u00e1ticas vinculadas con las cultivadas por el doctorado en Modelaci\u00f3n Matem\u00e1tica, constituyendo una oportunidad para que doctorantes de diferentes universidades latinoamericanas den a conocer el trabajo que realizan.<\/p>\n<p>A modo de ejemplo, son temas de inter\u00e9s para el encuentro: problemas de modelaci\u00f3n matem\u00e1tica en \u00e1reas de ingenier\u00eda tales como energ\u00eda, transporte, salud, <em>data science<\/em>, miner\u00eda, desastres naturales, mercado laboral, redes sociales y, de manera m\u00e1s general, aplicaciones de modelos matem\u00e1ticos a problemas provenientes de sectores productivos, tecnol\u00f3gicos o sociales.<\/p>\n<div class=\"su-button-center\"><a href=\"https:\/\/eventos.cmm.uchile.cl\/emic2023\/registro\/\" class=\"su-button su-button-style-flat\" style=\"color:#FFFFFF;background-color:#b33;border-color:#962929;border-radius:9px\" target=\"_self\"><span style=\"color:#FFFFFF;padding:8px 24px;font-size:18px;line-height:27px;border-color:#d07171;border-radius:9px;text-shadow:none\"><i class=\"sui sui-wpforms\" style=\"font-size:18px;color:#FFFFFF\"><\/i> Registrarme<\/span><\/a><\/div>\n<h3><strong>Fechas importantes<\/strong><\/h3>\n<ul>\n<li><strong>EMIC 2023:<\/strong> 29, 30 y 31 de mayo de 2023.<\/li>\n<li><strong>Cierre registro en l\u00ednea para participar del evento:<\/strong> 22 de mayo de 2023.<\/li>\n<li><strong>Cierre de postulaciones para dar charlas y\/o presentar p\u00f3sters:<\/strong>\u00a010 de abril de 2023.<\/li>\n<\/ul>\n<p>Consultas a: <a href=\"mailto:emic@dim.uchile.cl\">emic@dim.uchile.cl<\/a><\/p>\n<h3><strong>Comit\u00e9 organizador<\/strong><\/h3>\n<ul>\n<li>Natacha Astromujoff\u00a0(DIM, U. de Chile)<\/li>\n<li>Sebasti\u00e1n Donoso (CMM\/DIM, U. de Chile)<\/li>\n<li>Jos\u00e9 Soto (CMM\/DIM, U. de Chile)<\/li>\n<li>Marcos Kiwi (CMM\/DIM, U. de Chile)<\/li>\n<li>Jaime Ortega (CMM\/DIM, U. de Chile)<\/li>\n<li>Jessica Trespalacios (Estudiante de Doctorado en Modelaci\u00f3n Matem\u00e1tica del DIM)<\/li>\n<li>Hanne Van Den Bosch (CMM\/DIM, U. de Chile)<\/li>\n<\/ul>\n<h3><strong>Comit\u00e9 cient\u00edfico:<\/strong><\/h3>\n<ul>\n<li>Sebasti\u00e1n Donoso (CMM\/DIM, U. de Chile)<\/li>\n<li>Jos\u00e9 Soto (CMM\/DIM, U. de Chile)<\/li>\n<li>Marcos Kiwi (CMM\/DIM, U. de Chile)<\/li>\n<li>Jaime Ortega (CMM\/DIM, U. de Chile)<\/li>\n<li>Hanne Van Den Bosch (CMM\/DIM, U. de Chile)<\/li>\n<\/ul>\n<p>&nbsp;<\/p>\n<p>&nbsp;<\/p>\n<table style=\"border: none !important;\" border=\"0\" width=\"100%\" cellspacing=\"0\" cellpadding=\"0\">\n<tbody>\n<tr style=\"padding: 0; height: 100px; border: none !important;\">\n<td style=\"padding: 0 0 0 10px; width: 34%; height: 100px; text-align: center; border: none !important;\" bgcolor=\"#fff\" width=\"34%\"><a href=\"http:\/\/www.dim.uchile.cl\/postgrado\/110209\/doctorado\" target=\"_blank\" rel=\"nofollow noopener\"><img loading=\"lazy\" decoding=\"async\" style=\"padding: 0; margin: 0;\" src=\"http:\/\/eventos.cmm.uchile.cl\/emic2023\/wp-content\/uploads\/sites\/65\/2018\/08\/emic_org_dcimm_04.png\" alt=\"DCIMM\" width=\"240\" height=\"100\" \/><\/a><\/td>\n<td style=\"padding: 0; width: 33%; height: 100px; text-align: center; border: none !important;\" bgcolor=\"#fff\" width=\"33%\"><a href=\"http:\/\/www.cmm.uchile.cl\/\" target=\"_blank\" rel=\"nofollow noopener\"><img loading=\"lazy\" decoding=\"async\" class=\"alignright\" style=\"padding: 0; margin: 0;\" src=\"http:\/\/eventos.cmm.uchile.cl\/emic2023\/wp-content\/uploads\/sites\/65\/2018\/08\/emic_org_cmm_01.png\" alt=\"CMM\" width=\"80\" height=\"100\" \/><\/a><\/td>\n<td style=\"padding: 0 10px 0 0; width: 33%; height: 100px; text-align: right; border: none !important;\" bgcolor=\"#fff\" width=\"33%\"><\/td>\n<\/tr>\n<\/tbody>\n<\/table>\n","protected":false},"excerpt":{"rendered":"<p>El Doctorado en Modelamiento Matem\u00e1tico y el Centro de Modelamiento Matem\u00e1tico (CMM) de la Universidad de Chile convocan al Encuentro Latinoamericano de Estudiantes de Doctorado en Modelamiento, Ingenier\u00eda y Ciencias \u2013 EMIC 2023, a desarrollarse los d\u00edas 29, 30 y 31 de mayo de 2023 en la Facultad de Ciencias F\u00edsicas y Matem\u00e1ticas de la &hellip; <a href=\"https:\/\/eventos.cmm.uchile.cl\/emic2023\/\" class=\"more-link\">Seguir leyendo <span class=\"screen-reader-text\">EMIC 2023<\/span> <span class=\"meta-nav\">&rarr;<\/span><\/a><\/p>\n","protected":false},"author":2,"featured_media":0,"parent":0,"menu_order":0,"comment_status":"closed","ping_status":"closed","template":"","meta":{"inline_featured_image":false,"footnotes":""},"class_list":["post-6","page","type-page","status-publish","hentry"],"_links":{"self":[{"href":"https:\/\/eventos.cmm.uchile.cl\/emic2023\/wp-json\/wp\/v2\/pages\/6","targetHints":{"allow":["GET"]}}],"collection":[{"href":"https:\/\/eventos.cmm.uchile.cl\/emic2023\/wp-json\/wp\/v2\/pages"}],"about":[{"href":"https:\/\/eventos.cmm.uchile.cl\/emic2023\/wp-json\/wp\/v2\/types\/page"}],"author":[{"embeddable":true,"href":"https:\/\/eventos.cmm.uchile.cl\/emic2023\/wp-json\/wp\/v2\/users\/2"}],"replies":[{"embeddable":true,"href":"https:\/\/eventos.cmm.uchile.cl\/emic2023\/wp-json\/wp\/v2\/comments?post=6"}],"version-history":[{"count":48,"href":"https:\/\/eventos.cmm.uchile.cl\/emic2023\/wp-json\/wp\/v2\/pages\/6\/revisions"}],"predecessor-version":[{"id":161,"href":"https:\/\/eventos.cmm.uchile.cl\/emic2023\/wp-json\/wp\/v2\/pages\/6\/revisions\/161"}],"wp:attachment":[{"href":"https:\/\/eventos.cmm.uchile.cl\/emic2023\/wp-json\/wp\/v2\/media?parent=6"}],"curies":[{"name":"wp","href":"https:\/\/api.w.org\/{rel}","templated":true}]}}