{"id":28,"date":"2017-06-02T17:42:57","date_gmt":"2017-06-02T21:42:57","guid":{"rendered":"http:\/\/eventos.cmm.uchile.cl\/enim2024\/?page_id=28"},"modified":"2024-10-14T19:03:13","modified_gmt":"2024-10-14T22:03:13","slug":"ubicacion","status":"publish","type":"page","link":"https:\/\/eventos.cmm.uchile.cl\/enim2024\/ubicacion\/","title":{"rendered":"Ubicaci\u00f3n"},"content":{"rendered":"<p><img loading=\"lazy\" decoding=\"async\" class=\"alignnone wp-image-404 \" src=\"https:\/\/eventos.cmm.uchile.cl\/enim2024\/wp-content\/uploads\/sites\/206\/2024\/10\/imagen-representativa-fcfm-300x158.jpg\" alt=\"\" width=\"830\" height=\"437\" srcset=\"https:\/\/eventos.cmm.uchile.cl\/enim2024\/wp-content\/uploads\/sites\/206\/2024\/10\/imagen-representativa-fcfm-300x158.jpg 300w, https:\/\/eventos.cmm.uchile.cl\/enim2024\/wp-content\/uploads\/sites\/206\/2024\/10\/imagen-representativa-fcfm-1024x538.jpg 1024w, https:\/\/eventos.cmm.uchile.cl\/enim2024\/wp-content\/uploads\/sites\/206\/2024\/10\/imagen-representativa-fcfm-768x403.jpg 768w, https:\/\/eventos.cmm.uchile.cl\/enim2024\/wp-content\/uploads\/sites\/206\/2024\/10\/imagen-representativa-fcfm.jpg 1200w\" sizes=\"auto, (max-width: 830px) 100vw, 830px\" \/><br \/>\n<strong>Facultad de Ciencias F\u00edsicas y Matem\u00e1ticas<\/strong><br \/>\nUniversidad de Chile<br \/>\nBeauchef 851,<br \/>\nSantiago\u00a0\u2013 Chile<\/p>\n<p style=\"text-align: justify\">La <a href=\"http:\/\/ingenieria.uchile.cl\" target=\"_blank\" rel=\"noopener noreferrer\">Facultad de Ciencias F\u00edsicas y Matem\u00e1ticas (FCFM)<\/a> de la Universidad de Chile se encuentra emplazada en la comuna de Santiago. Fundada\u00a0en 1842, est\u00e1 abocada a la ense\u00f1anza superior y al desarrollo de las ciencias b\u00e1sicas, las ciencias de la ingenier\u00eda y las aplicaciones tecnol\u00f3gicas. Su trayectoria, resultados y compromiso con la excelencia la ubican dentro de las mejores facultades de ingenier\u00eda y ciencias de Chile y el mundo. En ella se encuentra el <a href=\"http:\/\/www.dim.uchile.cl\" target=\"_blank\" rel=\"noopener noreferrer\">Departamento de Ingenier\u00eda Matem\u00e1tica (DIM)<\/a>, cuyos estudiantes organizan el ENIM 2024.<\/p>\n\n<!-- iframe plugin v.6.0 wordpress.org\/plugins\/iframe\/ -->\n<iframe loading=\"lazy\" src=\"https:\/\/www.google.com\/maps\/d\/embed?mid=1uprp-B0vGzc8gZOKUS6zOnhk6us\" height=\"485\" width=\"583\" frameborder=\"0\" marginwidth=\"0\" marginheight=\"0\" scrolling=\"no\" class=\"iframe-class\"><\/iframe>\n\n<small>Encuentra la\u00a0<a href=\"https:\/\/drive.google.com\/open?id=1uprp-B0vGzc8gZOKUS6zOnhk6us&amp;usp=sharing\" target=\"_blank\" rel=\"noopener noreferrer\">FCFM<\/a>\u00a0en un mapa m\u00e1s grande<br \/>\n<\/small><\/p>\n<p><a href=\"http:\/\/static.cmm.uchile.cl\/descargas\/venue\/uchile_cmm-dim_map02.png\"><img loading=\"lazy\" decoding=\"async\" class=\"wp-image-76 size-medium aligncenter\" src=\"http:\/\/static.cmm.uchile.cl\/descargas\/venue\/uchile_cmm-dim_map02_th.png\" alt=\"cmm-dim map\" width=\"300\" height=\"300\" \/><\/a><\/p>\n<p style=\"text-align: justify\">Las estaciones de Metro m\u00e1s cercanas son\u00a0\u201cToesca\u201d y\u00a0\u201cParque O\u2019Higgins\u201d, ambas en\u00a0L\u00ednea 2. Haz clic\u00a0<a title=\"Metro - subway map\" href=\"https:\/\/static.cmm.uchile.cl\/descargas\/venue\/metrored_servicios_2023_07_19.pdf\" target=\"_blank\" rel=\"noopener noreferrer\">aqu\u00ed<\/a>\u00a0para descargar un mapa de la red de Metro de\u00a0Santiago.<\/p>\n<p style=\"text-align: center\"><a href=\"http:\/\/static.cmm.uchile.cl\/descargas\/venue\/uchile_cmm-dim_map02.pdf\" class=\"su-button su-button-style-flat\" style=\"color:#FFFFFF;background-color:#EE3124;border-color:#bf281d;border-radius:7px\" target=\"__blank\" title=\"download map\"><span style=\"color:#FFFFFF;padding:7px 20px;font-size:16px;line-height:24px;border-color:#f46f66;border-radius:7px;text-shadow:none\"><i class=\"sui sui-file-pdf-o\" style=\"font-size:16px;color:#FFFFFF\"><\/i>  descarga el mapa de ubicaci\u00f3n del DIM\/FCFM<\/span><\/a>\n","protected":false},"excerpt":{"rendered":"<p>Facultad de Ciencias F\u00edsicas y Matem\u00e1ticas Universidad de Chile Beauchef 851, Santiago\u00a0\u2013 Chile La Facultad de Ciencias F\u00edsicas y Matem\u00e1ticas (FCFM) de la Universidad de Chile se encuentra emplazada en la comuna de Santiago. Fundada\u00a0en 1842, est\u00e1 abocada a la ense\u00f1anza superior y al desarrollo de las ciencias b\u00e1sicas, las ciencias de la ingenier\u00eda y &hellip; <a href=\"https:\/\/eventos.cmm.uchile.cl\/enim2024\/ubicacion\/\" class=\"more-link\">Contin\u00fae leyendo <span class=\"screen-reader-text\">Ubicaci\u00f3n<\/span> <span class=\"meta-nav\">&rarr;<\/span><\/a><\/p>\n","protected":false},"author":2,"featured_media":0,"parent":0,"menu_order":7,"comment_status":"closed","ping_status":"closed","template":"","meta":{"inline_featured_image":false,"footnotes":""},"class_list":["post-28","page","type-page","status-publish","hentry"],"_links":{"self":[{"href":"https:\/\/eventos.cmm.uchile.cl\/enim2024\/wp-json\/wp\/v2\/pages\/28","targetHints":{"allow":["GET"]}}],"collection":[{"href":"https:\/\/eventos.cmm.uchile.cl\/enim2024\/wp-json\/wp\/v2\/pages"}],"about":[{"href":"https:\/\/eventos.cmm.uchile.cl\/enim2024\/wp-json\/wp\/v2\/types\/page"}],"author":[{"embeddable":true,"href":"https:\/\/eventos.cmm.uchile.cl\/enim2024\/wp-json\/wp\/v2\/users\/2"}],"replies":[{"embeddable":true,"href":"https:\/\/eventos.cmm.uchile.cl\/enim2024\/wp-json\/wp\/v2\/comments?post=28"}],"version-history":[{"count":30,"href":"https:\/\/eventos.cmm.uchile.cl\/enim2024\/wp-json\/wp\/v2\/pages\/28\/revisions"}],"predecessor-version":[{"id":405,"href":"https:\/\/eventos.cmm.uchile.cl\/enim2024\/wp-json\/wp\/v2\/pages\/28\/revisions\/405"}],"wp:attachment":[{"href":"https:\/\/eventos.cmm.uchile.cl\/enim2024\/wp-json\/wp\/v2\/media?parent=28"}],"curies":[{"name":"wp","href":"https:\/\/api.w.org\/{rel}","templated":true}]}}