{"id":356,"date":"2024-10-14T17:52:59","date_gmt":"2024-10-14T20:52:59","guid":{"rendered":"https:\/\/eventos.cmm.uchile.cl\/enim2024\/?page_id=356"},"modified":"2024-11-22T01:34:55","modified_gmt":"2024-11-22T04:34:55","slug":"historia","status":"publish","type":"page","link":"https:\/\/eventos.cmm.uchile.cl\/enim2024\/historia\/","title":{"rendered":"Algunas Aventuras de la Historia de las Matem\u00e1ticas"},"content":{"rendered":"<h3><img loading=\"lazy\" decoding=\"async\" class=\" wp-image-290 aligncenter\" src=\"https:\/\/eventos.cmm.uchile.cl\/enim2024\/wp-content\/uploads\/sites\/206\/2024\/10\/hist-1-300x200.jpg\" alt=\"\" width=\"868\" height=\"578\" srcset=\"https:\/\/eventos.cmm.uchile.cl\/enim2024\/wp-content\/uploads\/sites\/206\/2024\/10\/hist-1-300x200.jpg 300w, https:\/\/eventos.cmm.uchile.cl\/enim2024\/wp-content\/uploads\/sites\/206\/2024\/10\/hist-1-1024x682.jpg 1024w, https:\/\/eventos.cmm.uchile.cl\/enim2024\/wp-content\/uploads\/sites\/206\/2024\/10\/hist-1-768x512.jpg 768w, https:\/\/eventos.cmm.uchile.cl\/enim2024\/wp-content\/uploads\/sites\/206\/2024\/10\/hist-1.jpg 1280w\" sizes=\"auto, (max-width: 868px) 100vw, 868px\" \/><\/h3>\n<h3><strong>Profesor:<\/strong> <a href=\"https:\/\/eventos.cmm.uchile.cl\/enim2024\/profesores\/#gormaz\">Ra\u00fal Gormaz<\/a><\/h3>\n<h3><strong>[Bloque A]<\/strong> 3 sesiones, cada d\u00eda de las 12h15 a las 13h30<\/h3>\n<p>Desde hace milenios, la matem\u00e1tica ha estado en constante desarrollo, en constante evoluci\u00f3n. Seg\u00fan algunos, esto se inicia con la aparici\u00f3n del ser humano <em>(Homo sapiens)<\/em>\u00a0sobre la faz de la tierra. Algunos episodios han tenido una importancia crucial en definir su avance y abrir nuevas posibilidades y resulta interesante detenerse a analizarlos con alg\u00fan detalle.<\/p>\n<p>Incluso, algunos elementos de la matem\u00e1tica de todos los d\u00edas nos parecen tan cotidianos que tenemos la impresi\u00f3n que han estado siempre con nosotros. Pero la realidad esta lejos de ser as\u00ed. Un ejemplo muy ilustrador son los n\u00fameros. La historia del numero tiene miles de a\u00f1os pero es solo en los \u00faltimos siglos que se generaliza el uso de los mal llamados numerales ar\u00e1bigos (siendo que su origen se encuentra en India). Otro ejemplo de gran inter\u00e9s ocurre con el uso de signos abstractos en la escritura matem\u00e1tica. En la antig\u00fcedad la escritura de propiedades y procedimientos matem\u00e1ticos solo usaba el lenguaje usual. El \u00e1lgebra de \u201clas letras\u201d llegar\u00eda mucho mas tarde. Y las demostraciones\u2026 \u00bfsiempre han formado parte de la matem\u00e1tica?<\/p>\n<p>Veremos as\u00ed algunos temas matem\u00e1ticos y su evoluci\u00f3n hist\u00f3rica.<\/p>\n<h5><strong>Pre-requisitos sugeridos:<\/strong> Inter\u00e9s por la historia.<\/h5>\n","protected":false},"excerpt":{"rendered":"<p>Profesor: Ra\u00fal Gormaz [Bloque A] 3 sesiones, cada d\u00eda de las 12h15 a las 13h30 Desde hace milenios, la matem\u00e1tica ha estado en constante desarrollo, en constante evoluci\u00f3n. Seg\u00fan algunos, esto se inicia con la aparici\u00f3n del ser humano (Homo sapiens)\u00a0sobre la faz de la tierra. Algunos episodios han tenido una importancia crucial en definir &hellip; <a href=\"https:\/\/eventos.cmm.uchile.cl\/enim2024\/historia\/\" class=\"more-link\">Contin\u00fae leyendo <span class=\"screen-reader-text\">Algunas Aventuras de la Historia de las Matem\u00e1ticas<\/span> <span class=\"meta-nav\">&rarr;<\/span><\/a><\/p>\n","protected":false},"author":120,"featured_media":0,"parent":0,"menu_order":0,"comment_status":"closed","ping_status":"closed","template":"","meta":{"inline_featured_image":false,"footnotes":""},"class_list":["post-356","page","type-page","status-publish","hentry"],"_links":{"self":[{"href":"https:\/\/eventos.cmm.uchile.cl\/enim2024\/wp-json\/wp\/v2\/pages\/356","targetHints":{"allow":["GET"]}}],"collection":[{"href":"https:\/\/eventos.cmm.uchile.cl\/enim2024\/wp-json\/wp\/v2\/pages"}],"about":[{"href":"https:\/\/eventos.cmm.uchile.cl\/enim2024\/wp-json\/wp\/v2\/types\/page"}],"author":[{"embeddable":true,"href":"https:\/\/eventos.cmm.uchile.cl\/enim2024\/wp-json\/wp\/v2\/users\/120"}],"replies":[{"embeddable":true,"href":"https:\/\/eventos.cmm.uchile.cl\/enim2024\/wp-json\/wp\/v2\/comments?post=356"}],"version-history":[{"count":9,"href":"https:\/\/eventos.cmm.uchile.cl\/enim2024\/wp-json\/wp\/v2\/pages\/356\/revisions"}],"predecessor-version":[{"id":644,"href":"https:\/\/eventos.cmm.uchile.cl\/enim2024\/wp-json\/wp\/v2\/pages\/356\/revisions\/644"}],"wp:attachment":[{"href":"https:\/\/eventos.cmm.uchile.cl\/enim2024\/wp-json\/wp\/v2\/media?parent=356"}],"curies":[{"name":"wp","href":"https:\/\/api.w.org\/{rel}","templated":true}]}}