{"id":374,"date":"2024-10-14T18:13:55","date_gmt":"2024-10-14T21:13:55","guid":{"rendered":"https:\/\/eventos.cmm.uchile.cl\/enim2024\/?page_id=374"},"modified":"2024-12-06T19:46:28","modified_gmt":"2024-12-06T22:46:28","slug":"geodiff","status":"publish","type":"page","link":"https:\/\/eventos.cmm.uchile.cl\/enim2024\/geodiff\/","title":{"rendered":"Una introducci\u00f3n a superficies minimales y aplicaciones"},"content":{"rendered":"<p><img loading=\"lazy\" decoding=\"async\" class=\"alignnone wp-image-296\" src=\"https:\/\/eventos.cmm.uchile.cl\/enim2024\/wp-content\/uploads\/sites\/206\/2024\/10\/manifold-1-300x174.jpg\" alt=\"\" width=\"873\" height=\"506\" srcset=\"https:\/\/eventos.cmm.uchile.cl\/enim2024\/wp-content\/uploads\/sites\/206\/2024\/10\/manifold-1-300x174.jpg 300w, https:\/\/eventos.cmm.uchile.cl\/enim2024\/wp-content\/uploads\/sites\/206\/2024\/10\/manifold-1-1024x593.jpg 1024w, https:\/\/eventos.cmm.uchile.cl\/enim2024\/wp-content\/uploads\/sites\/206\/2024\/10\/manifold-1-768x444.jpg 768w, https:\/\/eventos.cmm.uchile.cl\/enim2024\/wp-content\/uploads\/sites\/206\/2024\/10\/manifold-1-rotated.jpg 1042w\" sizes=\"auto, (max-width: 873px) 100vw, 873px\" \/><\/p>\n<h3><strong>Profesora:<\/strong> <a href=\"https:\/\/eventos.cmm.uchile.cl\/enim2024\/profesores\/#rayssa\">Rayssa Caju<\/a><\/h3>\n<h3><strong>[Bloque B]<\/strong> 3 sesiones, cada d\u00eda de las 16h30 a las 17h45<\/h3>\n<p>Las superficies minimales son objetos de la geometr\u00eda diferencial con la propiedad que minimizan el \u00e1rea de la superficie. La existencia de estos objetos fue considerada por primera vez por Lagrange (1762), quien plante\u00f3 la pregunta de la existencia de superficies de \u00e1rea m\u00ednima cuyo borde es una curva dada en el espacio tridimensional. En la investigaci\u00f3n moderna, se han encontrado muchos ejemplos de estas superficies, y debido a sus propiedades minimizantes tienen aplicaciones fascinantes en la naturaleza, la ciencia de materiales, la biolog\u00eda, la f\u00edsica matem\u00e1tica, y muchos otros campos.<\/p>\n<p>En este cursillo, el objetivo es discutir de manera precisa estos objetos matem\u00e1ticos, sus aplicaciones pr\u00e1cticas, y presentar de forma introductoria algunas direcciones de investigaci\u00f3n actuales.<\/p>\n<h5><strong>Conocimientos previos deseables:<\/strong> C\u00e1lculo Diferencial e Integral.<\/h5>\n","protected":false},"excerpt":{"rendered":"<p>Profesora: Rayssa Caju [Bloque B] 3 sesiones, cada d\u00eda de las 16h30 a las 17h45 Las superficies minimales son objetos de la geometr\u00eda diferencial con la propiedad que minimizan el \u00e1rea de la superficie. La existencia de estos objetos fue considerada por primera vez por Lagrange (1762), quien plante\u00f3 la pregunta de la existencia de &hellip; <a href=\"https:\/\/eventos.cmm.uchile.cl\/enim2024\/geodiff\/\" class=\"more-link\">Contin\u00fae leyendo <span class=\"screen-reader-text\">Una introducci\u00f3n a superficies minimales y aplicaciones<\/span> <span class=\"meta-nav\">&rarr;<\/span><\/a><\/p>\n","protected":false},"author":120,"featured_media":0,"parent":0,"menu_order":0,"comment_status":"closed","ping_status":"closed","template":"","meta":{"inline_featured_image":false,"footnotes":""},"class_list":["post-374","page","type-page","status-publish","hentry"],"_links":{"self":[{"href":"https:\/\/eventos.cmm.uchile.cl\/enim2024\/wp-json\/wp\/v2\/pages\/374","targetHints":{"allow":["GET"]}}],"collection":[{"href":"https:\/\/eventos.cmm.uchile.cl\/enim2024\/wp-json\/wp\/v2\/pages"}],"about":[{"href":"https:\/\/eventos.cmm.uchile.cl\/enim2024\/wp-json\/wp\/v2\/types\/page"}],"author":[{"embeddable":true,"href":"https:\/\/eventos.cmm.uchile.cl\/enim2024\/wp-json\/wp\/v2\/users\/120"}],"replies":[{"embeddable":true,"href":"https:\/\/eventos.cmm.uchile.cl\/enim2024\/wp-json\/wp\/v2\/comments?post=374"}],"version-history":[{"count":3,"href":"https:\/\/eventos.cmm.uchile.cl\/enim2024\/wp-json\/wp\/v2\/pages\/374\/revisions"}],"predecessor-version":[{"id":689,"href":"https:\/\/eventos.cmm.uchile.cl\/enim2024\/wp-json\/wp\/v2\/pages\/374\/revisions\/689"}],"wp:attachment":[{"href":"https:\/\/eventos.cmm.uchile.cl\/enim2024\/wp-json\/wp\/v2\/media?parent=374"}],"curies":[{"name":"wp","href":"https:\/\/api.w.org\/{rel}","templated":true}]}}