{"id":54,"date":"2022-07-04T16:48:52","date_gmt":"2022-07-04T20:48:52","guid":{"rendered":"https:\/\/eventos.cmm.uchile.cl\/fondefnsp\/?page_id=54"},"modified":"2025-01-09T02:26:28","modified_gmt":"2025-01-09T05:26:28","slug":"acerca","status":"publish","type":"page","link":"https:\/\/eventos.cmm.uchile.cl\/fondefrelaves\/acerca\/","title":{"rendered":"Acerca del proyecto"},"content":{"rendered":"<p>El objetivo central de este proyecto es desarrollar un <strong>sistema de monitoreo e indicadores de riesgo de falla de dep\u00f3sitos de relaves inactivos y abandonados<\/strong> basado en el procesamiento de informaci\u00f3n satelital y otras variables, a partir de informaci\u00f3n p\u00fablica disponible.<\/p>\n<p>De esta manera se busca poner a disposici\u00f3n del Estado de Chile un conjunto de herramientas que permitir\u00e1n reducir los riesgos para la poblaci\u00f3n y el medio ambiente por estos pasivos ambientales, por medio de la generaci\u00f3n de metodolog\u00edas, protocolos, manejo de datos, algoritmos e indicadores, que permit\u00e1n evaluar el riesgo asociado a fen\u00f3menos de estabilidad de los dep\u00f3sitos y proveer alertas que ayuden a la toma de decisiones por la autoridad competente.<\/p>\n<ul>\n<li><a href=\"#mosare\">MOSARE<\/a><\/li>\n<li><a href=\"#piloto\">Proyecto piloto<\/a>\n<ul>\n<li><a href=\"#lineabase\">L\u00ednea base de variable de inter\u00e9s y actualizaci\u00f3n de informaci\u00f3n<\/a><\/li>\n<li><a href=\"#metodologia\">Metodolog\u00eda de nivel de riesgo integrada en la plataforma<\/a><\/li>\n<\/ul>\n<\/li>\n<li><a href=\"#calculo\">C\u00e1lculo de nivel de riesgo<\/a><\/li>\n<li><a href=\"#plataforma\">La plataforma<\/a><\/li>\n<\/ul>\n<div class=\"su-divider su-divider-style-default\" style=\"margin:15px 0;border-width:3px;border-color:#a28172\"><a href=\"#\" style=\"color:#999999\">Ir arriba<\/a><\/div>\n<h2 id=\"mosare\">MOSARE<\/h2>\n<p>La plataforma MOSARE, desarrollada en el marco del proyecto FONDEF ID22I10199, <strong>Sistema de Monitoreo de Riesgo en Torno a Dep\u00f3sitos de Relaves<\/strong>, permite monitorear de manera continua y evaluar el riesgo de falla en dep\u00f3sitos de relaves inactivos y abandonados en Chile. MOSARE proporciona una herramienta accesible para apoyar la gesti\u00f3n de riesgos en estos sitios, basada en datos satelitales, geogr\u00e1ficos y meteorol\u00f3gicos.<\/p>\n<div class=\"su-divider su-divider-style-default\" style=\"margin:15px 0;border-width:3px;border-color:#a28172\"><a href=\"#\" style=\"color:#999999\">Ir arriba<\/a><\/div>\n<h3 id=\"piloto\">Proyecto piloto<\/h3>\n<h4 id=\"lineabase\">L\u00ednea base de variable de inter\u00e9s y actualizaci\u00f3n de informaci\u00f3n<\/h4>\n<p>El proyecto piloto recopil\u00f3 informaci\u00f3n \u00f3ptica, SAR, meteorol\u00f3gica y descriptiva de 13 dep\u00f3sitos de relaves seleccionados. Se desarroll\u00f3 una metodolog\u00eda para crear l\u00edneas base que se integran y actualizan en la plataforma MOSARE, proporcionando datos relevantes para calcular el \u00edndice de riesgo de cada dep\u00f3sito.<\/p>\n<p><img loading=\"lazy\" decoding=\"async\" class=\"alignnone size-full wp-image-186\" src=\"https:\/\/eventos.cmm.uchile.cl\/fondefrelaves\/wp-content\/uploads\/sites\/163\/2025\/01\/fondefrelaves_fig1_02.png\" alt=\"\" width=\"1080\" height=\"390\" srcset=\"https:\/\/eventos.cmm.uchile.cl\/fondefrelaves\/wp-content\/uploads\/sites\/163\/2025\/01\/fondefrelaves_fig1_02.png 1080w, https:\/\/eventos.cmm.uchile.cl\/fondefrelaves\/wp-content\/uploads\/sites\/163\/2025\/01\/fondefrelaves_fig1_02-300x108.png 300w, https:\/\/eventos.cmm.uchile.cl\/fondefrelaves\/wp-content\/uploads\/sites\/163\/2025\/01\/fondefrelaves_fig1_02-1024x370.png 1024w, https:\/\/eventos.cmm.uchile.cl\/fondefrelaves\/wp-content\/uploads\/sites\/163\/2025\/01\/fondefrelaves_fig1_02-768x277.png 768w\" sizes=\"auto, (max-width: 1080px) 100vw, 1080px\" \/><\/p>\n<div class=\"su-divider su-divider-style-default\" style=\"margin:15px 0;border-width:3px;border-color:#a28172\"><a href=\"#\" style=\"color:#999999\">Ir arriba<\/a><\/div>\n<h4 id=\"metodologia\">Metodolog\u00eda de nivel de riesgo integrada en la plataforma<\/h4>\n<p>MOSARE eval\u00faa el nivel de riesgo global de cada dep\u00f3sito considerando tres variables principales: deformaci\u00f3n, humedad y vegetaci\u00f3n. Cada variable incluye indicadores espec\u00edficos, como la tasa de cambio y la vulnerabilidad del dep\u00f3sito, que permiten estimar la estabilidad f\u00edsica del sitio.<\/p>\n<p><img loading=\"lazy\" decoding=\"async\" class=\"alignnone size-full wp-image-166\" src=\"https:\/\/eventos.cmm.uchile.cl\/fondefrelaves\/wp-content\/uploads\/sites\/163\/2024\/11\/diagrama_b_web_01.png\" alt=\"\" width=\"1080\" height=\"537\" srcset=\"https:\/\/eventos.cmm.uchile.cl\/fondefrelaves\/wp-content\/uploads\/sites\/163\/2024\/11\/diagrama_b_web_01.png 1080w, https:\/\/eventos.cmm.uchile.cl\/fondefrelaves\/wp-content\/uploads\/sites\/163\/2024\/11\/diagrama_b_web_01-300x149.png 300w, https:\/\/eventos.cmm.uchile.cl\/fondefrelaves\/wp-content\/uploads\/sites\/163\/2024\/11\/diagrama_b_web_01-1024x509.png 1024w, https:\/\/eventos.cmm.uchile.cl\/fondefrelaves\/wp-content\/uploads\/sites\/163\/2024\/11\/diagrama_b_web_01-768x382.png 768w\" sizes=\"auto, (max-width: 1080px) 100vw, 1080px\" \/><\/p>\n<div class=\"su-divider su-divider-style-default\" style=\"margin:15px 0;border-width:3px;border-color:#a28172\"><a href=\"#\" style=\"color:#999999\">Ir arriba<\/a><\/div>\n<h3 id=\"calculo\">C\u00e1lculo de nivel de riesgo<\/h3>\n<p>El nivel de riesgo (NR) de un dep\u00f3sito de relaves se calcula combinando los niveles de riesgo de tres factores: deficiencias excesivas, acumulaciones de agua y filtraciones, con las siguientes ponderaciones:<\/p>\n\\(\nNR_{dep\\acute{o}sito} = 0.7 \\times NR_\\text{deficiencias excesivas} + 0.2 \\times NR_\\text{acumulaciones de agua} + 0.1 \\times NR_\\text{filtraciones}<br \/>\n\\)\n<p>&nbsp;<\/p>\n<p>El valor de cada factor de riesgo se clasifica seg\u00fan los siguientes niveles:<\/p>\n<figure class=\"table-figure\">\n<table>\n<thead>\n<tr>\n<th>Clasificaci\u00f3n de riesgo<\/th>\n<th>Nivel de riesgo (NR)<\/th>\n<\/tr>\n<\/thead>\n<tbody>\n<tr>\n<td>Extremo<\/td>\n<td>4<\/td>\n<\/tr>\n<tr>\n<td>Alto<\/td>\n<td>3<\/td>\n<\/tr>\n<tr>\n<td>Medio<\/td>\n<td>2<\/td>\n<\/tr>\n<tr>\n<td>Bajo<\/td>\n<td>1<\/td>\n<\/tr>\n<\/tbody>\n<\/table>\n<\/figure>\n<div class=\"su-divider su-divider-style-default\" style=\"margin:15px 0;border-width:3px;border-color:#a28172\"><a href=\"#\" style=\"color:#999999\">Ir arriba<\/a><\/div>\n<h3 id=\"plataforma\">La plataforma<\/h3>\n<p><img loading=\"lazy\" decoding=\"async\" class=\"alignnone size-full wp-image-187\" src=\"https:\/\/eventos.cmm.uchile.cl\/fondefrelaves\/wp-content\/uploads\/sites\/163\/2025\/01\/fondefrelaves_fig3_01.jpg\" alt=\"\" width=\"1080\" height=\"600\" srcset=\"https:\/\/eventos.cmm.uchile.cl\/fondefrelaves\/wp-content\/uploads\/sites\/163\/2025\/01\/fondefrelaves_fig3_01.jpg 1080w, https:\/\/eventos.cmm.uchile.cl\/fondefrelaves\/wp-content\/uploads\/sites\/163\/2025\/01\/fondefrelaves_fig3_01-300x167.jpg 300w, https:\/\/eventos.cmm.uchile.cl\/fondefrelaves\/wp-content\/uploads\/sites\/163\/2025\/01\/fondefrelaves_fig3_01-1024x569.jpg 1024w, https:\/\/eventos.cmm.uchile.cl\/fondefrelaves\/wp-content\/uploads\/sites\/163\/2025\/01\/fondefrelaves_fig3_01-768x427.jpg 768w\" sizes=\"auto, (max-width: 1080px) 100vw, 1080px\" \/><\/p>\n<div class=\"su-divider su-divider-style-default\" style=\"margin:15px 0;border-width:3px;border-color:#a28172\"><a href=\"#\" style=\"color:#999999\">Ir arriba<\/a><\/div>\n<p>&nbsp;<\/p>\n<p>Esta iniciativa es liderada por <strong>Jorge Amaya<\/strong>, investigador del <a href=\"https:\/\/www.cmm.uchile.cl\/\" target=\"_blank\" rel=\"noopener\">Centro de Modelamiento Matem\u00e1tico (CMM)<\/a>, y por <strong>Roberto Gesche<\/strong>, profesor de la Facultad de Ciencias F\u00edsicas y Matem\u00e1ticas (FCFM) de la Universidad de Chile. Participan adem\u00e1s como investigadores asociados Christian Ihle (Departamento de Ingenier\u00eda de Minas) y Jaime Ortega (CMM).<\/p>\n<p>En este proyecto participan como instituciones asociadas la <a href=\"https:\/\/www.minmineria.cl\/\" target=\"_blank\" rel=\"noopener\">Subsecretar\u00eda de Miner\u00eda<\/a> de Chile y el <a href=\"https:\/\/www.sernageomin.cl\/\" target=\"_blank\" rel=\"noopener\">Servicio Nacional de Geolog\u00eda y Miner\u00eda (Sernageomin)<\/a>.<\/p>\n<p>&nbsp;<\/p>\n<p><img loading=\"lazy\" decoding=\"async\" class=\"alignnone size-full wp-image-171\" src=\"https:\/\/eventos.cmm.uchile.cl\/fondefrelaves\/wp-content\/uploads\/sites\/163\/2024\/11\/fondefrelaves_sponsors_02.png\" alt=\"\" width=\"1070\" height=\"310\" srcset=\"https:\/\/eventos.cmm.uchile.cl\/fondefrelaves\/wp-content\/uploads\/sites\/163\/2024\/11\/fondefrelaves_sponsors_02.png 1070w, https:\/\/eventos.cmm.uchile.cl\/fondefrelaves\/wp-content\/uploads\/sites\/163\/2024\/11\/fondefrelaves_sponsors_02-300x87.png 300w, https:\/\/eventos.cmm.uchile.cl\/fondefrelaves\/wp-content\/uploads\/sites\/163\/2024\/11\/fondefrelaves_sponsors_02-1024x297.png 1024w, https:\/\/eventos.cmm.uchile.cl\/fondefrelaves\/wp-content\/uploads\/sites\/163\/2024\/11\/fondefrelaves_sponsors_02-768x223.png 768w\" sizes=\"auto, (max-width: 1070px) 100vw, 1070px\" \/><\/p>\n","protected":false},"excerpt":{"rendered":"<p>El objetivo central de este proyecto es desarrollar un sistema de monitoreo e indicadores de riesgo de falla de dep\u00f3sitos de relaves inactivos y abandonados basado en el procesamiento de informaci\u00f3n satelital y otras variables, a partir de informaci\u00f3n p\u00fablica disponible. De esta manera se busca poner a disposici\u00f3n del Estado de Chile un conjunto &hellip; <a href=\"https:\/\/eventos.cmm.uchile.cl\/fondefrelaves\/acerca\/\" class=\"more-link\">Seguir leyendo <span class=\"screen-reader-text\">Acerca del proyecto<\/span> <span class=\"meta-nav\">&rarr;<\/span><\/a><\/p>\n","protected":false},"author":2,"featured_media":0,"parent":0,"menu_order":1,"comment_status":"closed","ping_status":"closed","template":"","meta":{"inline_featured_image":false,"footnotes":""},"class_list":["post-54","page","type-page","status-publish","hentry"],"_links":{"self":[{"href":"https:\/\/eventos.cmm.uchile.cl\/fondefrelaves\/wp-json\/wp\/v2\/pages\/54","targetHints":{"allow":["GET"]}}],"collection":[{"href":"https:\/\/eventos.cmm.uchile.cl\/fondefrelaves\/wp-json\/wp\/v2\/pages"}],"about":[{"href":"https:\/\/eventos.cmm.uchile.cl\/fondefrelaves\/wp-json\/wp\/v2\/types\/page"}],"author":[{"embeddable":true,"href":"https:\/\/eventos.cmm.uchile.cl\/fondefrelaves\/wp-json\/wp\/v2\/users\/2"}],"replies":[{"embeddable":true,"href":"https:\/\/eventos.cmm.uchile.cl\/fondefrelaves\/wp-json\/wp\/v2\/comments?post=54"}],"version-history":[{"count":22,"href":"https:\/\/eventos.cmm.uchile.cl\/fondefrelaves\/wp-json\/wp\/v2\/pages\/54\/revisions"}],"predecessor-version":[{"id":188,"href":"https:\/\/eventos.cmm.uchile.cl\/fondefrelaves\/wp-json\/wp\/v2\/pages\/54\/revisions\/188"}],"wp:attachment":[{"href":"https:\/\/eventos.cmm.uchile.cl\/fondefrelaves\/wp-json\/wp\/v2\/media?parent=54"}],"curies":[{"name":"wp","href":"https:\/\/api.w.org\/{rel}","templated":true}]}}