{"id":16,"date":"2014-11-10T14:36:25","date_gmt":"2014-11-10T17:36:25","guid":{"rendered":"http:\/\/eventos.cmm.uchile.cl\/ipphys2015\/?page_id=16"},"modified":"2015-08-04T18:21:23","modified_gmt":"2015-08-04T21:21:23","slug":"program","status":"publish","type":"page","link":"https:\/\/eventos.cmm.uchile.cl\/ipphys2015\/program\/","title":{"rendered":"Program"},"content":{"rendered":"<p><strong>Monday August 3rd (Astronomy and Medicine):<\/strong><\/p>\n<p><strong>09:00 &#8211; 10:00<\/strong> Gunther Uhlmann, Washington, <em>Seeing Through Space Time.<\/em><\/p>\n<p><em>coffee break<\/em><\/p>\n<p><strong>10:30 &#8211; 11:15<\/strong> Sim\u00f3n Cassasus, DAS Universidad de Chile, <em>High Resolution Interferometry in ALMA.<\/em><br \/>\n<strong>11:15 &#8211; 12:00<\/strong> Crist\u00f3bal Bertoglio, Centro de Modelamiento Matem\u00e1tico, Universidad de Chile, <em>Numerical modeling in cardiovascular physiology and related inverse problems.<\/em><\/p>\n<p><strong>12:30 &#8211; 13:30<\/strong> Lunch<\/p>\n<p><strong>14:00 &#8211; 14:45<\/strong> Pablo Irarr\u00e1zaval, CIB Pontificia Universidad Cat\u00f3lica de Chile, <em>Fundamentals of Magnetic Resonance Imaging: from the signal to image reconstruction. <\/em><br \/>\n<strong>14:45 &#8211; 15:30<\/strong> Carlos Sing-Long, ICME, Stanford University, <em>Unbiased risk estimation and its applications to linear inverse problems.<\/em><\/p>\n<p><strong>Tuesday August 4th (Wave propagation and Geophysics):<\/strong><\/p>\n<p><strong>09:15 &#8211; 10:00<\/strong> Rafael Benguria,\u00a0Pontificia Universidad Cat\u00f3lica de Chile, <em>The <span class=\"il\">Brezis<\/span>&#8212;<span class=\"il\">Nirenberg<\/span> Problem on\u00a0 S^n,\u00a0 in spaces of fractional dimension.<\/em><\/p>\n<p><em>coffee break<\/em><\/p>\n<p><strong>10:30 &#8211; 11:15<\/strong> Fernando Lund, Universidad de Chile, <em>Ultrasound as a quantitative probe of plasticity I: Theory.<\/em><br \/>\n<strong>11:15 &#8211; 12:00<\/strong> Nicol\u00e1s Mujica, Universidad de Chile, <em>Ultrasound as a quantitative probe of plasticity II: Experiments.<\/em><\/p>\n<p><strong>12:30 &#8211; 13:30<\/strong> Lunch<\/p>\n<p><strong>14:00 &#8211; 14:45<\/strong> Mat\u00edas Courdurier, Pontificia Universidad Cat\u00f3lica de Chile, <span class=\"\"><em>An asymptotic approach for a Helmholtz Equation Inverse Problem in a Layered Media.<\/em> <\/span><br \/>\n<strong>14:45 &#8211; 15:30<\/strong> Francisco Ortega, Universidad de Chile, <em>Characterizing the mechanical behavior of the Earth&#8217;s crust\u00a0using surface deformation observations. <\/em><\/p>\n<p><strong>16:00<\/strong> Cocktail de Bienvenida<em><br \/>\n<\/em><\/p>\n<p><strong>Wednesday August 5th (Mathematical theory):<\/strong><\/p>\n<p><strong>09:15 &#8211; 10:00<\/strong> Gabriel Paternain, University of Cambridge, <em>Recovering a connection from parallel transport along geodesics.<\/em><\/p>\n<p><em>coffee break<\/em><\/p>\n<p><strong>10:30 &#8211; 11:15 <\/strong>Eric Bonnetier, Universit\u00e9 Joseph Fourier, Lab. Jean Kuntzmann, Grenoble, <em>Negative index materials and superlensing with an elliptic\/hyperbolic equation.<\/em><br \/>\n<strong>11:15 &#8211; 12:00<\/strong> Mat\u00edas Ruiz, Ecole Normale Sup\u00e9rieure, <em>Mathematical analysis of plasmonic nanoparticles.<\/em><\/p>\n<p><strong>12:30 &#8211; 13:30<\/strong> Lunch<\/p>\n<p><strong>14:00 &#8211; 14:45 <\/strong>Galina Garc\u00eda, Universidad de Santiago de Chile,<em> Reconstruction formula for an inverse parabolic source problem using a family of exact controls. <\/em><br \/>\n<strong>14:45 &#8211; 15:30<\/strong>\u00a0Claudio Mu\u00f1oz, Universidad de Chile, <em>Some connections between the scattering theory for 2d Schr\u00f6dinger operators and some nonlinear dispersive equations.<\/em><\/p>\n","protected":false},"excerpt":{"rendered":"<p>Monday August 3rd (Astronomy and Medicine): 09:00 &#8211; 10:00 Gunther Uhlmann, Washington, Seeing Through Space Time. coffee break 10:30 &#8211; 11:15 Sim\u00f3n Cassasus, DAS Universidad de Chile, High Resolution Interferometry in ALMA. 11:15 &#8211; 12:00 Crist\u00f3bal Bertoglio, Centro de Modelamiento Matem\u00e1tico, Universidad de Chile, Numerical modeling in cardiovascular physiology and related inverse problems. 12:30 &#8211; &hellip; <a href=\"https:\/\/eventos.cmm.uchile.cl\/ipphys2015\/program\/\" class=\"more-link\">Continue reading <span class=\"screen-reader-text\">Program<\/span> <span class=\"meta-nav\">&rarr;<\/span><\/a><\/p>\n","protected":false},"author":2,"featured_media":0,"parent":0,"menu_order":2,"comment_status":"closed","ping_status":"closed","template":"","meta":{"inline_featured_image":false,"footnotes":""},"class_list":["post-16","page","type-page","status-publish","hentry"],"_links":{"self":[{"href":"https:\/\/eventos.cmm.uchile.cl\/ipphys2015\/wp-json\/wp\/v2\/pages\/16","targetHints":{"allow":["GET"]}}],"collection":[{"href":"https:\/\/eventos.cmm.uchile.cl\/ipphys2015\/wp-json\/wp\/v2\/pages"}],"about":[{"href":"https:\/\/eventos.cmm.uchile.cl\/ipphys2015\/wp-json\/wp\/v2\/types\/page"}],"author":[{"embeddable":true,"href":"https:\/\/eventos.cmm.uchile.cl\/ipphys2015\/wp-json\/wp\/v2\/users\/2"}],"replies":[{"embeddable":true,"href":"https:\/\/eventos.cmm.uchile.cl\/ipphys2015\/wp-json\/wp\/v2\/comments?post=16"}],"version-history":[{"count":37,"href":"https:\/\/eventos.cmm.uchile.cl\/ipphys2015\/wp-json\/wp\/v2\/pages\/16\/revisions"}],"predecessor-version":[{"id":135,"href":"https:\/\/eventos.cmm.uchile.cl\/ipphys2015\/wp-json\/wp\/v2\/pages\/16\/revisions\/135"}],"wp:attachment":[{"href":"https:\/\/eventos.cmm.uchile.cl\/ipphys2015\/wp-json\/wp\/v2\/media?parent=16"}],"curies":[{"name":"wp","href":"https:\/\/api.w.org\/{rel}","templated":true}]}}