{"id":102,"date":"2019-06-19T12:27:56","date_gmt":"2019-06-19T16:27:56","guid":{"rendered":"http:\/\/eventos.cmm.uchile.cl\/jfco2022\/?page_id=102"},"modified":"2022-07-01T03:25:02","modified_gmt":"2022-07-01T07:25:02","slug":"speakers","status":"publish","type":"page","link":"https:\/\/eventos.cmm.uchile.cl\/jfco2022\/speakers\/","title":{"rendered":"Confirmed participants"},"content":{"rendered":"<p>&nbsp;<\/p>\n<ul>\n<li><strong>Marianne Akian<\/strong>, Inria and CMAP, \u00c9cole polytechnique CNRS, IP Paris, France<\/li>\n<li><strong>Jorge Amaya<\/strong>,\u00a0 Universidad de Chile, Chile<\/li>\n<li><strong>Adj\u00e9 <\/strong><strong>Assal\u00e9 <\/strong>, Universit\u00e9 de Perpignan, France<\/li>\n<li><strong>H\u00e9dy Attouch<\/strong>, Universit\u00e9 de Montpellier, France<\/li>\n<li><strong>Didier Aussel<\/strong>, Universit\u00e9 de Perpignan, France<\/li>\n<li><strong>Jean-Bernard Baillon<\/strong>, Universit\u00e9 Paris 1, France<\/li>\n<li><strong>A\u00efcha Balhag<\/strong>, Universit\u00e9 de Bourgogne, France<\/li>\n<li><strong>Terence Bayen<\/strong>, Universit\u00e9 d&#8217;Avignon, France<\/li>\n<li><strong>J\u00e9r\u00f4me Bolte<\/strong>, Universit\u00e9 de Toulouse Capitole, France<\/li>\n<li><strong>Guy Bouchitt\u00e9<\/strong>, Universit\u00e9 de Toulon, France<\/li>\n<li><strong>Mario Bravo<\/strong>, Universidad Adolfo Iba\u00f1ez, Chile<\/li>\n<li><strong>Luis Brice\u00f1o<\/strong>, Universidad Tecnica Federico Santa Maria, Chile<\/li>\n<li><strong>Pierre Carpentier<\/strong>, ENSTA, Paris, France<\/li>\n<li><strong>Antonin Chambolle<\/strong>, Universit\u00e9 Paris-Dauphine, France<\/li>\n<li><strong>Thierry Champion<\/strong>, Universit\u00e9 de Toulon, France<\/li>\n<li><strong>Patrick Combettes,<\/strong> North Carolina State Univ., USA<\/li>\n<li><strong>Juan Pablo Contreras<\/strong>, Universidad Adolfo Iba\u00f1ez, Chile<\/li>\n<li><strong>Andres Contreras Tavarez<\/strong>, INRIA SACLAY, France<\/li>\n<li><strong>Bernard Cornet<\/strong>, Universit\u00e9 Paris 1, France<\/li>\n<li><strong>Jos\u00e9 Correa<\/strong>, Universidad de Chile, Chile<\/li>\n<li><strong>Rafael Correa<\/strong>, Universidad O&#8217;Higgins, Rancagua, Chile<\/li>\n<li><strong>Jean-Pierre Crouzeix<\/strong>, Universit\u00e9 Clermont Auvergne, France<\/li>\n<li><strong>Daniel Delahaye<\/strong>, French Civil Aviation University, Toulouse, France<\/li>\n<li><strong>Ivar Ekeland<\/strong>, University of British Columbia, Canada<\/li>\n<li><strong>Pedro Gajardo<\/strong>, Universidad Federico Santa Maria, Valpara\u00edso, Chile<\/li>\n<li><strong>Yboon Garcia<\/strong>, Universidad del Pacifico, Lima, Peru<\/li>\n<li><strong>Juan Garrido<\/strong>, Universidad de Chile, Chile<\/li>\n<li><strong>Guillaume Garrigos<\/strong>, Universit\u00e9 de Paris, France<\/li>\n<li><strong>St\u00e9phane Gaubert<\/strong>, INRIA, France<\/li>\n<li><strong>Sorin-Mihai Grad<\/strong>, ENSTA, France<\/li>\n<li><strong>Crist\u00f3bal Guzm\u00e1n<\/strong>, University of Twente, Netherlands; PUC, Chile<\/li>\n<li><strong>Abderrahim Hantoute<\/strong>, Universidad Alicante, Spain<\/li>\n<li><strong>Cristopher Hermosilla<\/strong>, Universidad T\u00e9cnica Federico Santa Maria, Valpara\u00edso, Chile<\/li>\n<li><strong>Jean Baptiste Hiriart-Urruty<\/strong>, IMT Toulouse, France<\/li>\n<li><strong>Benjamin Ivorra<\/strong>, Universidad Complutense de Madrid, Spain<\/li>\n<li><strong>Abderrahim Jourani<\/strong>, Universit\u00e9 de Bourgogne, France<\/li>\n<li><strong>Daniel Lasluisa<\/strong>, Universit\u00e9 de Perpignan and Universidad de Chile &#8211; CMM, Chile<\/li>\n<li><strong>Marc Lassonde<\/strong>, Universit\u00e9 Clermont Auvergne, France<\/li>\n<li><strong>Matthieu Mar\u00e9chal<\/strong>, Universidad Diego Portales, Chile<\/li>\n<li><strong>Pierre Mar\u00e9chal<\/strong>, Universit\u00e9 Paul Sabatier, Toulouse, France<\/li>\n<li><strong>Juan Jose Maulen<\/strong>, Universidad de Chile\/University of Groningen, Netherlands<\/li>\n<li><strong>Rodrigo Maulen<\/strong>, ENSICAEN, France<\/li>\n<li><strong>Emilio Molina<\/strong>, Universidad de Chile, Sorbonne Universit\u00e9<\/li>\n<li><strong>Florent Nacry<\/strong>, Universit\u00e9 de Perpignan, France<\/li>\n<li><strong>Laila Nayel Alsharief,<\/strong> Universit\u00e9 de Bourgogne, France<\/li>\n<li><strong>Bruno Nazaret<\/strong>, Universit\u00e9 Paris 1, France<\/li>\n<li><strong>Nadia Oudjane, <\/strong>EdF R&amp;D, France<\/li>\n<li><strong>Edouard Pauwels<\/strong>, Universit\u00e9 P. Sabatier, Toulouse, France<\/li>\n<li><strong>Jean-Paul Penot<\/strong>, Universit\u00e9 P. M. Curie, Paris, France<\/li>\n<li><strong>Juan Peypouquet<\/strong>, University of Groningen, Netherlands<\/li>\n<li><strong>Dana Pizarro<\/strong>, Toulouse School of Economics, France<\/li>\n<li><strong>H\u00e9ctor Ram\u00edrez<\/strong>, Universidad de Chile &#8211; CMM, Chile<\/li>\n<li><strong>Carlos Riveros<\/strong>, USACH, Chile<\/li>\n<li><strong>Claudia Sagastizabal<\/strong>, University of Campinas, Brazil<\/li>\n<li><strong>Domenico Scopelliti<\/strong>, University o Brescia, Italy<\/li>\n<li><strong>Francisco Silva<\/strong>, Universit\u00e9 de Limoges, France<\/li>\n<li><strong>David Sossa<\/strong>,\u00a0 Universidad O&#8217;Higgins, Rancagua, Chile<\/li>\n<li><strong>Anton Svensson<\/strong>, Universidad O&#8217;Higgins, Rancagua, Chile<\/li>\n<li><strong>Michel Th\u00e9ra<\/strong>, Universit\u00e9 de Limoges, France<\/li>\n<li><strong>Lionel Thibault<\/strong>, Universit\u00e9 de Montpellier, France<\/li>\n<li><strong>Fernanda Urrea<\/strong>, Universidad T\u00e9cnica Federico Santa Maria, Valpara\u00edso, Chile<\/li>\n<li><strong>Wim van Ackoij<\/strong>, EdF R&amp;D, France<\/li>\n<li><strong>V\u00edctor Verdugo<\/strong>, Universidad O&#8217;Higgins, Rancagua, Chile<\/li>\n<li><strong>Emilio Vilches<\/strong>, Universidad O&#8217;Higgins, Rancagua, Chile<\/li>\n<li><strong>Piero Visconti<\/strong>, INSA Rouen, France<\/li>\n<li><strong>Hasnaa Zidani<\/strong>, INSA Rouen, France<\/li>\n<\/ul>\n<div class=\"su-divider su-divider-style-default\" style=\"margin:15px 0;border-width:3px;border-color:#2C2C84\"><a href=\"#\" style=\"color:#999999\">Go to top<\/a><\/div>\n","protected":false},"excerpt":{"rendered":"<p>&nbsp; Marianne Akian, Inria and CMAP, \u00c9cole polytechnique CNRS, IP Paris, France Jorge Amaya,\u00a0 Universidad de Chile, Chile Adj\u00e9 Assal\u00e9 , Universit\u00e9 de Perpignan, France H\u00e9dy Attouch, Universit\u00e9 de Montpellier, France Didier Aussel, Universit\u00e9 de Perpignan, France Jean-Bernard Baillon, Universit\u00e9 Paris 1, France A\u00efcha Balhag, Universit\u00e9 de Bourgogne, France Terence Bayen, Universit\u00e9 d&#8217;Avignon, France J\u00e9r\u00f4me &hellip; <a href=\"https:\/\/eventos.cmm.uchile.cl\/jfco2022\/speakers\/\" class=\"more-link\">Continue reading <span class=\"screen-reader-text\">Confirmed participants<\/span> <span class=\"meta-nav\">&rarr;<\/span><\/a><\/p>\n","protected":false},"author":3,"featured_media":0,"parent":0,"menu_order":2,"comment_status":"closed","ping_status":"closed","template":"","meta":{"inline_featured_image":false,"footnotes":""},"class_list":["post-102","page","type-page","status-publish","hentry"],"_links":{"self":[{"href":"https:\/\/eventos.cmm.uchile.cl\/jfco2022\/wp-json\/wp\/v2\/pages\/102","targetHints":{"allow":["GET"]}}],"collection":[{"href":"https:\/\/eventos.cmm.uchile.cl\/jfco2022\/wp-json\/wp\/v2\/pages"}],"about":[{"href":"https:\/\/eventos.cmm.uchile.cl\/jfco2022\/wp-json\/wp\/v2\/types\/page"}],"author":[{"embeddable":true,"href":"https:\/\/eventos.cmm.uchile.cl\/jfco2022\/wp-json\/wp\/v2\/users\/3"}],"replies":[{"embeddable":true,"href":"https:\/\/eventos.cmm.uchile.cl\/jfco2022\/wp-json\/wp\/v2\/comments?post=102"}],"version-history":[{"count":179,"href":"https:\/\/eventos.cmm.uchile.cl\/jfco2022\/wp-json\/wp\/v2\/pages\/102\/revisions"}],"predecessor-version":[{"id":763,"href":"https:\/\/eventos.cmm.uchile.cl\/jfco2022\/wp-json\/wp\/v2\/pages\/102\/revisions\/763"}],"wp:attachment":[{"href":"https:\/\/eventos.cmm.uchile.cl\/jfco2022\/wp-json\/wp\/v2\/media?parent=102"}],"curies":[{"name":"wp","href":"https:\/\/api.w.org\/{rel}","templated":true}]}}