{"id":15,"date":"2018-11-12T17:13:56","date_gmt":"2018-11-12T20:13:56","guid":{"rendered":"http:\/\/eventos.cmm.uchile.cl\/kra2024\/?page_id=15"},"modified":"2024-06-06T12:09:47","modified_gmt":"2024-06-06T16:09:47","slug":"about","status":"publish","type":"page","link":"https:\/\/eventos.cmm.uchile.cl\/kra2024\/about\/","title":{"rendered":"About Bryna Kra"},"content":{"rendered":"<p><strong><img loading=\"lazy\" decoding=\"async\" class=\"alignleft size-full wp-image-508\" src=\"https:\/\/eventos.cmm.uchile.cl\/kra2024\/wp-content\/uploads\/sites\/191\/2022\/11\/bryna_kra_01.jpg\" alt=\"\" width=\"300\" height=\"300\" srcset=\"https:\/\/eventos.cmm.uchile.cl\/kra2024\/wp-content\/uploads\/sites\/191\/2022\/11\/bryna_kra_01.jpg 300w, https:\/\/eventos.cmm.uchile.cl\/kra2024\/wp-content\/uploads\/sites\/191\/2022\/11\/bryna_kra_01-150x150.jpg 150w\" sizes=\"auto, (max-width: 300px) 100vw, 300px\" \/>Bryna Kra<\/strong> is an American mathematician and Sarah Rebecca Roland Professor at Northwestern University who is on the board of trustees of the American Mathematical Society and was elected the president of <strong>American Mathematical Society (AMS)<\/strong>\u00a0in 2021.<\/p>\n<p>As a member of <strong>American Academy of Arts and Sciences<\/strong> and <strong>National Academy of Sciences<\/strong>, Kra has made significant contributions to the structure theory of characteristic factors for multiple ergodic averages. Her academic work centered on <strong>dynamical systems and ergodic theory<\/strong>, and uses dynamical methods to address problems in number theory and combinatorics.<\/p>\n<p>Prof. Kra serves as a member of the International Scientific Board of the<strong> <a href=\"https:\/\/www.cmm.uchile.cl\" target=\"_blank\" rel=\"noopener\">Center for Mathematical Modeling (CMM)<\/a> <\/strong>of the University of Chile.<\/p>\n<div class=\"su-button-center\"><a href=\"http:\/\/eventos.cmm.uchile.cl\/ipmas2019\" class=\"su-button su-button-style-flat\" style=\"color:#FFFFFF;background-color:#0057b8;border-color:#004694;border-radius:7px\" target=\"_blank\" rel=\"noopener noreferrer\"><span style=\"color:#FFFFFF;padding:7px 20px;font-size:16px;line-height:24px;border-color:#4d8ace;border-radius:7px;text-shadow:none\"><i class=\"sui sui-globe-w\" style=\"font-size:16px;color:#FFFFFF\"><\/i>  Personal website<\/span><\/a><\/div>\n<p>&nbsp;<\/p>\n<hr \/>\n<p><strong>Bryna Kra<\/strong> es una matem\u00e1tica estadounidense y catedr\u00e1tica Sarah Rebecca Roland de la Universidad Northwestern que forma parte del consejo de administraci\u00f3n de la <strong>Sociedad Estadounidense de Matem\u00e1ticas (AMS \u2013 American Mathematical Society)<\/strong>\u00a0y fue elegida presidenta de la misma en 2021.<\/p>\n<p>Como miembro de la <strong>Academia Estadounidense de las Artes y las Ciencias<\/strong> y de la <strong>Academia Nacional de Ciencias<\/strong> de Estados Unidos, Kra ha realizado importantes contribuciones a la teor\u00eda de la estructura de los factores caracter\u00edsticos de las medias erg\u00f3dicas m\u00faltiples. Su trabajo acad\u00e9mico se centra en <strong>los sistemas din\u00e1micos y la teor\u00eda erg\u00f3dica<\/strong>, y utiliza m\u00e9todos din\u00e1micos para abordar problemas en teor\u00eda de n\u00fameros y combinatoria.<\/p>\n<p>En la actualidad, la profesora Kra es tambi\u00e9n integrante del Comit\u00e9 Cient\u00edfico Internacional del <a href=\"https:\/\/www.cmm.uchile.cl\" target=\"_blank\" rel=\"noopener\"><strong>Centro de Modelamiento Matem\u00e1tico (CMM)<\/strong><\/a> de la Universidad de Chile.<\/p>\n<p>&nbsp;<\/p>\n<div class=\"su-button-center\"><a href=\"http:\/\/eventos.cmm.uchile.cl\/ipmas2019\" class=\"su-button su-button-style-flat\" style=\"color:#FFFFFF;background-color:#0057b8;border-color:#004694;border-radius:7px\" target=\"_blank\" rel=\"noopener noreferrer\"><span style=\"color:#FFFFFF;padding:7px 20px;font-size:16px;line-height:24px;border-color:#4d8ace;border-radius:7px;text-shadow:none\"><i class=\"sui sui-globe-w\" style=\"font-size:16px;color:#FFFFFF\"><\/i>  Sitio web personal<\/span><\/a><\/div>\n","protected":false},"excerpt":{"rendered":"<p>Bryna Kra is an American mathematician and Sarah Rebecca Roland Professor at Northwestern University who is on the board of trustees of the American Mathematical Society and was elected the president of American Mathematical Society (AMS)\u00a0in 2021. As a member of American Academy of Arts and Sciences and National Academy of Sciences, Kra has made &hellip; <a href=\"https:\/\/eventos.cmm.uchile.cl\/kra2024\/about\/\" class=\"more-link\">Continue reading <span class=\"screen-reader-text\">About Bryna Kra<\/span> <span class=\"meta-nav\">&rarr;<\/span><\/a><\/p>\n","protected":false},"author":2,"featured_media":0,"parent":0,"menu_order":1,"comment_status":"closed","ping_status":"closed","template":"","meta":{"inline_featured_image":false,"footnotes":""},"class_list":["post-15","page","type-page","status-publish","hentry"],"_links":{"self":[{"href":"https:\/\/eventos.cmm.uchile.cl\/kra2024\/wp-json\/wp\/v2\/pages\/15","targetHints":{"allow":["GET"]}}],"collection":[{"href":"https:\/\/eventos.cmm.uchile.cl\/kra2024\/wp-json\/wp\/v2\/pages"}],"about":[{"href":"https:\/\/eventos.cmm.uchile.cl\/kra2024\/wp-json\/wp\/v2\/types\/page"}],"author":[{"embeddable":true,"href":"https:\/\/eventos.cmm.uchile.cl\/kra2024\/wp-json\/wp\/v2\/users\/2"}],"replies":[{"embeddable":true,"href":"https:\/\/eventos.cmm.uchile.cl\/kra2024\/wp-json\/wp\/v2\/comments?post=15"}],"version-history":[{"count":37,"href":"https:\/\/eventos.cmm.uchile.cl\/kra2024\/wp-json\/wp\/v2\/pages\/15\/revisions"}],"predecessor-version":[{"id":544,"href":"https:\/\/eventos.cmm.uchile.cl\/kra2024\/wp-json\/wp\/v2\/pages\/15\/revisions\/544"}],"wp:attachment":[{"href":"https:\/\/eventos.cmm.uchile.cl\/kra2024\/wp-json\/wp\/v2\/media?parent=15"}],"curies":[{"name":"wp","href":"https:\/\/api.w.org\/{rel}","templated":true}]}}