{"id":12,"date":"2020-01-27T15:10:36","date_gmt":"2020-01-27T18:10:36","guid":{"rendered":"http:\/\/eventos.cmm.uchile.cl\/lawcg2020\/?page_id=12"},"modified":"2020-01-30T18:18:18","modified_gmt":"2020-01-30T21:18:18","slug":"speakers","status":"publish","type":"page","link":"https:\/\/eventos.cmm.uchile.cl\/lawcg2020\/speakers\/","title":{"rendered":"Invited Speakers"},"content":{"rendered":"<p align=\"justify\"><img loading=\"lazy\" decoding=\"async\" class=\"alignnone wp-image-39\" src=\"http:\/\/eventos.cmm.uchile.cl\/lawcg2020\/wp-content\/uploads\/sites\/88\/2020\/01\/carlos-300x244.jpg\" alt=\"\" width=\"198\" height=\"161\" srcset=\"https:\/\/eventos.cmm.uchile.cl\/lawcg2020\/wp-content\/uploads\/sites\/88\/2020\/01\/carlos-300x244.jpg 300w, https:\/\/eventos.cmm.uchile.cl\/lawcg2020\/wp-content\/uploads\/sites\/88\/2020\/01\/carlos-1024x832.jpg 1024w, https:\/\/eventos.cmm.uchile.cl\/lawcg2020\/wp-content\/uploads\/sites\/88\/2020\/01\/carlos-768x624.jpg 768w, https:\/\/eventos.cmm.uchile.cl\/lawcg2020\/wp-content\/uploads\/sites\/88\/2020\/01\/carlos-1536x1248.jpg 1536w, https:\/\/eventos.cmm.uchile.cl\/lawcg2020\/wp-content\/uploads\/sites\/88\/2020\/01\/carlos-2048x1665.jpg 2048w\" sizes=\"auto, (max-width: 198px) 100vw, 198px\" \/><\/p>\n<p align=\"justify\">Carlos Hoppen, U. Federal do Rio Grande do Sul, Brazil<\/p>\n<p align=\"justify\"><img loading=\"lazy\" decoding=\"async\" class=\"alignnone wp-image-38\" src=\"http:\/\/eventos.cmm.uchile.cl\/lawcg2020\/wp-content\/uploads\/sites\/88\/2020\/01\/celina-300x300.jpg\" alt=\"\" width=\"187\" height=\"187\" srcset=\"https:\/\/eventos.cmm.uchile.cl\/lawcg2020\/wp-content\/uploads\/sites\/88\/2020\/01\/celina.jpg 300w, https:\/\/eventos.cmm.uchile.cl\/lawcg2020\/wp-content\/uploads\/sites\/88\/2020\/01\/celina-150x150.jpg 150w\" sizes=\"auto, (max-width: 187px) 100vw, 187px\" \/><\/p>\n<p align=\"justify\">Celina de Figueiredo, U. Federal do Rio de Janeiro, Brazil<\/p>\n<p align=\"justify\"><img loading=\"lazy\" decoding=\"async\" class=\"alignnone wp-image-42\" src=\"http:\/\/eventos.cmm.uchile.cl\/lawcg2020\/wp-content\/uploads\/sites\/88\/2020\/01\/gelasio.jpeg\" alt=\"\" width=\"177\" height=\"212\" \/><\/p>\n<p align=\"justify\">Gelasio Salazar, U. Aut\u00f3noma de San Luis Potos\u00ed, Mexico<\/p>\n<p align=\"justify\"><img loading=\"lazy\" decoding=\"async\" class=\"alignnone wp-image-41\" src=\"http:\/\/eventos.cmm.uchile.cl\/lawcg2020\/wp-content\/uploads\/sites\/88\/2020\/01\/hiep.jpeg\" alt=\"\" width=\"165\" height=\"208\" \/><\/p>\n<p align=\"justify\">Hi\u00eap H\u00e0n, U. of Santiago, Chile<\/p>\n<p align=\"justify\"><img loading=\"lazy\" decoding=\"async\" class=\"alignnone wp-image-40\" src=\"http:\/\/eventos.cmm.uchile.cl\/lawcg2020\/wp-content\/uploads\/sites\/88\/2020\/01\/penny.jpg\" alt=\"\" width=\"225\" height=\"150\" \/><\/p>\n<p align=\"justify\">Penny Haxell, U. of Waterloo, Canada<\/p>\n<p>&nbsp;<\/p>\n","protected":false},"excerpt":{"rendered":"<p>Carlos Hoppen, U. Federal do Rio Grande do Sul, Brazil Celina de Figueiredo, U. Federal do Rio de Janeiro, Brazil Gelasio Salazar, U. Aut\u00f3noma de San Luis Potos\u00ed, Mexico Hi\u00eap H\u00e0n, U. of Santiago, Chile Penny Haxell, U. of Waterloo, Canada &nbsp;<\/p>\n","protected":false},"author":2,"featured_media":0,"parent":0,"menu_order":1,"comment_status":"closed","ping_status":"closed","template":"","meta":{"inline_featured_image":false,"footnotes":""},"class_list":["post-12","page","type-page","status-publish","hentry"],"_links":{"self":[{"href":"https:\/\/eventos.cmm.uchile.cl\/lawcg2020\/wp-json\/wp\/v2\/pages\/12","targetHints":{"allow":["GET"]}}],"collection":[{"href":"https:\/\/eventos.cmm.uchile.cl\/lawcg2020\/wp-json\/wp\/v2\/pages"}],"about":[{"href":"https:\/\/eventos.cmm.uchile.cl\/lawcg2020\/wp-json\/wp\/v2\/types\/page"}],"author":[{"embeddable":true,"href":"https:\/\/eventos.cmm.uchile.cl\/lawcg2020\/wp-json\/wp\/v2\/users\/2"}],"replies":[{"embeddable":true,"href":"https:\/\/eventos.cmm.uchile.cl\/lawcg2020\/wp-json\/wp\/v2\/comments?post=12"}],"version-history":[{"count":12,"href":"https:\/\/eventos.cmm.uchile.cl\/lawcg2020\/wp-json\/wp\/v2\/pages\/12\/revisions"}],"predecessor-version":[{"id":71,"href":"https:\/\/eventos.cmm.uchile.cl\/lawcg2020\/wp-json\/wp\/v2\/pages\/12\/revisions\/71"}],"wp:attachment":[{"href":"https:\/\/eventos.cmm.uchile.cl\/lawcg2020\/wp-json\/wp\/v2\/media?parent=12"}],"curies":[{"name":"wp","href":"https:\/\/api.w.org\/{rel}","templated":true}]}}