{"id":27,"date":"2018-11-15T17:50:15","date_gmt":"2018-11-15T20:50:15","guid":{"rendered":"http:\/\/eventos.cmm.uchile.cl\/matpostsec2018\/?page_id=27"},"modified":"2018-11-15T17:54:08","modified_gmt":"2018-11-15T20:54:08","slug":"lugar","status":"publish","type":"page","link":"https:\/\/eventos.cmm.uchile.cl\/matpostsec2018\/lugar\/","title":{"rendered":"Lugar"},"content":{"rendered":"<p>El\u00a0seminario\u00a0<strong>La Ense\u00f1anza de la Matem\u00e1tica Postsecundaria<\/strong>, se llevar\u00e1 a cabo en el edificio de Geolog\u00eda de la\u00a0<a href=\"http:\/\/ingenieria.uchile.cl\/\" target=\"_blank\" rel=\"noopener\">Facultad de Ciencias F\u00edsicas y Matem\u00e1ticas<\/a>\u00a0de la Universidad de Chile.<\/p>\n<p><img loading=\"lazy\" decoding=\"async\" class=\"alignnone size-full wp-image-29\" src=\"http:\/\/eventos.cmm.uchile.cl\/matpostsec2018\/wp-content\/uploads\/sites\/71\/2018\/11\/uchile_geologia_venue01.jpg\" alt=\"\" width=\"604\" height=\"278\" srcset=\"https:\/\/eventos.cmm.uchile.cl\/matpostsec2018\/wp-content\/uploads\/sites\/71\/2018\/11\/uchile_geologia_venue01.jpg 604w, https:\/\/eventos.cmm.uchile.cl\/matpostsec2018\/wp-content\/uploads\/sites\/71\/2018\/11\/uchile_geologia_venue01-300x138.jpg 300w\" sizes=\"auto, (max-width: 604px) 100vw, 604px\" \/><br \/>\n<b><\/b><strong>Sala G 302, Edificio de Geolog\u00eda<\/strong><br \/>\nFacultad de Ciencias F\u00edsicas y Matem\u00e1ticas<br \/>\nUniversidad de Chile<br \/>\nPlaza Ercilla 803, Santiago<\/p>\n<p>\n<!-- iframe plugin v.6.0 wordpress.org\/plugins\/iframe\/ -->\n<iframe loading=\"lazy\" src=\"https:\/\/www.google.com\/maps\/d\/embed?mid=1Xp8VKnoNvhJ31h3nKTdxK9JsZNeHot3P\" width=\"604\" 0=\"height=&quot;502&quot;frameborder=&quot;0&quot;\" marginwidth=\"0\" marginheight=\"0\" scrolling=\"no\" height=\"500\" class=\"iframe-class\" frameborder=\"0\"><\/iframe>\n<br \/>\n<small>Ver la\u00a0<a href=\"https:\/\/drive.google.com\/open?id=1Xp8VKnoNvhJ31h3nKTdxK9JsZNeHot3P&amp;usp=sharing\" target=\"_blank\" rel=\"noopener noreferrer\">ubicaci\u00f3n<\/a>\u00a0en un mapa m\u00e1s amplio<\/small><\/p>\n<p style=\"text-align: justify\">Las estaciones de Metro m\u00e1s cercanas son <em>Toesca<\/em> y <em>Parque O\u2019Higgins<\/em>, ambas en l\u00ednea 2.<\/p>\n<p style=\"text-align: center\"><div class=\"su-button-center\"><a href=\"http:\/\/static.cmm.uchile.cl\/descargas\/venue\/2017-plano-metro-red.pdf\" class=\"su-button su-button-style-flat\" style=\"color:#FFFFFF;background-color:#087F47;border-color:#076639;border-radius:7px\" target=\"__blank\" title=\"download map\"><span style=\"color:#FFFFFF;padding:7px 20px;font-size:16px;line-height:24px;border-color:#53a67f;border-radius:7px;text-shadow:none\"><i class=\"sui sui-file-pdf-o\" style=\"font-size:16px;color:#FFFFFF\"><\/i> Mapa de red Metro de Santiago<\/span><\/a><\/div><\/p>\n<p><img decoding=\"async\" class=\"aligncenter\" src=\"http:\/\/www.sistemasdeingenieria.cl\/SeminarioBAFI\/Beauchef851.jpeg\" alt=\"\" width=\"604\" \/><\/p>\n","protected":false},"excerpt":{"rendered":"<p>El\u00a0seminario\u00a0La Ense\u00f1anza de la Matem\u00e1tica Postsecundaria, se llevar\u00e1 a cabo en el edificio de Geolog\u00eda de la\u00a0Facultad de Ciencias F\u00edsicas y Matem\u00e1ticas\u00a0de la Universidad de Chile. Sala G 302, Edificio de Geolog\u00eda Facultad de Ciencias F\u00edsicas y Matem\u00e1ticas Universidad de Chile Plaza Ercilla 803, Santiago Ver la\u00a0ubicaci\u00f3n\u00a0en un mapa m\u00e1s amplio Las estaciones de Metro &hellip; <a href=\"https:\/\/eventos.cmm.uchile.cl\/matpostsec2018\/lugar\/\" class=\"more-link\">Contin\u00fae leyendo <span class=\"screen-reader-text\">Lugar<\/span> <span class=\"meta-nav\">&rarr;<\/span><\/a><\/p>\n","protected":false},"author":2,"featured_media":0,"parent":0,"menu_order":9,"comment_status":"closed","ping_status":"closed","template":"","meta":{"inline_featured_image":false,"footnotes":""},"class_list":["post-27","page","type-page","status-publish","hentry"],"_links":{"self":[{"href":"https:\/\/eventos.cmm.uchile.cl\/matpostsec2018\/wp-json\/wp\/v2\/pages\/27","targetHints":{"allow":["GET"]}}],"collection":[{"href":"https:\/\/eventos.cmm.uchile.cl\/matpostsec2018\/wp-json\/wp\/v2\/pages"}],"about":[{"href":"https:\/\/eventos.cmm.uchile.cl\/matpostsec2018\/wp-json\/wp\/v2\/types\/page"}],"author":[{"embeddable":true,"href":"https:\/\/eventos.cmm.uchile.cl\/matpostsec2018\/wp-json\/wp\/v2\/users\/2"}],"replies":[{"embeddable":true,"href":"https:\/\/eventos.cmm.uchile.cl\/matpostsec2018\/wp-json\/wp\/v2\/comments?post=27"}],"version-history":[{"count":7,"href":"https:\/\/eventos.cmm.uchile.cl\/matpostsec2018\/wp-json\/wp\/v2\/pages\/27\/revisions"}],"predecessor-version":[{"id":36,"href":"https:\/\/eventos.cmm.uchile.cl\/matpostsec2018\/wp-json\/wp\/v2\/pages\/27\/revisions\/36"}],"wp:attachment":[{"href":"https:\/\/eventos.cmm.uchile.cl\/matpostsec2018\/wp-json\/wp\/v2\/media?parent=27"}],"curies":[{"name":"wp","href":"https:\/\/api.w.org\/{rel}","templated":true}]}}