{"id":11,"date":"2023-05-15T16:17:36","date_gmt":"2023-05-15T20:17:36","guid":{"rendered":"https:\/\/eventos.cmm.uchile.cl\/num2otmfg\/?page_id=11"},"modified":"2024-01-09T08:44:28","modified_gmt":"2024-01-09T11:44:28","slug":"speakers","status":"publish","type":"page","link":"https:\/\/eventos.cmm.uchile.cl\/num2otmfg\/speakers\/","title":{"rendered":"Participants"},"content":{"rendered":"<h3><strong>Lecturers<\/strong><\/h3>\n<ul>\n<li><a href=\"https:\/\/eventos.cmm.uchile.cl\/num2otmfg\/program\/#Cuturi\">Marco Cuturi<\/a>, <em>Apple ML Research, Paris, France.<\/em>\u00a0<a href=\"https:\/\/marcocuturi.net\/\">web site<\/a><\/li>\n<li><a href=\"https:\/\/eventos.cmm.uchile.cl\/num2otmfg\/program\/#Lauriere\">Mathieu Lauri\u00e8re<\/a>, <em>NYU Shanghai, China.<\/em> <a href=\"https:\/\/mlauriere.github.io\/#about\">web site<\/a><\/li>\n<li><a href=\"https:\/\/eventos.cmm.uchile.cl\/num2otmfg\/program\/#Trelat\">Emmanuel Tr\u00e9lat<\/a>, <em><em>Sorbonne Universit\u00e9, Paris, France.<\/em><\/em>\u00a0<a href=\"https:\/\/www.ljll.math.upmc.fr\/trelat\/\">web site<\/a><\/li>\n<\/ul>\n<h3><strong>Plenary Speakers<\/strong><\/h3>\n<ul>\n<li><a href=\"https:\/\/eventos.cmm.uchile.cl\/num2otmfg\/program\/#Benamou\">Jean-David Benamou<\/a>, <em>INRIA, Paris, France.<\/em>\u00a0<a href=\"https:\/\/who.rocq.inria.fr\/Jean-David.Benamou\/\">web site<\/a><\/li>\n<li><a href=\"https:\/\/eventos.cmm.uchile.cl\/num2otmfg\/program\/#Camilli\">Fabio Camilli<\/a>,<em> Universit\u00e0 La Sapienza, Roma, Italy.<\/em>\u00a0<a href=\"http:\/\/www.sbai.uniroma1.it\/~fabio.camilli\/\">web site<\/a><\/li>\n<li><a href=\"https:\/\/eventos.cmm.uchile.cl\/num2otmfg\/program\/#Esposito\">Antonio Esposito<\/a>, <em>University of Oxford, Oxford, UK.\u00a0<\/em><a href=\"https:\/\/sites.google.com\/view\/antonioespositomath\/home-page\">web site<\/a><\/li>\n<li><a href=\"https:\/\/eventos.cmm.uchile.cl\/num2otmfg\/program\/#Fontbona\">Joaqu\u00edn Fontbona<\/a>, <em>Universidad de Chile<\/em>, <em>Chile<\/em>. <a href=\"https:\/\/www.cmm.uchile.cl\/?cmm_people=joaquin-fontbona\">web site<\/a><\/li>\n<li><a href=\"https:\/\/eventos.cmm.uchile.cl\/num2otmfg\/program\/#Gomes\">Diogo Gomes<\/a>, <em>KAUST, Thuwal, Saudi Arabia.<\/em>\u00a0<a href=\"https:\/\/www.kaust.edu.sa\/en\/study\/faculty\/diogo-gomes\">web site<\/a><\/li>\n<li><a href=\"https:\/\/eventos.cmm.uchile.cl\/num2otmfg\/program\/#Kalise\">Dante Kalise<\/a>, <em>Imperial College, Londres, UK.<\/em>\u00a0<a href=\"https:\/\/www.dkalise.net\/\">web site<\/a><\/li>\n<li><a href=\"https:\/\/eventos.cmm.uchile.cl\/num2otmfg\/program\/#Nenna\">Luca Nenna<\/a>, <em>Universit\u00e9 Paris-Saclay, Paris, France.<\/em>\u00a0<a href=\"https:\/\/lucanenna.github.io\/\">web site<\/a><\/li>\n<li><a href=\"https:\/\/eventos.cmm.uchile.cl\/num2otmfg\/program\/#Wang\">Li Wang<\/a>, <em>University of Minnesota, Minneapolis, USA.<\/em> <a href=\"https:\/\/liwang-umn.github.io\/math\/\">web site<\/a><\/li>\n<li><a href=\"https:\/\/eventos.cmm.uchile.cl\/num2otmfg\/program\/#Wolfram\">Marie-Therese Wolfram<\/a>, <em>Warwick Mathematical Institute, Coventry, UK.\u00a0<\/em><a href=\"https:\/\/warwick.ac.uk\/fac\/sci\/maths\/people\/staff\/wolfram\/\">web site<\/a><\/li>\n<\/ul>\n<h3><strong>Participants<\/strong><\/h3>\n<ul>\n<li>Camila Bergasa, <em>Universidad de Chile, Chile.<\/em><\/li>\n<li>Jules Berry, <em>INSA Rennes, France.<\/em><\/li>\n<li>Luis Brice\u00f1o-Arias, <em>Universidad T\u00e9cnica Federico Santa Maria, Chile.<\/em><\/li>\n<li>Elisa Calzola, <em>University of Ferrara, Italy.<\/em><\/li>\n<li>Elisabetta Carlini, <em>Universit\u00e0 di Roma La Sapienza, Italy.<\/em><\/li>\n<li>Jose Carrillo de la Plata, <em>University of Oxford, UK.<\/em><\/li>\n<li>Jaime Cisternas, <em>Universidad de los Andes, Chile.<\/em><\/li>\n<li>Gonzalo Contador, <em>Universidad T\u00e9cnica Federico Santa Maria, Chile.<\/em><\/li>\n<li>Michel De Lara, <em>\u00c9cole des Ponts CERMICS, France<\/em>.<\/li>\n<li>Mat\u00edas Delgadino, <em>University of Texas Austin, USA.<\/em><\/li>\n<li>Mathias Dus, <em>\u00c9cole de Ponts ParisTech, France.<\/em><\/li>\n<li>Adriano Festa, <em>Polit\u00e9cnico di Torino, Italy.<\/em><\/li>\n<li>Pedro Gajardo, <em>Universidad T\u00e9cnica Federico Santa Maria, Chile.<\/em><\/li>\n<li>Juan Garrido, <em>Universidad de Chile, Chile.<\/em><\/li>\n<li>Theo Girard, <em>University of Tours, France.<\/em><\/li>\n<li>Mat\u00edas G\u00f3mez, <em>Imperial College, UK.<\/em><\/li>\n<li>Cristopher Hermosilla, <em>Universidad T\u00e9cnica Federico Santa Maria, Chile.<\/em><\/li>\n<li>Alex Imba, <em>Universidad T\u00e9cnica Federico Santa Maria, Chile.<\/em><\/li>\n<li>Rodrigue Lelotte, <em>CERMICS \u00c9cole de Ponts, France.<\/em><\/li>\n<li>Guillaume Mahey, <em>INSA Rouen Normandie, France.<\/em><\/li>\n<li>Mason Pearce, <em>Heriot-Watt University, UK.<\/em><\/li>\n<li>Mircea Petrache, <em>Pontificia Universidad Cat\u00f3lica, Chile.<\/em><\/li>\n<li>Diego Pinto, <em>Universidad T\u00e9cnica Federico Santa Maria, Chile.<\/em><\/li>\n<li>H\u00e9ctor Ram\u00edrez, <em>CMM-Universidad de Chile, Chile.<\/em><\/li>\n<li>Francisco Silva, <em>Universit\u00e9 de Limoges, France.<\/em><\/li>\n<li>Felipe Tobar, <em>Universidad de Chile, Chile.<\/em><\/li>\n<li>Ernesto Treum\u00fan, <em>Universidad T\u00e9cnica Federico Santa Maria, Chile.<\/em><\/li>\n<li>Fernanda Urrea, <em> INSA Rouen Normandie, France.<\/em><\/li>\n<li>Francisco Venegas, <em>Universidad de O&#8217;Higgins, Chile.\u00a0<\/em><\/li>\n<li>Emilio Vilches, <em>Universidad de O&#8217;Higgins, Chile.<\/em><\/li>\n<li>Crist\u00f3bal Vivar, <em>Universidad T\u00e9cnica Federico Santa Maria, Chile.<\/em><\/li>\n<li>Hasnaa Zidani, <em>INSA Rouen Normandie, France.<\/em><\/li>\n<\/ul>\n","protected":false},"excerpt":{"rendered":"<p>Lecturers Marco Cuturi, Apple ML Research, Paris, France.\u00a0web site Mathieu Lauri\u00e8re, NYU Shanghai, China. web site Emmanuel Tr\u00e9lat, Sorbonne Universit\u00e9, Paris, France.\u00a0web site Plenary Speakers Jean-David Benamou, INRIA, Paris, France.\u00a0web site Fabio Camilli, Universit\u00e0 La Sapienza, Roma, Italy.\u00a0web site Antonio Esposito, University of Oxford, Oxford, UK.\u00a0web site Joaqu\u00edn Fontbona, Universidad de Chile, Chile. web site &hellip; <a href=\"https:\/\/eventos.cmm.uchile.cl\/num2otmfg\/speakers\/\" class=\"more-link\">Continue reading <span class=\"screen-reader-text\">Participants<\/span> <span class=\"meta-nav\">&rarr;<\/span><\/a><\/p>\n","protected":false},"author":2,"featured_media":0,"parent":0,"menu_order":1,"comment_status":"closed","ping_status":"closed","template":"","meta":{"inline_featured_image":false,"footnotes":""},"class_list":["post-11","page","type-page","status-publish","hentry"],"_links":{"self":[{"href":"https:\/\/eventos.cmm.uchile.cl\/num2otmfg\/wp-json\/wp\/v2\/pages\/11","targetHints":{"allow":["GET"]}}],"collection":[{"href":"https:\/\/eventos.cmm.uchile.cl\/num2otmfg\/wp-json\/wp\/v2\/pages"}],"about":[{"href":"https:\/\/eventos.cmm.uchile.cl\/num2otmfg\/wp-json\/wp\/v2\/types\/page"}],"author":[{"embeddable":true,"href":"https:\/\/eventos.cmm.uchile.cl\/num2otmfg\/wp-json\/wp\/v2\/users\/2"}],"replies":[{"embeddable":true,"href":"https:\/\/eventos.cmm.uchile.cl\/num2otmfg\/wp-json\/wp\/v2\/comments?post=11"}],"version-history":[{"count":34,"href":"https:\/\/eventos.cmm.uchile.cl\/num2otmfg\/wp-json\/wp\/v2\/pages\/11\/revisions"}],"predecessor-version":[{"id":25,"href":"https:\/\/eventos.cmm.uchile.cl\/num2otmfg\/wp-json\/wp\/v2\/pages\/11\/revisions\/25"}],"wp:attachment":[{"href":"https:\/\/eventos.cmm.uchile.cl\/num2otmfg\/wp-json\/wp\/v2\/media?parent=11"}],"curies":[{"name":"wp","href":"https:\/\/api.w.org\/{rel}","templated":true}]}}