{"id":24,"date":"2019-12-23T09:24:47","date_gmt":"2019-12-23T12:24:47","guid":{"rendered":"http:\/\/eventos.cmm.uchile.cl\/optva2020\/?page_id=24"},"modified":"2020-01-19T23:46:39","modified_gmt":"2020-01-20T02:46:39","slug":"program","status":"publish","type":"page","link":"https:\/\/eventos.cmm.uchile.cl\/optva2020\/program\/","title":{"rendered":"Program"},"content":{"rendered":"<h4>(For a detailed program, click <a href=\"http:\/\/eventos.cmm.uchile.cl\/optva2020\/wp-content\/uploads\/sites\/85\/2020\/01\/programm-evento-optva2020.pdf\">here<\/a>)<\/h4>\n<h4>Monday 20<\/h4>\n<ul>\n<li>14:00&#8211;14:10: Openig session<\/li>\n<li>14:10&#8211;14:40: <em>Lipschitz modulus of linear and convex systems with the Hausdorff metric,<\/em> Marco L\u00f3pez<\/li>\n<li>14:40&#8211;15:10: <em>Sums of quasimonotone operators and sums of quasiconvex functions via \u201cquasimonotone family\u201d,<\/em> Fabi\u00e1n Flores-Baz\u00e1n<\/li>\n<li>15:10&#8211;15:40: <em>Multiobjective optimization with a twist ,<\/em> Claudia Sagastiz\u00e1bal<\/li>\n<li>Coffee break<\/li>\n<li>16:10&#8211;16:40: <em>Pathlogical dynamical systems,<\/em> Aris Daniilidis<\/li>\n<li>16:40&#8211;17:10: <em>Bi-metric regularity of affine optimal control<\/em>, Marc Quincampoix<\/li>\n<li>17:10&#8211;17:40: Optimality conditions in infinite programming free of qualification conditions, Rafael Correa<\/li>\n<\/ul>\n<h4>Tuesday 21<\/h4>\n<ul>\n<li>09:30&#8211;10:00: Simple bilevel optimization, Stephan Dempe<\/li>\n<li>10:00&#8211;10:30: <em>Variational and proximal analysis of neural networks,<\/em> Patrick L. Combettes<\/li>\n<li>Coffee break<\/li>\n<li>11:00&#8211;11:30: Closedness and calmness in optimization, Marc Lassonde<\/li>\n<li>11:30&#8211;12:00: Radner equilibrium and quasivariational inequalities, Didier Aussel<\/li>\n<\/ul>\n","protected":false},"excerpt":{"rendered":"<p>(For a detailed program, click here) Monday 20 14:00&#8211;14:10: Openig session 14:10&#8211;14:40: Lipschitz modulus of linear and convex systems with the Hausdorff metric, Marco L\u00f3pez 14:40&#8211;15:10: Sums of quasimonotone operators and sums of quasiconvex functions via \u201cquasimonotone family\u201d, Fabi\u00e1n Flores-Baz\u00e1n 15:10&#8211;15:40: Multiobjective optimization with a twist , Claudia Sagastiz\u00e1bal Coffee break 16:10&#8211;16:40: Pathlogical dynamical systems, &hellip; <a href=\"https:\/\/eventos.cmm.uchile.cl\/optva2020\/program\/\" class=\"more-link\">Continue reading <span class=\"screen-reader-text\">Program<\/span> <span class=\"meta-nav\">&rarr;<\/span><\/a><\/p>\n","protected":false},"author":2,"featured_media":0,"parent":0,"menu_order":2,"comment_status":"closed","ping_status":"closed","template":"","meta":{"inline_featured_image":false,"footnotes":""},"class_list":["post-24","page","type-page","status-publish","hentry"],"_links":{"self":[{"href":"https:\/\/eventos.cmm.uchile.cl\/optva2020\/wp-json\/wp\/v2\/pages\/24","targetHints":{"allow":["GET"]}}],"collection":[{"href":"https:\/\/eventos.cmm.uchile.cl\/optva2020\/wp-json\/wp\/v2\/pages"}],"about":[{"href":"https:\/\/eventos.cmm.uchile.cl\/optva2020\/wp-json\/wp\/v2\/types\/page"}],"author":[{"embeddable":true,"href":"https:\/\/eventos.cmm.uchile.cl\/optva2020\/wp-json\/wp\/v2\/users\/2"}],"replies":[{"embeddable":true,"href":"https:\/\/eventos.cmm.uchile.cl\/optva2020\/wp-json\/wp\/v2\/comments?post=24"}],"version-history":[{"count":21,"href":"https:\/\/eventos.cmm.uchile.cl\/optva2020\/wp-json\/wp\/v2\/pages\/24\/revisions"}],"predecessor-version":[{"id":86,"href":"https:\/\/eventos.cmm.uchile.cl\/optva2020\/wp-json\/wp\/v2\/pages\/24\/revisions\/86"}],"wp:attachment":[{"href":"https:\/\/eventos.cmm.uchile.cl\/optva2020\/wp-json\/wp\/v2\/media?parent=24"}],"curies":[{"name":"wp","href":"https:\/\/api.w.org\/{rel}","templated":true}]}}