{"id":11,"date":"2024-08-07T22:58:30","date_gmt":"2024-08-07T20:58:30","guid":{"rendered":"https:\/\/eventos.cmm.uchile.cl\/panda-2024\/?page_id=11"},"modified":"2025-12-04T16:25:46","modified_gmt":"2025-12-04T19:25:46","slug":"program","status":"publish","type":"page","link":"https:\/\/eventos.cmm.uchile.cl\/panda2025\/program\/","title":{"rendered":"Program"},"content":{"rendered":"<table style=\"border-collapse: collapse;text-align: center;width: 100%\" border=\"1\" cellspacing=\"0\" cellpadding=\"2\">\n<thead>\n<tr style=\"background-color: #ff6600;font-weight: bold\">\n<td style=\"text-align: center\"><strong>Hour<\/strong><\/td>\n<td style=\"text-align: center\">\u00a0<strong>Tuesday<\/strong><\/td>\n<\/tr>\n<\/thead>\n<tbody>\n<tr>\n<td style=\"text-align: center\">9:00-9:45<\/td>\n<td style=\"text-align: center\"><span data-huuid=\"11614651369278612229\">Rafael Granero<\/span><\/td>\n<\/tr>\n<tr style=\"background-color: #ff6600;font-weight: bold\">\n<td style=\"text-align: center\" colspan=\"5\"><strong>Coffee Break<\/strong><\/td>\n<\/tr>\n<tr>\n<td style=\"text-align: center\">10:15-11:00<\/td>\n<td style=\"text-align: center\"><span data-huuid=\"11614651369278612229\">Raimund B\u00fcrger<\/span><\/td>\n<\/tr>\n<tr>\n<td style=\"text-align: center\">11:05-13:00<\/td>\n<td style=\"text-align: center\"> Conexi\u00f3n &#8211; 2025 Ramanujan Prize Ceremony<\/td>\n<\/tr>\n<tr style=\"background-color: #ff6600;font-weight: bold\">\n<td style=\"text-align: center\" colspan=\"5\"><strong>Lunch<\/strong><\/td>\n<\/tr>\n<tr>\n<td style=\"text-align: center\">14:30-15:15<\/td>\n<td style=\"text-align: center\">Andr\u00e9 de Laire<\/td>\n<\/tr>\n<tr>\n<tr style=\"background-color: #ff6600;font-weight: bold\">\n<td style=\"text-align: center\" colspan=\"5\"><strong>Coffee Break<\/strong><\/td>\n<\/tr>\n<tr>\n<td style=\"text-align: center\">15:45-16:30<\/td>\n<td style=\"text-align: center\"> Jessica Trespalacios<\/td>\n<\/tr>\n<tr>\n<td style=\"text-align: center\">16:45-17:30<\/td>\n<td style=\"text-align: center\">Sebasti\u00e1n Tapia<\/td>\n<\/tr>\n<\/tbody>\n<\/table>\n<p>&nbsp;<\/p>\n<h3 style=\"text-align: left\"><a href=\"https:\/\/personales.unican.es\/graneror\/\"><strong>9:00 &#8211; Rafael Granero-Belinch\u00f3n<\/a> (U. Cantabria)<\/strong><\/h3>\n<h4 style=\"text-align: left\"><strong> On some PDE modelling nonlinear waves<\/strong><\/h4>\n<p><strong><\/p>\n<p class=\"p1\"> In this talk we will present some new PDEs modelling nonlinear waves. These models take the form of nonlinear and nonlocal differential equations. Furthermore, we will also present some mathematical results for these equations.<\/span><\/p>\n<p>&nbsp;<br \/>\n<div class=\"su-divider su-divider-style-default\" style=\"margin:15px 0;border-width:2px;border-color:#e63312\"><a href=\"#\" style=\"color:#999999\">Go to top<\/a><\/div>\n<h3 style=\"text-align: left\"><strong>9:45 &#8211; Caf\u00e9<\/strong><\/h3>\n<p>&nbsp;<br \/>\n<div class=\"su-divider su-divider-style-default\" style=\"margin:15px 0;border-width:2px;border-color:#e63312\"><a href=\"#\" style=\"color:#999999\">Go to top<\/a><\/div>\n<h3 style=\"text-align: left\"><a href=\"https:\/\/www.ing-mat.udec.cl\/~rburger\/\"><strong>10:15 &#8211; Raimund B\u00fcrger<\/a> (U. de Concepci\u00f3n)<\/strong><\/h3>\n<h4 style=\"text-align: left\"><strong> A multilayer shallow water model for tsunamis and coastal forest<br \/>\ninteraction<\/strong><\/h4>\n<p><strong><\/p>\n<p class=\"p1\"> Models and numerical methods of the impact of tsunamis on coastal forests are of vital importance for exploring the potential of coastal vegetation as a means of mitigation. Such a model is formulated as a multilayer shallow water system based on a free-surface formulation of the Euler equations for an ideal fluid. Specifically, the Euler equations are approximated by a layer averaged non-hydrostatic (LDNH) approach involving linear pressures and piecewise constant velocities. Furthermore, based on [Iimura and Tanaka, Ocean Eng. 54 (2012) 223\u2013232] drag forces, inertia forces, and porosity are added to model the interaction with the forest. These ingredients are specified in a layer-wise manner. Thus, the vertical features of the forest are described with higher accuracy than within a single-layer approach. Projection methods for the non-hydrostatic pressure in conjunction with polynomial viscosity matrix finite volume methods [Castro and Fern\u00e1ndez-Nieto, SIAM J. Sci. Comput. 34 (2012) A2173\u2013A2196] are employed for the numerical solution of the multilayer model, that is for the propagation of tsunamis and coastal flooding. Experimental observations and field data are used to validate the model. In general good agreement is obtained. Work in progress addresses the extension of the model and its numerical approximation to two horizontal space dimensions.<\/p>\n<p>This presentation is based on joint research with Enrique Fern\u00e1ndez-Nieto (Universidad de Sevilla, Spain) and Jorge Moya (Universidad de Concepci\u00f3n).<\/span><\/p>\n<p>&nbsp;<br \/>\n<div class=\"su-divider su-divider-style-default\" style=\"margin:15px 0;border-width:2px;border-color:#e63312\"><a href=\"#\" style=\"color:#999999\">Go to top<\/a><\/div>\n<h3 style=\"text-align: left\"><strong>11:05 &#8211; Conexi\u00f3n &#8211; 2025 Ramanujan Prize Ceremony &#8211; <iframe loading=\"lazy\" title=\"2025 Ramanujan Prize Ceremony\" width=\"604\" height=\"340\" src=\"https:\/\/www.youtube.com\/embed\/IwAdCi6cf1w?list=PLoxv42WBtfCA5lI7xNItaLmsp2R5h3WLs\" frameborder=\"0\" allow=\"accelerometer; autoplay; clipboard-write; encrypted-media; gyroscope; picture-in-picture; web-share\" referrerpolicy=\"strict-origin-when-cross-origin\" allowfullscreen><\/iframe> <\/strong><\/h3>\n<p>&nbsp;<br \/>\n<div class=\"su-divider su-divider-style-default\" style=\"margin:15px 0;border-width:2px;border-color:#e63312\"><a href=\"#\" style=\"color:#999999\">Go to top<\/a><\/div>\n<h3 style=\"text-align: left\"><strong>13:00 &#8211; Almuerzo<\/strong><\/h3>\n<p>&nbsp;<br \/>\n<div class=\"su-divider su-divider-style-default\" style=\"margin:15px 0;border-width:2px;border-color:#e63312\"><a href=\"#\" style=\"color:#999999\">Go to top<\/a><\/div>\n<h3 style=\"text-align: left\"><a href=\"https:\/\/pro.univ-lille.fr\/andre-de-laire\"><strong>14:30 Andr\u00e9 de Laire<\/a> (U. Lille and INRIA Lille)<\/strong><\/h3>\n<h4 style=\"text-align: left\"><strong>Minimizing travelling waves for the Gross-Pitaevskii equation on the 2D strip<\/strong><\/h4>\n<p><strong><\/p>\n<p class=\"p1\">We investigate the two-dimensional defocusing nonlinear cubic Schr\u00f6dinger (Gross\u2013Pitaevskii) equation with nonzero conditions at infinity, on a strip, i.e. on an infinite channel of finite transverse width. We establish the existence of traveling waves that minimize the Ginzburg\u2013Landau energy at fixed momentum. We establish a sharp bifurcation from planar to multidimensional behavior. Precisely, we show that there exists a threshold value for the transverse width below which minimizers are the one-dimensional dark solitons (planar solitons), and above which they are genuinely two-dimensional dark solitons.<br \/>\nThis is a joint work with Didier Smets and Philippe Gravejat.<\/span><\/p>\n<p>&nbsp;<br \/>\n<div class=\"su-divider su-divider-style-default\" style=\"margin:15px 0;border-width:2px;border-color:#e63312\"><a href=\"#\" style=\"color:#999999\">Go to top<\/a><\/div>\n<h3 style=\"text-align: left\"><strong>15:15 &#8211; Caf\u00e9<\/strong><\/h3>\n<p>&nbsp;<br \/>\n<div class=\"su-divider su-divider-style-default\" style=\"margin:15px 0;border-width:2px;border-color:#e63312\"><a href=\"#\" style=\"color:#999999\">Go to top<\/a><\/div>\n<h3 style=\"text-align: left\"><a href=\"https:\/\/sites.google.com\/view\/jtrespalacioshomepage\/home\"><strong> 15:45 &#8211; Jessica Trespalacios<\/a> (U. Austral de Chile)<\/strong><\/h3>\n<p><strong><\/strong><\/p>\n<h4 style=\"text-align: left\"><strong> Nonlinear Stability of nonsingular Solitons of the Principal Chiral Field equation<\/strong><\/h4>\n<p><strong><\/p>\n<p class=\"p1\">We consider the Principal Chiral Field (PCF) model posed in 1+1 dimensions into the Lie group $\\text{SL}(2,\\mathbb R)$. In this talk we show the nonlinear stability of small enough nonsingular solitons. In particular, we are interested in the notion of orbital and asymptotic stability of special soliton solutions of PCF model with small initial data perturbations. The method of proof involves the use of vector field methods as in a previous work by Mu\u00f1oz et. al. dealing with Einstein&#8217;s field equations under the Belinski-Zakharov formalism, extending for all times the size of suitable null weighted norms of the perturbations at time zero.<br \/>\nThis is a  joint work  with Miguel \u00c1ngel Alejo and Claudio Mu\u00f1oz.<\/span><\/p>\n<p>&nbsp;<br \/>\n<div class=\"su-divider su-divider-style-default\" style=\"margin:15px 0;border-width:2px;border-color:#e63312\"><a href=\"#\" style=\"color:#999999\">Go to top<\/a><\/div>\n<h3 style=\"text-align: left\"><a href=\"https:\/\/orcid.org\/0009-0005-2502-162X\"><strong><strong>16:45 &#8211; Sebasti\u00e1n Tapia-Mandiola<\/strong><\/a> <strong> (U. Lille and INRIA Lille)<\/strong><\/h3>\n<h4 style=\"text-align: left\"><strong> Numerical simulations of a quasilinear Gross-Pitaevskii equation with vanishing and nonvanishing conditions at infinity<\/strong><\/h4>\n<p><strong><\/p>\n<p class=\"p1\">In this talk, we focus on the quasilinear Schr\u00f6dinger equation with zero and nonzero conditions at infinity. This quasilinear model corresponds to a weakly nonlocal approximation of the nonlocal Gross\u2013Pitaevskii equation, and can also be derived by considering the effects of surface tension in superfluids. We can distinguish two regimes: focusing and defocusing. In the focusing case, the existence and stability of bright solitons have already been well studied. In the defocusing case with non-zero background, a complete classification of finite-energy traveling waves has recently been achieved, leading to the existence of dark solitons. Our goal is to develop an energy-preserving numerical scheme that accurately computes approximations of the equation&#8217;s evolution. We are interested in: stability of bright solitons under collisions varying \u03ba, short-term blow-up in the defocusing case with zero background, and long-term stability of dark solitons. <\/span><\/p>\n<div class=\"su-divider su-divider-style-default\" style=\"margin:15px 0;border-width:2px;border-color:#e63312\"><a href=\"#\" style=\"color:#999999\">Go to top<\/a><\/div>\n","protected":false},"excerpt":{"rendered":"<p>Hour \u00a0Tuesday 9:00-9:45 Rafael Granero Coffee Break 10:15-11:00 Raimund B\u00fcrger 11:05-13:00 Conexi\u00f3n &#8211; 2025 Ramanujan Prize Ceremony Lunch 14:30-15:15 Andr\u00e9 de Laire Coffee Break 15:45-16:30 Jessica Trespalacios 16:45-17:30 Sebasti\u00e1n Tapia &nbsp; 9:00 &#8211; Rafael Granero-Belinch\u00f3n (U. Cantabria) On some PDE modelling nonlinear waves In this talk we will present some new PDEs modelling nonlinear waves. &hellip; <a href=\"https:\/\/eventos.cmm.uchile.cl\/panda2025\/program\/\" class=\"more-link\">Continue reading <span class=\"screen-reader-text\">Program<\/span> <span class=\"meta-nav\">&rarr;<\/span><\/a><\/p>\n","protected":false},"author":2,"featured_media":0,"parent":0,"menu_order":1,"comment_status":"closed","ping_status":"closed","template":"","meta":{"inline_featured_image":false,"footnotes":""},"class_list":["post-11","page","type-page","status-publish","hentry"],"_links":{"self":[{"href":"https:\/\/eventos.cmm.uchile.cl\/panda2025\/wp-json\/wp\/v2\/pages\/11","targetHints":{"allow":["GET"]}}],"collection":[{"href":"https:\/\/eventos.cmm.uchile.cl\/panda2025\/wp-json\/wp\/v2\/pages"}],"about":[{"href":"https:\/\/eventos.cmm.uchile.cl\/panda2025\/wp-json\/wp\/v2\/types\/page"}],"author":[{"embeddable":true,"href":"https:\/\/eventos.cmm.uchile.cl\/panda2025\/wp-json\/wp\/v2\/users\/2"}],"replies":[{"embeddable":true,"href":"https:\/\/eventos.cmm.uchile.cl\/panda2025\/wp-json\/wp\/v2\/comments?post=11"}],"version-history":[{"count":69,"href":"https:\/\/eventos.cmm.uchile.cl\/panda2025\/wp-json\/wp\/v2\/pages\/11\/revisions"}],"predecessor-version":[{"id":179,"href":"https:\/\/eventos.cmm.uchile.cl\/panda2025\/wp-json\/wp\/v2\/pages\/11\/revisions\/179"}],"wp:attachment":[{"href":"https:\/\/eventos.cmm.uchile.cl\/panda2025\/wp-json\/wp\/v2\/media?parent=11"}],"curies":[{"name":"wp","href":"https:\/\/api.w.org\/{rel}","templated":true}]}}