{"id":116,"date":"2025-07-24T10:35:35","date_gmt":"2025-07-24T14:35:35","guid":{"rendered":"https:\/\/eventos.cmm.uchile.cl\/panda2025\/?page_id=116"},"modified":"2025-07-24T18:38:01","modified_gmt":"2025-07-24T22:38:01","slug":"about","status":"publish","type":"page","link":"https:\/\/eventos.cmm.uchile.cl\/panda2025\/about\/","title":{"rendered":"About PANDA"},"content":{"rendered":"<p><strong>PANDA<\/strong>\u00a0<em>(PArtial differeNtial equations, Dispersive models and nonlinear Analysis)<\/em>\u00a0is an\u00a0<a href=\"https:\/\/team.inria.fr\/panda\/\">Inria associate team<\/a>, established as a collaborative project between Chilean and French teams, in the field of applied mathematics. The main subject is the study of systems of dispersive partial differential equations, based on nonlinear analysis and numerical simulation techniques. One of the main applications of this project concerns the modeling of the propagation of waves on the ocean surface.<\/p>\n<p>Start date: January 2024<br \/>\nEnd date: December 2026<\/p>\n<div class=\"su-button-center\"><a href=\"https:\/\/team.inria.fr\/panda\/\" class=\"su-button su-button-style-flat\" style=\"color:#FFFFFF;background-color:#e63312;border-color:#b8290f;border-radius:9px\" target=\"_blank\" rel=\"noopener noreferrer\"><span style=\"color:#FFFFFF;padding:8px 24px;font-size:18px;line-height:27px;border-color:#ee715a;border-radius:9px;text-shadow:none\"><i class=\"sui sui-external-link\" style=\"font-size:18px;color:#FFFFFF\"><\/i> PANDA Associate Team website<\/span><\/a><\/div>\n<p>&nbsp;<\/p>\n<div class=\"su-divider su-divider-style-default\" style=\"margin:15px 0;border-width:2px;border-color:#e63312\"><\/div>\n<h2>Previous events<\/h2>\n<ul>\n<li><a href=\"https:\/\/eventos.cmm.uchile.cl\/panda-2024\/\" target=\"_blank\" rel=\"noopener\">First PANDA Lille-Santiago Workshop<\/a> \u2013 September 5-6, 2024<\/li>\n<li><a href=\"https:\/\/team.inria.fr\/panda\/workshop-panda-in-lille\/\" target=\"_blank\" rel=\"noopener\">Workshop PANDA in Lille 2024<\/a> \u2013 November 7-8, 2024<\/li>\n<li><a href=\"https:\/\/team.inria.fr\/panda\/workshop-panda-in-lille-2025\/\" target=\"_blank\" rel=\"noopener\">Workshop PANDA in Lille 2025<\/a> \u2013 June 11-13, 2025<\/li>\n<\/ul>\n<div class=\"su-divider su-divider-style-default\" style=\"margin:15px 0;border-width:2px;border-color:#e63312\"><a href=\"#\" style=\"color:#999999\">Go to top<\/a><\/div>\n<h2>Team members<\/h2>\n<ul>\n<li>Andr\u00e9 de Laire, project coordinator, researcher, Universit\u00e9 de Lille, project-team PARADYSE, Inria<\/li>\n<li>Guillaume Dujardin, researcher, project-team PARADYSE, Inria<\/li>\n<li>Oliver Goubet, researcher, Universit\u00e9 de Lille, project-team PARADYSE, Inria<\/li>\n<li>Guillaume Ferri\u00e8re, researcher, project-team PARADYSE, Inria<\/li>\n<li>Erwan Le Quiniou, PhD student, Universit\u00e9 de Lille, project-team PARADYSE, Inria<\/li>\n<li>Cl\u00e9mentine Court\u00e8s, researcher, Universit\u00e9 de Strasbourg, project-team TONUS, Inria<\/li>\n<li>Claudio Mu\u00f1oz, researcher, Universidad de Chile<\/li>\n<li>Felipe Poblete, researcher, Universidad Austral de Chile<\/li>\n<li>Maria Eugenia Martinez, researcher, Universidad de Chile, Universit\u00e9 Claude Bernard Lyon 1<\/li>\n<li>Sebasti\u00e1n Tapia, Master\u2019s student, University of Chile, project-team PARADYSE, Inria<\/li>\n<\/ul>\n<div class=\"su-divider su-divider-style-default\" style=\"margin:15px 0;border-width:2px;border-color:#e63312\"><a href=\"#\" style=\"color:#999999\">Go to top<\/a><\/div>\n<p>Further information about the project at <a href=\"https:\/\/team.inria.fr\/panda\/\" target=\"_blank\" rel=\"noopener\">PANDA Associate Team website<\/a>.<\/p>\n<div class=\"su-button-center\"><a href=\"https:\/\/team.inria.fr\/panda\/\" class=\"su-button su-button-style-flat\" style=\"color:#FFFFFF;background-color:#e63312;border-color:#b8290f;border-radius:9px\" target=\"_blank\" rel=\"noopener noreferrer\"><span style=\"color:#FFFFFF;padding:8px 24px;font-size:18px;line-height:27px;border-color:#ee715a;border-radius:9px;text-shadow:none\"><i class=\"sui sui-external-link\" style=\"font-size:18px;color:#FFFFFF\"><\/i> PANDA Associate Team website<\/span><\/a><\/div>\n<p>&nbsp;<\/p>\n<p><img loading=\"lazy\" decoding=\"async\" class=\"aligncenter size-full wp-image-130\" src=\"https:\/\/eventos.cmm.uchile.cl\/panda2025\/wp-content\/uploads\/sites\/223\/2025\/07\/panda_01.jpg\" alt=\"\" width=\"604\" height=\"604\" srcset=\"https:\/\/eventos.cmm.uchile.cl\/panda2025\/wp-content\/uploads\/sites\/223\/2025\/07\/panda_01.jpg 604w, https:\/\/eventos.cmm.uchile.cl\/panda2025\/wp-content\/uploads\/sites\/223\/2025\/07\/panda_01-300x300.jpg 300w, https:\/\/eventos.cmm.uchile.cl\/panda2025\/wp-content\/uploads\/sites\/223\/2025\/07\/panda_01-150x150.jpg 150w\" sizes=\"auto, (max-width: 604px) 100vw, 604px\" \/><\/p>\n<div class=\"su-divider su-divider-style-default\" style=\"margin:15px 0;border-width:2px;border-color:#e63312\"><a href=\"#\" style=\"color:#999999\">Go to top<\/a><\/div>\n","protected":false},"excerpt":{"rendered":"<p>PANDA\u00a0(PArtial differeNtial equations, Dispersive models and nonlinear Analysis)\u00a0is an\u00a0Inria associate team, established as a collaborative project between Chilean and French teams, in the field of applied mathematics. The main subject is the study of systems of dispersive partial differential equations, based on nonlinear analysis and numerical simulation techniques. One of the main applications of this &hellip; <a href=\"https:\/\/eventos.cmm.uchile.cl\/panda2025\/about\/\" class=\"more-link\">Continue reading <span class=\"screen-reader-text\">About PANDA<\/span> <span class=\"meta-nav\">&rarr;<\/span><\/a><\/p>\n","protected":false},"author":2,"featured_media":0,"parent":0,"menu_order":1,"comment_status":"closed","ping_status":"closed","template":"","meta":{"inline_featured_image":false,"footnotes":""},"class_list":["post-116","page","type-page","status-publish","hentry"],"_links":{"self":[{"href":"https:\/\/eventos.cmm.uchile.cl\/panda2025\/wp-json\/wp\/v2\/pages\/116","targetHints":{"allow":["GET"]}}],"collection":[{"href":"https:\/\/eventos.cmm.uchile.cl\/panda2025\/wp-json\/wp\/v2\/pages"}],"about":[{"href":"https:\/\/eventos.cmm.uchile.cl\/panda2025\/wp-json\/wp\/v2\/types\/page"}],"author":[{"embeddable":true,"href":"https:\/\/eventos.cmm.uchile.cl\/panda2025\/wp-json\/wp\/v2\/users\/2"}],"replies":[{"embeddable":true,"href":"https:\/\/eventos.cmm.uchile.cl\/panda2025\/wp-json\/wp\/v2\/comments?post=116"}],"version-history":[{"count":14,"href":"https:\/\/eventos.cmm.uchile.cl\/panda2025\/wp-json\/wp\/v2\/pages\/116\/revisions"}],"predecessor-version":[{"id":142,"href":"https:\/\/eventos.cmm.uchile.cl\/panda2025\/wp-json\/wp\/v2\/pages\/116\/revisions\/142"}],"wp:attachment":[{"href":"https:\/\/eventos.cmm.uchile.cl\/panda2025\/wp-json\/wp\/v2\/media?parent=116"}],"curies":[{"name":"wp","href":"https:\/\/api.w.org\/{rel}","templated":true}]}}