{"id":20,"date":"2024-08-07T23:17:22","date_gmt":"2024-08-07T21:17:22","guid":{"rendered":"https:\/\/eventos.cmm.uchile.cl\/panda-2024\/?page_id=20"},"modified":"2024-09-27T17:59:30","modified_gmt":"2024-09-27T15:59:30","slug":"venue","status":"publish","type":"page","link":"https:\/\/eventos.cmm.uchile.cl\/panda2025\/venue\/","title":{"rendered":"Venue"},"content":{"rendered":"<p>The event will be held in the<strong> John von Neumann Seminar Room<\/strong>\u00a0of the Center for Mathematical Modeling at the Faculty of Physical and Mathematical Sciences,<br \/>\nUniversidad de Chile, located in <strong>Beauchef 851, Santiago<\/strong>.<\/p>\n<p><img loading=\"lazy\" decoding=\"async\" class=\"alignnone wp-image-60 size-full\" src=\"https:\/\/static.cmm.uchile.cl\/descargas\/venue\/cmm_hall_venue01.jpg\" alt=\"Centro de Modelamiento Matem\u00e1tico\" width=\"604\" height=\"200\" \/><br \/>\n<b>Auditorio John von Neumann<\/b><br \/>\nCentro de Modelamiento Matem\u00e1tico (CMM)<br \/>\nFacultad de Ciencias F\u00edsicas y Matem\u00e1ticas (FCFM)<br \/>\nUniversidad de Chile<br \/>\nBeauchef 851, Edificio Norte \u2013 piso 7 (7th floor)<br \/>\nSantiago\u00a0\u2013 Chile<\/p>\n\n<!-- iframe plugin v.6.0 wordpress.org\/plugins\/iframe\/ -->\n<iframe loading=\"lazy\" src=\"https:\/\/www.google.com\/maps\/d\/u\/0\/embed?mid=11XYy6-ZNTAFgGhj6OXCsNmktJirz8_Nc\" width=\"604\" 0=\"height=&quot;502&quot;frameborder=&quot;0&quot;\" marginwidth=\"0\" marginheight=\"0\" scrolling=\"no\" height=\"500\" class=\"iframe-class\" frameborder=\"0\"><\/iframe>\n\n<small>See the <a href=\"https:\/\/drive.google.com\/open?id=1uprp-B0vGzc8gZOKUS6zOnhk6us&amp;usp=sharing\" target=\"_blank\" rel=\"noopener noreferrer\">Faculty<\/a> on a larger map<br \/>\n<\/small><\/p>\n<p><a href=\"https:\/\/static.cmm.uchile.cl\/descargas\/venue\/uchile_cmm-dim_map03.png\" target=\"_blank\" rel=\"noopener\"><img loading=\"lazy\" decoding=\"async\" class=\"wp-image-76 size-medium aligncenter\" src=\"https:\/\/static.cmm.uchile.cl\/descargas\/venue\/uchile_cmm-dim_map03.png\" alt=\"cmm-dim map\" width=\"604\" height=\"604\" \/><\/a><\/p>\n<p style=\"text-align: justify\">The nearest Metro (subway) stations are <em>Toesca<\/em> y <em>Parque O\u2019Higgins<\/em>, both on Line 2 (yellow).<\/p>\n<p style=\"text-align: center\"><a href=\"https:\/\/static.cmm.uchile.cl\/descargas\/venue\/metrored_servicios_2023_07_19.pdf\" class=\"su-button su-button-style-flat\" style=\"color:#FFF;background-color:#DC2A2A;border-color:#b02222;border-radius:7px\" target=\"__blank\" title=\"download map\"><span style=\"color:#FFF;padding:7px 20px;font-size:16px;line-height:24px;border-color:#e76a6a;border-radius:7px;text-shadow:none\"><i class=\"sui sui-file-pdf-o\" style=\"font-size:16px;color:#FFF\"><\/i> Metro de Santiago (subway) network map<\/span><\/a> <a href=\"https:\/\/static.cmm.uchile.cl\/descargas\/venue\/uchile_cmm-dim_map03.pdf\" class=\"su-button su-button-style-flat\" style=\"color:#FFF;background-color:#DC2A2A;border-color:#b02222;border-radius:7px\" target=\"__blank\" title=\"download map\"><span style=\"color:#FFF;padding:7px 20px;font-size:16px;line-height:24px;border-color:#e76a6a;border-radius:7px;text-shadow:none\"><i class=\"sui sui-file-pdf-o\" style=\"font-size:16px;color:#FFF\"><\/i> CMM &amp; FCFM location map<\/span><\/a>\n<p><a href=\"https:\/\/static.cmm.uchile.cl\/descargas\/venue\/b851_acceso_cmm02.png\" target=\"_blank\" rel=\"noopener\"><img loading=\"lazy\" decoding=\"async\" class=\"alignnone size-full wp-image-68\" src=\"https:\/\/static.cmm.uchile.cl\/descargas\/venue\/b851_acceso_cmm02_th.png\" alt=\"Acceso al CMM\" width=\"604\" height=\"329\" \/><\/a><\/p>\n<p style=\"text-align: justify\">From the main entrance at Beauchef 851, enter through the central courtyard and walk to your right to reach the North Building and take the elevator to the 7th floor.<\/p>\n<div class=\"su-divider su-divider-style-default\" style=\"margin:15px 0;border-width:3px;border-color:#DC2A2A\"><a href=\"#\" style=\"color:#999999\">Go to top<\/a><\/div>\n<p>&nbsp;<\/p>\n","protected":false},"excerpt":{"rendered":"<p>The event will be held in the John von Neumann Seminar Room\u00a0of the Center for Mathematical Modeling at the Faculty of Physical and Mathematical Sciences, Universidad de Chile, located in Beauchef 851, Santiago. Auditorio John von Neumann Centro de Modelamiento Matem\u00e1tico (CMM) Facultad de Ciencias F\u00edsicas y Matem\u00e1ticas (FCFM) Universidad de Chile Beauchef 851, Edificio &hellip; <a href=\"https:\/\/eventos.cmm.uchile.cl\/panda2025\/venue\/\" class=\"more-link\">Continue reading <span class=\"screen-reader-text\">Venue<\/span> <span class=\"meta-nav\">&rarr;<\/span><\/a><\/p>\n","protected":false},"author":2,"featured_media":0,"parent":0,"menu_order":3,"comment_status":"closed","ping_status":"closed","template":"","meta":{"inline_featured_image":false,"footnotes":""},"class_list":["post-20","page","type-page","status-publish","hentry"],"_links":{"self":[{"href":"https:\/\/eventos.cmm.uchile.cl\/panda2025\/wp-json\/wp\/v2\/pages\/20","targetHints":{"allow":["GET"]}}],"collection":[{"href":"https:\/\/eventos.cmm.uchile.cl\/panda2025\/wp-json\/wp\/v2\/pages"}],"about":[{"href":"https:\/\/eventos.cmm.uchile.cl\/panda2025\/wp-json\/wp\/v2\/types\/page"}],"author":[{"embeddable":true,"href":"https:\/\/eventos.cmm.uchile.cl\/panda2025\/wp-json\/wp\/v2\/users\/2"}],"replies":[{"embeddable":true,"href":"https:\/\/eventos.cmm.uchile.cl\/panda2025\/wp-json\/wp\/v2\/comments?post=20"}],"version-history":[{"count":2,"href":"https:\/\/eventos.cmm.uchile.cl\/panda2025\/wp-json\/wp\/v2\/pages\/20\/revisions"}],"predecessor-version":[{"id":110,"href":"https:\/\/eventos.cmm.uchile.cl\/panda2025\/wp-json\/wp\/v2\/pages\/20\/revisions\/110"}],"wp:attachment":[{"href":"https:\/\/eventos.cmm.uchile.cl\/panda2025\/wp-json\/wp\/v2\/media?parent=20"}],"curies":[{"name":"wp","href":"https:\/\/api.w.org\/{rel}","templated":true}]}}