{"id":24,"date":"2015-06-05T17:36:32","date_gmt":"2015-06-05T20:36:32","guid":{"rendered":"http:\/\/eventos.cmm.uchile.cl\/pucon2015\/?page_id=24"},"modified":"2022-08-19T12:41:23","modified_gmt":"2022-08-19T16:41:23","slug":"participants","status":"publish","type":"page","link":"https:\/\/eventos.cmm.uchile.cl\/pucon2022\/participants\/","title":{"rendered":"Participants"},"content":{"rendered":"<ul>\n<li>Jorge Amaya, CMM-UChile<\/li>\n<li>Cecilia Arag\u00f3n, UWashington<\/li>\n<li>Sebasti\u00e1n Aranda, Inria Chile<\/li>\n<li>Erik Atenas, Solunova SpA<\/li>\n<li>Andrew Berry, Inria Chile<\/li>\n<li>Guillermo Cabrera, UdeC<\/li>\n<li>Hugo Carrillo, Inria Chile<\/li>\n<li>May Chomal\u00ed, CENS<\/li>\n<li>Carolina Pe\u00f1a, AquaChile<\/li>\n<li>Taco de Wolff, Inria Chile<\/li>\n<li>Alex di Genova, CMM\/UOH<\/li>\n<li>Pablo Est\u00e9vez, MAS-UChile<\/li>\n<li>Joaqu\u00edn Fontbona, CMM-UChile<\/li>\n<li>Francisco F\u00f6rster, IDIA\/CMM-UChile<\/li>\n<li>Steffen H\u00e4rtel, CENS<\/li>\n<li>Gloria Henr\u00edquez, CMM-UChile<\/li>\n<li>Benjam\u00edn Herrmann, DIMEC-UChile<\/li>\n<li>Dominique Hermosilla, IDIA-UChile<\/li>\n<li>Nancy Hitschfeld, DCC-UChile<\/li>\n<li>Alejandro Jofr\u00e9, CMM-UChile<\/li>\n<li>Kornelius Kupczik, FACSO-UChile<\/li>\n<li>Hern\u00e1n Lira, Inria Chile<\/li>\n<li>Alejandro Maass, CMM-UChile<\/li>\n<li>Luis Mart\u00ed, Inria Chile<\/li>\n<li>Diego Moreno, MinCiencia<\/li>\n<li>Cristi\u00e1n Murillo, CMM-UChile<\/li>\n<li>Gerard Olivar, UAysen<\/li>\n<li>Jaime Ortega, CMM-UChile<\/li>\n<li>Axel Osses, CMM-UChile<\/li>\n<li>Carolina Pe\u00f1a, AquaChile<\/li>\n<li>Pavlos Protopapas, Harvard U<\/li>\n<li>H\u00e9ctor Ram\u00edrez, CMM-UChile<\/li>\n<li>Iv\u00e1n Rodr\u00edguez, PSINet<\/li>\n<li>Alexis Salas, UdeC<\/li>\n<li>Jaime San Mart\u00edn, CMM-UChile<\/li>\n<li>Nayat S\u00e1nchez-Pi, Inria Chile<\/li>\n<li>Eliana Scheihing, UACh<\/li>\n<li>Elise Servajean, CATA<\/li>\n<li>Chris Smith, NSF-USA<\/li>\n<li>Viviana Soto, CHIC UMAG<\/li>\n<li>Felipe Tobar, IDIA\/CMM-UChile<\/li>\n<li>Jos\u00e9 Miguel Ugarte, AquaChile<\/li>\n<li>Paula Uribe, CMM-UChile<\/li>\n<li>Luis Valenzuela, Inria Chile<\/li>\n<li>Rodrigo V\u00e1squez, IEB-UChile<\/li>\n<li>Eduardo Vera, CMM-UChile<\/li>\n<\/ul>\n","protected":false},"excerpt":{"rendered":"<p>Jorge Amaya, CMM-UChile Cecilia Arag\u00f3n, UWashington Sebasti\u00e1n Aranda, Inria Chile Erik Atenas, Solunova SpA Andrew Berry, Inria Chile Guillermo Cabrera, UdeC Hugo Carrillo, Inria Chile May Chomal\u00ed, CENS Carolina Pe\u00f1a, AquaChile Taco de Wolff, Inria Chile Alex di Genova, CMM\/UOH Pablo Est\u00e9vez, MAS-UChile Joaqu\u00edn Fontbona, CMM-UChile Francisco F\u00f6rster, IDIA\/CMM-UChile Steffen H\u00e4rtel, CENS Gloria Henr\u00edquez, CMM-UChile &hellip; <a href=\"https:\/\/eventos.cmm.uchile.cl\/pucon2022\/participants\/\" class=\"more-link\">Continue reading <span class=\"screen-reader-text\">Participants<\/span> <span class=\"meta-nav\">&rarr;<\/span><\/a><\/p>\n","protected":false},"author":2,"featured_media":0,"parent":0,"menu_order":4,"comment_status":"closed","ping_status":"closed","template":"","meta":{"inline_featured_image":false,"footnotes":""},"class_list":["post-24","page","type-page","status-publish","hentry"],"_links":{"self":[{"href":"https:\/\/eventos.cmm.uchile.cl\/pucon2022\/wp-json\/wp\/v2\/pages\/24","targetHints":{"allow":["GET"]}}],"collection":[{"href":"https:\/\/eventos.cmm.uchile.cl\/pucon2022\/wp-json\/wp\/v2\/pages"}],"about":[{"href":"https:\/\/eventos.cmm.uchile.cl\/pucon2022\/wp-json\/wp\/v2\/types\/page"}],"author":[{"embeddable":true,"href":"https:\/\/eventos.cmm.uchile.cl\/pucon2022\/wp-json\/wp\/v2\/users\/2"}],"replies":[{"embeddable":true,"href":"https:\/\/eventos.cmm.uchile.cl\/pucon2022\/wp-json\/wp\/v2\/comments?post=24"}],"version-history":[{"count":25,"href":"https:\/\/eventos.cmm.uchile.cl\/pucon2022\/wp-json\/wp\/v2\/pages\/24\/revisions"}],"predecessor-version":[{"id":341,"href":"https:\/\/eventos.cmm.uchile.cl\/pucon2022\/wp-json\/wp\/v2\/pages\/24\/revisions\/341"}],"wp:attachment":[{"href":"https:\/\/eventos.cmm.uchile.cl\/pucon2022\/wp-json\/wp\/v2\/media?parent=24"}],"curies":[{"name":"wp","href":"https:\/\/api.w.org\/{rel}","templated":true}]}}