{"id":25,"date":"2021-07-23T15:08:21","date_gmt":"2021-07-23T19:08:21","guid":{"rendered":"http:\/\/eventos.cmm.uchile.cl\/simpliroute\/?page_id=25"},"modified":"2021-08-06T20:54:49","modified_gmt":"2021-08-07T00:54:49","slug":"registro","status":"publish","type":"page","link":"https:\/\/eventos.cmm.uchile.cl\/simpliroute\/registro\/","title":{"rendered":"Registro"},"content":{"rendered":"<p>Gracias por su inter\u00e9s en esta actividad. El registro para este seminario est\u00e1 cerrado.<\/p>\n<p>Para asistir a otras actividades en torno a la aplicaci\u00f3n de Ciencia de Datos a problem\u00e1ticas de nuestra sociedad, reg\u00edstrese en <a href=\"https:\/\/datadays.cmm.uchile.cl\/\" target=\"_blank\" rel=\"noopener\">CMM Data Days<\/a>.<\/p>\n<p>Puede ver el video de este seminario en nuestro canal de YouTube: <a href=\"https:\/\/youtu.be\/F_lUbwLIeXY\" target=\"_blank\" rel=\"noopener\">https:\/\/youtu.be\/F_lUbwLIeXY<\/a><\/p>\n<p><iframe loading=\"lazy\" title=\"Seminario Colaboraci\u00f3n CMM \u2013 SimpliRoute: Inteligencia log\u00edstica\" width=\"604\" height=\"340\" src=\"https:\/\/www.youtube.com\/embed\/F_lUbwLIeXY?feature=oembed\" frameborder=\"0\" allow=\"accelerometer; autoplay; clipboard-write; encrypted-media; gyroscope; picture-in-picture; web-share\" referrerpolicy=\"strict-origin-when-cross-origin\" allowfullscreen><\/iframe><\/p>\n","protected":false},"excerpt":{"rendered":"<p>Gracias por su inter\u00e9s en esta actividad. El registro para este seminario est\u00e1 cerrado. Para asistir a otras actividades en torno a la aplicaci\u00f3n de Ciencia de Datos a problem\u00e1ticas de nuestra sociedad, reg\u00edstrese en CMM Data Days. Puede ver el video de este seminario en nuestro canal de YouTube: https:\/\/youtu.be\/F_lUbwLIeXY<\/p>\n","protected":false},"author":2,"featured_media":0,"parent":0,"menu_order":3,"comment_status":"closed","ping_status":"closed","template":"","meta":{"inline_featured_image":false,"footnotes":""},"class_list":["post-25","page","type-page","status-publish","hentry"],"_links":{"self":[{"href":"https:\/\/eventos.cmm.uchile.cl\/simpliroute\/wp-json\/wp\/v2\/pages\/25","targetHints":{"allow":["GET"]}}],"collection":[{"href":"https:\/\/eventos.cmm.uchile.cl\/simpliroute\/wp-json\/wp\/v2\/pages"}],"about":[{"href":"https:\/\/eventos.cmm.uchile.cl\/simpliroute\/wp-json\/wp\/v2\/types\/page"}],"author":[{"embeddable":true,"href":"https:\/\/eventos.cmm.uchile.cl\/simpliroute\/wp-json\/wp\/v2\/users\/2"}],"replies":[{"embeddable":true,"href":"https:\/\/eventos.cmm.uchile.cl\/simpliroute\/wp-json\/wp\/v2\/comments?post=25"}],"version-history":[{"count":6,"href":"https:\/\/eventos.cmm.uchile.cl\/simpliroute\/wp-json\/wp\/v2\/pages\/25\/revisions"}],"predecessor-version":[{"id":63,"href":"https:\/\/eventos.cmm.uchile.cl\/simpliroute\/wp-json\/wp\/v2\/pages\/25\/revisions\/63"}],"wp:attachment":[{"href":"https:\/\/eventos.cmm.uchile.cl\/simpliroute\/wp-json\/wp\/v2\/media?parent=25"}],"curies":[{"name":"wp","href":"https:\/\/api.w.org\/{rel}","templated":true}]}}