{"id":27,"date":"2018-10-16T11:54:05","date_gmt":"2018-10-16T14:54:05","guid":{"rendered":"http:\/\/eventos.cmm.uchile.cl\/sysbio2018\/?page_id=27"},"modified":"2018-11-01T08:48:00","modified_gmt":"2018-11-01T11:48:00","slug":"participants","status":"publish","type":"page","link":"https:\/\/eventos.cmm.uchile.cl\/sysbio2018\/participants\/","title":{"rendered":"Participants"},"content":{"rendered":"<table width=\"453\">\n<tbody>\n<tr>\n<td width=\"103\"><strong>Name<\/strong><\/td>\n<td width=\"103\"><strong>Last Name<\/strong><\/td>\n<td width=\"247\"><strong>Institution<\/strong><\/td>\n<\/tr>\n<tr>\n<td>Vicente<\/td>\n<td>Acu\u00f1a<\/td>\n<td>U. Chile, Chile<\/td>\n<\/tr>\n<tr>\n<td>Eduardo<\/td>\n<td>Agos\u00edn<\/td>\n<td>PUC, Chile<\/td>\n<\/tr>\n<tr>\n<td>M\u00e9ziane<\/td>\n<td>Aite<\/td>\n<td>INRIA, France<\/td>\n<\/tr>\n<tr>\n<td>V\u00edctor<\/td>\n<td>Aliaga<\/td>\n<td>U. Mayor, Chile<\/td>\n<\/tr>\n<tr>\n<td>Ana\u00efs<\/td>\n<td>Baudot<\/td>\n<td>Aix-Marseille Universit\u00e9, France<\/td>\n<\/tr>\n<tr>\n<td>Marko<\/td>\n<td>Budinich<\/td>\n<td>U. Nantes, France<\/td>\n<\/tr>\n<tr>\n<td>Ver\u00f3nica<\/td>\n<td>Cambiazo<\/td>\n<td>U. Chile, Chile<\/td>\n<\/tr>\n<tr>\n<td>Vicente<\/td>\n<td>Cataldo<\/td>\n<td>PUC, Chile<\/td>\n<\/tr>\n<tr>\n<td>Mar\u00eda Paz<\/td>\n<td>Cort\u00e9s<\/td>\n<td>U. Chile, Chile<\/td>\n<\/tr>\n<tr>\n<td>Cl\u00e9mence<\/td>\n<td>Frioux<\/td>\n<td>INRIA, France<\/td>\n<\/tr>\n<tr>\n<td>Gabriel<\/td>\n<td>G\u00e1lvez<\/td>\n<td>UOH, Chile<\/td>\n<\/tr>\n<tr>\n<td>Mauricio<\/td>\n<td>Gonz\u00e1lez<\/td>\n<td>INTA\/Uchile, Chile<\/td>\n<\/tr>\n<tr>\n<td>Francisco<\/td>\n<td>Iba\u00f1ez<\/td>\n<td>PUC, Chile<\/td>\n<\/tr>\n<tr>\n<td>Natalia<\/td>\n<td>Jim\u00e9mez<\/td>\n<td>U. Chile, Chile<\/td>\n<\/tr>\n<tr>\n<td>Mauricio<\/td>\n<td>Latorre<\/td>\n<td>U. OHiggins, Chile<\/td>\n<\/tr>\n<tr>\n<td>Marine<\/td>\n<td>Louarn<\/td>\n<td>INSERM and INRIA, France<\/td>\n<\/tr>\n<tr>\n<td>Alejandro<\/td>\n<td>Maass<\/td>\n<td>U. Chile, Chile<\/td>\n<\/tr>\n<tr>\n<td>Vinicius<\/td>\n<td>Maracaja<\/td>\n<td>U. Chile, Chile<\/td>\n<\/tr>\n<tr>\n<td>C\u00e9sar<\/td>\n<td>Mar\u00edn<\/td>\n<td>U. Austral, Chile<\/td>\n<\/tr>\n<tr>\n<td>Pablo<\/td>\n<td>Marquet<\/td>\n<td>PUC, Chile<\/td>\n<\/tr>\n<tr>\n<td>Mart\u00edn<\/td>\n<td>Montecinos<\/td>\n<td>UNAB, Chile<\/td>\n<\/tr>\n<tr>\n<td>Ricardo<\/td>\n<td>Palma<\/td>\n<td>U. Chile, Chile<\/td>\n<\/tr>\n<tr>\n<td>Manuel<\/td>\n<td>Pe\u00f1a<\/td>\n<td>PUC, Chile<\/td>\n<\/tr>\n<tr>\n<td>Elisabeth<\/td>\n<td>Remy<\/td>\n<td>Aix-Marseille U., France<\/td>\n<\/tr>\n<tr>\n<td>Mart\u00edn<\/td>\n<td>Rios<\/td>\n<td>U. Chile, Chile<\/td>\n<\/tr>\n<tr>\n<td>Natalia<\/td>\n<td>Rojas<\/td>\n<td>U. Chile, Chile<\/td>\n<\/tr>\n<tr>\n<td>Claudia<\/td>\n<td>Rojas<\/td>\n<td>U. OHiggins, Chile<\/td>\n<\/tr>\n<tr>\n<td>Pedro<\/td>\n<td>Saa<\/td>\n<td>PUC, Chile<\/td>\n<\/tr>\n<tr>\n<td>Anne<\/td>\n<td>Siegel<\/td>\n<td>CNRS &#8211; U. Rennes &#8211; INRIA, France<\/td>\n<\/tr>\n<tr>\n<td>Mario<\/td>\n<td>Tello<\/td>\n<td>U. Santiago, Chile<\/td>\n<\/tr>\n<tr>\n<td>Dante<\/td>\n<td>Travisany<\/td>\n<td>U. Chile, Chile<\/td>\n<\/tr>\n<\/tbody>\n<\/table>\n","protected":false},"excerpt":{"rendered":"<p>Name Last Name Institution Vicente Acu\u00f1a U. Chile, Chile Eduardo Agos\u00edn PUC, Chile M\u00e9ziane Aite INRIA, France V\u00edctor Aliaga U. Mayor, Chile Ana\u00efs Baudot Aix-Marseille Universit\u00e9, France Marko Budinich U. Nantes, France Ver\u00f3nica Cambiazo U. Chile, Chile Vicente Cataldo PUC, Chile Mar\u00eda Paz Cort\u00e9s U. Chile, Chile Cl\u00e9mence Frioux INRIA, France Gabriel G\u00e1lvez UOH, Chile &hellip; <a href=\"https:\/\/eventos.cmm.uchile.cl\/sysbio2018\/participants\/\" class=\"more-link\">Continue reading <span class=\"screen-reader-text\">Participants<\/span> <span class=\"meta-nav\">&rarr;<\/span><\/a><\/p>\n","protected":false},"author":2,"featured_media":0,"parent":0,"menu_order":1,"comment_status":"closed","ping_status":"closed","template":"","meta":{"inline_featured_image":false,"footnotes":""},"class_list":["post-27","page","type-page","status-publish","hentry"],"_links":{"self":[{"href":"https:\/\/eventos.cmm.uchile.cl\/sysbio2018\/wp-json\/wp\/v2\/pages\/27","targetHints":{"allow":["GET"]}}],"collection":[{"href":"https:\/\/eventos.cmm.uchile.cl\/sysbio2018\/wp-json\/wp\/v2\/pages"}],"about":[{"href":"https:\/\/eventos.cmm.uchile.cl\/sysbio2018\/wp-json\/wp\/v2\/types\/page"}],"author":[{"embeddable":true,"href":"https:\/\/eventos.cmm.uchile.cl\/sysbio2018\/wp-json\/wp\/v2\/users\/2"}],"replies":[{"embeddable":true,"href":"https:\/\/eventos.cmm.uchile.cl\/sysbio2018\/wp-json\/wp\/v2\/comments?post=27"}],"version-history":[{"count":7,"href":"https:\/\/eventos.cmm.uchile.cl\/sysbio2018\/wp-json\/wp\/v2\/pages\/27\/revisions"}],"predecessor-version":[{"id":76,"href":"https:\/\/eventos.cmm.uchile.cl\/sysbio2018\/wp-json\/wp\/v2\/pages\/27\/revisions\/76"}],"wp:attachment":[{"href":"https:\/\/eventos.cmm.uchile.cl\/sysbio2018\/wp-json\/wp\/v2\/media?parent=27"}],"curies":[{"name":"wp","href":"https:\/\/api.w.org\/{rel}","templated":true}]}}