{"id":9,"date":"2018-07-25T13:17:09","date_gmt":"2018-07-25T17:17:09","guid":{"rendered":"http:\/\/eventos.cmm.uchile.cl\/sysbio2018\/?page_id=9"},"modified":"2018-11-07T12:16:04","modified_gmt":"2018-11-07T15:16:04","slug":"program","status":"publish","type":"page","link":"https:\/\/eventos.cmm.uchile.cl\/sysbio2018\/program\/","title":{"rendered":"Program"},"content":{"rendered":"<p>&nbsp;<\/p>\n<table width=\"604\">\n<tbody>\n<tr>\n<td width=\"103\"><\/td>\n<td width=\"167\"><strong>Wednesday 7\u00a0<\/strong><\/td>\n<td width=\"167\"><strong>Thursday 8\u00a0<\/strong><\/td>\n<td width=\"167\"><strong>Friday 9\u00a0<\/strong><\/td>\n<\/tr>\n<tr>\n<td>9:30-10:00<\/td>\n<td>Registration\/Coffee<\/td>\n<td rowspan=\"2\">Ver\u00f3nica Cambiazo<\/td>\n<td rowspan=\"2\">Mart\u00edn Montecino<\/td>\n<\/tr>\n<tr>\n<td>10:00-10:30<\/td>\n<td rowspan=\"2\">Pablo Marquet<\/td>\n<\/tr>\n<tr>\n<td>10:30-11:00<\/td>\n<td><strong>Coffee-Break<\/strong><\/td>\n<td><strong>Coffee-Break<\/strong><\/td>\n<\/tr>\n<tr>\n<td>11:00-11:30<\/td>\n<td><strong>Coffee-Break<\/strong><\/td>\n<td>Mauricio Latorre<\/td>\n<td rowspan=\"2\">Ana\u00efs Baudot<\/td>\n<\/tr>\n<tr>\n<td>11:30-12:00<\/td>\n<td>Mauricio Gonz\u00e1lez<\/td>\n<td>M\u00e9ziane A\u00efte<\/td>\n<\/tr>\n<tr>\n<td>12:00-12:30<\/td>\n<td>Cl\u00e9mence Frioux<\/td>\n<td>Anne Siegel<\/td>\n<td>Vinicious Maracaja<\/td>\n<\/tr>\n<tr>\n<td>13:00-14:30<\/td>\n<td><strong>Lunch\u00a0<\/strong><\/td>\n<td><strong>Lunch\u00a0<\/strong><\/td>\n<td><strong>Lunch\u00a0<\/strong><\/td>\n<\/tr>\n<tr>\n<td>14:30-15:00<\/td>\n<td>Mario Tello<\/td>\n<td rowspan=\"2\">Eduardo Agos\u00edn<\/td>\n<td>Anne Siegel<\/td>\n<\/tr>\n<tr>\n<td>15:00-15:30<\/td>\n<td>Claudia Rojas<\/td>\n<td>Marine Louarn<\/td>\n<\/tr>\n<tr>\n<td>15:30-16:00<\/td>\n<td><strong>Coffee-Break<\/strong><\/td>\n<td><strong>Coffee-Break<\/strong><\/td>\n<td><strong>Coffee-Break<\/strong><\/td>\n<\/tr>\n<tr>\n<td>16:00-16:30<\/td>\n<td>Mar\u00eda Paz Cort\u00e9s<\/td>\n<td>Pedro Saa<\/td>\n<td>Elisabeth Remy<\/td>\n<\/tr>\n<tr>\n<td>16:30-17:00<\/td>\n<td>Marko Budinich<\/td>\n<td>Vicente Acu\u00f1a<\/td>\n<td>Dante Travisany<\/td>\n<\/tr>\n<tr>\n<td>17:00-17:30<\/td>\n<td><\/td>\n<td><\/td>\n<td><\/td>\n<\/tr>\n<tr>\n<td>17:30-19:30<\/td>\n<td>Demo 1\/Discussion<\/td>\n<td>Demo 2\/Discussion<\/td>\n<td>Closing<\/td>\n<\/tr>\n<tr>\n<td>20:00-22:30<\/td>\n<td><\/td>\n<td>Conference Dinner<\/td>\n<td><\/td>\n<\/tr>\n<\/tbody>\n<\/table>\n<p>&nbsp;<\/p>\n[button url=&#8221;http:\/\/eventos.cmm.uchile.cl\/sysbio2018\/wp-content\/uploads\/sites\/64\/2018\/11\/sysbio2018_abstracts_06.pdf&#8221; target=&#8221;self&#8221; style=&#8221;flat&#8221; background=&#8221;#23B88E&#8221; color=&#8221;#FFFFFF&#8221; size=&#8221;5&#8243; wide=&#8221;no&#8221; center=&#8221;yes&#8221; radius=&#8221;auto&#8221; icon=&#8221;icon: file-pdf-o&#8221; icon_color=&#8221;#FFFFFF&#8221; text_shadow=&#8221;none&#8221; target=&#8221;_blank&#8221;]Download Workshop abstracts[\/button]\n<p>&nbsp;<\/p>\n","protected":false},"excerpt":{"rendered":"<p>&nbsp; Wednesday 7\u00a0 Thursday 8\u00a0 Friday 9\u00a0 9:30-10:00 Registration\/Coffee Ver\u00f3nica Cambiazo Mart\u00edn Montecino 10:00-10:30 Pablo Marquet 10:30-11:00 Coffee-Break Coffee-Break 11:00-11:30 Coffee-Break Mauricio Latorre Ana\u00efs Baudot 11:30-12:00 Mauricio Gonz\u00e1lez M\u00e9ziane A\u00efte 12:00-12:30 Cl\u00e9mence Frioux Anne Siegel Vinicious Maracaja 13:00-14:30 Lunch\u00a0 Lunch\u00a0 Lunch\u00a0 14:30-15:00 Mario Tello Eduardo Agos\u00edn Anne Siegel 15:00-15:30 Claudia Rojas Marine Louarn 15:30-16:00 Coffee-Break &hellip; <a href=\"https:\/\/eventos.cmm.uchile.cl\/sysbio2018\/program\/\" class=\"more-link\">Continue reading <span class=\"screen-reader-text\">Program<\/span> <span class=\"meta-nav\">&rarr;<\/span><\/a><\/p>\n","protected":false},"author":2,"featured_media":0,"parent":0,"menu_order":2,"comment_status":"closed","ping_status":"closed","template":"","meta":{"inline_featured_image":false,"footnotes":""},"class_list":["post-9","page","type-page","status-publish","hentry"],"_links":{"self":[{"href":"https:\/\/eventos.cmm.uchile.cl\/sysbio2018\/wp-json\/wp\/v2\/pages\/9","targetHints":{"allow":["GET"]}}],"collection":[{"href":"https:\/\/eventos.cmm.uchile.cl\/sysbio2018\/wp-json\/wp\/v2\/pages"}],"about":[{"href":"https:\/\/eventos.cmm.uchile.cl\/sysbio2018\/wp-json\/wp\/v2\/types\/page"}],"author":[{"embeddable":true,"href":"https:\/\/eventos.cmm.uchile.cl\/sysbio2018\/wp-json\/wp\/v2\/users\/2"}],"replies":[{"embeddable":true,"href":"https:\/\/eventos.cmm.uchile.cl\/sysbio2018\/wp-json\/wp\/v2\/comments?post=9"}],"version-history":[{"count":16,"href":"https:\/\/eventos.cmm.uchile.cl\/sysbio2018\/wp-json\/wp\/v2\/pages\/9\/revisions"}],"predecessor-version":[{"id":82,"href":"https:\/\/eventos.cmm.uchile.cl\/sysbio2018\/wp-json\/wp\/v2\/pages\/9\/revisions\/82"}],"wp:attachment":[{"href":"https:\/\/eventos.cmm.uchile.cl\/sysbio2018\/wp-json\/wp\/v2\/media?parent=9"}],"curies":[{"name":"wp","href":"https:\/\/api.w.org\/{rel}","templated":true}]}}